{"id":2048,"date":"2025-06-28T12:02:11","date_gmt":"2025-06-28T10:02:11","guid":{"rendered":"https:\/\/uj.adatbank.ro\/lexikon\/termek\/balintitt-istvan-tovisi-br-2\/"},"modified":"2025-06-28T12:02:11","modified_gmt":"2025-06-28T10:02:11","slug":"balintitt-istvan-tovisi-br-2","status":"publish","type":"product","link":"https:\/\/uj.adatbank.ro\/lexikon\/termek\/balintitt-istvan-tovisi-br-2\/","title":{"rendered":"B\u00c1LINTITT Istv\u00e1n, t\u00f6visi br."},"content":{"rendered":"<p>? \u2020\u00a0? : f\u00f6ldbirtokos. \u2013 B. Gy\u00f6rgy \u00e9s Petki Ter\u00e9z fia. Testv\u00e9re B. Zsigmond. Feles\u00e9ge Henter \u00c9va, a k\u00e9s\u0151bbi Apor Istv\u00e1nn\u00e9. \u2013 \u00dajra b\u00e1r\u00f3s\u00e1gra emelte M\u00e1ria Ter\u00e9zia (B\u00e9cs, 1742. \u00e1pr. 2.) \u00e9s a r\u00e9gi t\u00f6visi el\u0151n\u00e9v haszn\u00e1lat\u00e1ban meger\u0151s\u00edtette (1755), d\u00e9dapja Tivadar, a b\u00e1r\u00f3i c\u00edmr\u0151l lemondott (1552). T\u00f3falv\u00e1n voltak birtokai. T\u00f3falvi birtokr\u00e9sz\u00e9t z\u00e1logba adta gr. Teleki S\u00e1muelnek (1777), de visszav\u00e1ltotta. Er\u0151szakkal foglalta el a t\u00f3falvi sz\u00e9kelyek ref. templom\u00e1t \u00e9s egyh\u00e1zi f\u00f6ldjeit. A Mez\u0151s\u00e9gr\u0151l rom\u00e1n munkaer\u0151t hozatott. A ref. templom harangj\u00e1t a k\u00f6rtef\u00e1ji udvar\u00e1ba sz\u00e1l\u00edtatta, megalap\u00edtotta a helyi egyes\u00fclt g\u00f6r\u00f6g egyh\u00e1zat, \u00e9s a helyi f\u00f6ldeket, templomot nekik aj\u00e1nd\u00e9kozta. A csejdi ref. egyh\u00e1z pert ind\u00edtott ellene (1756), amit meg is nyert. Vissza\u00edt\u00e9lt\u00e9k jogos tulajdonos\u00e1nak a harangot \u00e9s a f\u00f6ldeket (1758), de a tulajdonk\u00e9ppeni v\u00e9grehajt\u00e1sra soha nem ker\u00fclt sor. <br \/><strong>Irod.:<\/strong> Csejd-T\u00f3falva; L\u00e9sty\u00e1n \u2013 templomok 1.<\/br><\/p>\n","protected":false},"excerpt":{"rendered":"<p>? \u2020\u00a0? : f\u00f6ldbirtokos. \u2013 B. Gy\u00f6rgy \u00e9s Petki Ter\u00e9z fia. Testv\u00e9re B. Zsigmond. Feles\u00e9ge Henter \u00c9va, a k\u00e9s\u0151bbi Apor Istv\u00e1nn\u00e9. \u2013 \u00dajra b\u00e1r\u00f3s\u00e1gra emelte M\u00e1ria Ter\u00e9zia (B\u00e9cs, 1742. \u00e1pr. 2.) \u00e9s a r\u00e9gi t\u00f6visi el\u0151n\u00e9v haszn\u00e1lat\u00e1ban meger\u0151s\u00edtette (1755), d\u00e9dapja Tivadar, a b\u00e1r\u00f3i c\u00edmr\u0151l lemondott (1552). T\u00f3falv\u00e1n voltak birtokai. T\u00f3falvi birtokr\u00e9sz\u00e9t z\u00e1logba adta gr. Teleki [&hellip;]<\/p>\n","protected":false},"featured_media":0,"comment_status":"open","ping_status":"closed","template":"","meta":[],"product_brand":[],"product_cat":[137],"product_tag":[],"class_list":{"0":"post-2048","1":"product","2":"type-product","3":"status-publish","5":"product_cat-maros-megyei-eletrajzi-lexikon","7":"first","8":"instock","9":"shipping-taxable","10":"product-type-simple"},"_links":{"self":[{"href":"https:\/\/uj.adatbank.ro\/lexikon\/wp-json\/wp\/v2\/product\/2048","targetHints":{"allow":["GET"]}}],"collection":[{"href":"https:\/\/uj.adatbank.ro\/lexikon\/wp-json\/wp\/v2\/product"}],"about":[{"href":"https:\/\/uj.adatbank.ro\/lexikon\/wp-json\/wp\/v2\/types\/product"}],"replies":[{"embeddable":true,"href":"https:\/\/uj.adatbank.ro\/lexikon\/wp-json\/wp\/v2\/comments?post=2048"}],"wp:attachment":[{"href":"https:\/\/uj.adatbank.ro\/lexikon\/wp-json\/wp\/v2\/media?parent=2048"}],"wp:term":[{"taxonomy":"product_brand","embeddable":true,"href":"https:\/\/uj.adatbank.ro\/lexikon\/wp-json\/wp\/v2\/product_brand?post=2048"},{"taxonomy":"product_cat","embeddable":true,"href":"https:\/\/uj.adatbank.ro\/lexikon\/wp-json\/wp\/v2\/product_cat?post=2048"},{"taxonomy":"product_tag","embeddable":true,"href":"https:\/\/uj.adatbank.ro\/lexikon\/wp-json\/wp\/v2\/product_tag?post=2048"}],"curies":[{"name":"wp","href":"https:\/\/api.w.org\/{rel}","templated":true}]}}

BÁLINTITT István, tövisi br.

<p>? † ? : földbirtokos. – B. György és Petki Teréz fia. Testvére B. Zsigmond. Felesége Henter Éva, a későbbi Apor Istvánné. – Újra báróságra emelte Mária Terézia (Bécs, 1742. ápr. 2.) és a régi tövisi előnév használatában megerősítette (1755), dédapja Tivadar, a bárói címről lemondott (1552). Tófalván voltak birtokai. Tófalvi birtokrészét zálogba adta gr. Teleki Sámuelnek (1777), de visszaváltotta. Erőszakkal foglalta el a tófalvi székelyek ref. templomát és egyházi földjeit. A Mezőségről román munkaerőt hozatott. A ref. templom harangját a körtefáji udvarába szálítatta, megalapította a helyi egyesült görög egyházat, és a helyi földeket, templomot nekik ajándékozta. A csejdi ref. egyház pert indított ellene (1756), amit meg is nyert. Visszaítélték jogos tulajdonosának a harangot és a földeket (1758), de a tulajdonképpeni végrehajtásra soha nem került sor. <br /><strong>Irod.:</strong> Csejd-Tófalva; Léstyán – templomok 1.</br></p>

<p>? † ? : földbirtokos. – B. György és Petki Teréz fia. Testvére B. Zsigmond. Felesége Henter Éva, a későbbi Apor Istvánné. – Újra báróságra emelte Mária Terézia (Bécs, 1742. ápr. 2.) és a régi tövisi előnév használatában megerősítette (1755), dédapja Tivadar, a bárói címről lemondott (1552). Tófalván voltak birtokai. Tófalvi birtokrészét zálogba adta gr. Teleki [&hellip;]</p>
