{"id":20498,"date":"2025-07-22T18:51:04","date_gmt":"2025-07-22T16:51:04","guid":{"rendered":"https:\/\/uj.adatbank.ro\/lexikon\/termek\/singeorzan-dumitru\/"},"modified":"2025-07-22T18:51:04","modified_gmt":"2025-07-22T16:51:04","slug":"singeorzan-dumitru","status":"publish","type":"product","link":"https:\/\/uj.adatbank.ro\/lexikon\/termek\/singeorzan-dumitru\/","title":{"rendered":"S\u00ceNGEORZAN Dumitru"},"content":{"rendered":"<p>? \u2020?: sz\u00e1zados. \u2013 MAT Securitate Tartom\u00e1nyi Igazgat\u00f3s\u00e1ga mv.-i vizsg\u00e1lati oszt\u00e1ly\u00e1n alhadnagy (1954. jan. 15.\u2013), hadnagy (1958), Sz\u00e1szr\u00e9genben a Rajoni Securitate f\u0151n\u00f6ke (1961\u2013), sz\u00e1zados (1964). <br \/><strong>Irod.:<\/strong> Bartos 2012.<\/br><\/p>\n","protected":false},"excerpt":{"rendered":"<p>? \u2020?: sz\u00e1zados. \u2013 MAT Securitate Tartom\u00e1nyi Igazgat\u00f3s\u00e1ga mv.-i vizsg\u00e1lati oszt\u00e1ly\u00e1n alhadnagy (1954. jan. 15.\u2013), hadnagy (1958), Sz\u00e1szr\u00e9genben a Rajoni Securitate f\u0151n\u00f6ke (1961\u2013), sz\u00e1zados (1964). Irod.: Bartos 2012.<\/p>\n","protected":false},"featured_media":0,"comment_status":"open","ping_status":"closed","template":"","meta":[],"product_brand":[],"product_cat":[137],"product_tag":[],"class_list":{"0":"post-20498","1":"product","2":"type-product","3":"status-publish","5":"product_cat-maros-megyei-eletrajzi-lexikon","7":"first","8":"instock","9":"shipping-taxable","10":"product-type-simple"},"_links":{"self":[{"href":"https:\/\/uj.adatbank.ro\/lexikon\/wp-json\/wp\/v2\/product\/20498","targetHints":{"allow":["GET"]}}],"collection":[{"href":"https:\/\/uj.adatbank.ro\/lexikon\/wp-json\/wp\/v2\/product"}],"about":[{"href":"https:\/\/uj.adatbank.ro\/lexikon\/wp-json\/wp\/v2\/types\/product"}],"replies":[{"embeddable":true,"href":"https:\/\/uj.adatbank.ro\/lexikon\/wp-json\/wp\/v2\/comments?post=20498"}],"wp:attachment":[{"href":"https:\/\/uj.adatbank.ro\/lexikon\/wp-json\/wp\/v2\/media?parent=20498"}],"wp:term":[{"taxonomy":"product_brand","embeddable":true,"href":"https:\/\/uj.adatbank.ro\/lexikon\/wp-json\/wp\/v2\/product_brand?post=20498"},{"taxonomy":"product_cat","embeddable":true,"href":"https:\/\/uj.adatbank.ro\/lexikon\/wp-json\/wp\/v2\/product_cat?post=20498"},{"taxonomy":"product_tag","embeddable":true,"href":"https:\/\/uj.adatbank.ro\/lexikon\/wp-json\/wp\/v2\/product_tag?post=20498"}],"curies":[{"name":"wp","href":"https:\/\/api.w.org\/{rel}","templated":true}]}}