{"id":20499,"date":"2025-07-22T18:51:08","date_gmt":"2025-07-22T16:51:08","guid":{"rendered":"https:\/\/uj.adatbank.ro\/lexikon\/termek\/singer-erno\/"},"modified":"2025-07-22T18:51:08","modified_gmt":"2025-07-22T16:51:08","slug":"singer-erno","status":"publish","type":"product","link":"https:\/\/uj.adatbank.ro\/lexikon\/termek\/singer-erno\/","title":{"rendered":"SINGER Ern\u0151"},"content":{"rendered":"<p>1898., \u2020?: iparos. \u2013 Szifonfejk\u00e9sz\u00edt\u0151 \u00e9s szikv\u00edzgy\u00e1rt\u00f3. \u2013 Iskol\u00e1i elv\u00e9gz\u00e9se ut\u00e1n a szikv\u00edzk\u00e9sz\u00edt\u00e9ssel kezdett foglalkozni, majd szifonfej k\u00e9sz\u00edt\u0151 \u00fczemet l\u00e9tes\u00edtett Mv.-en, ahol 40 \u00e1lland\u00f3 alkalmazottat foglalkoztatott. A kultur\u00e1lis \u00e9s szoci\u00e1lis int\u00e9zm\u00e9nyek t\u00e1mogat\u00f3ja, a M. Iparos Egyes\u00fclet tagja volt. Az els\u0151 vh.-ban az 51. k. gy. e.-ben mint \u00f6nk\u00e9ntes \u0151rvezet\u0151 teljes\u00edtett szolg\u00e1latot. A mv.-i zsid\u00f3tan\u00e1cs tagja (1944). Mv.-r\u0151l a feles\u00e9g\u00e9vel (1906) egy\u00fctt deport\u00e1lt\u00e1k (1944. m\u00e1j. 29.). <br \/><strong>Irod.:<\/strong> Mv. zsid\u00f3s\u00e1ga; Sebesty\u00e9n Mih\u00e1ly 2000; Sz\u00e9kelyf\u00f6ld \u00ed. k.<\/br><\/p>\n","protected":false},"excerpt":{"rendered":"<p>1898., \u2020?: iparos. \u2013 Szifonfejk\u00e9sz\u00edt\u0151 \u00e9s szikv\u00edzgy\u00e1rt\u00f3. \u2013 Iskol\u00e1i elv\u00e9gz\u00e9se ut\u00e1n a szikv\u00edzk\u00e9sz\u00edt\u00e9ssel kezdett foglalkozni, majd szifonfej k\u00e9sz\u00edt\u0151 \u00fczemet l\u00e9tes\u00edtett Mv.-en, ahol 40 \u00e1lland\u00f3 alkalmazottat foglalkoztatott. A kultur\u00e1lis \u00e9s szoci\u00e1lis int\u00e9zm\u00e9nyek t\u00e1mogat\u00f3ja, a M. Iparos Egyes\u00fclet tagja volt. Az els\u0151 vh.-ban az 51. k. gy. e.-ben mint \u00f6nk\u00e9ntes \u0151rvezet\u0151 teljes\u00edtett szolg\u00e1latot. A mv.-i zsid\u00f3tan\u00e1cs tagja [&hellip;]<\/p>\n","protected":false},"featured_media":0,"comment_status":"open","ping_status":"closed","template":"","meta":[],"product_brand":[],"product_cat":[137],"product_tag":[],"class_list":{"0":"post-20499","1":"product","2":"type-product","3":"status-publish","5":"product_cat-maros-megyei-eletrajzi-lexikon","7":"first","8":"instock","9":"shipping-taxable","10":"product-type-simple"},"_links":{"self":[{"href":"https:\/\/uj.adatbank.ro\/lexikon\/wp-json\/wp\/v2\/product\/20499","targetHints":{"allow":["GET"]}}],"collection":[{"href":"https:\/\/uj.adatbank.ro\/lexikon\/wp-json\/wp\/v2\/product"}],"about":[{"href":"https:\/\/uj.adatbank.ro\/lexikon\/wp-json\/wp\/v2\/types\/product"}],"replies":[{"embeddable":true,"href":"https:\/\/uj.adatbank.ro\/lexikon\/wp-json\/wp\/v2\/comments?post=20499"}],"wp:attachment":[{"href":"https:\/\/uj.adatbank.ro\/lexikon\/wp-json\/wp\/v2\/media?parent=20499"}],"wp:term":[{"taxonomy":"product_brand","embeddable":true,"href":"https:\/\/uj.adatbank.ro\/lexikon\/wp-json\/wp\/v2\/product_brand?post=20499"},{"taxonomy":"product_cat","embeddable":true,"href":"https:\/\/uj.adatbank.ro\/lexikon\/wp-json\/wp\/v2\/product_cat?post=20499"},{"taxonomy":"product_tag","embeddable":true,"href":"https:\/\/uj.adatbank.ro\/lexikon\/wp-json\/wp\/v2\/product_tag?post=20499"}],"curies":[{"name":"wp","href":"https:\/\/api.w.org\/{rel}","templated":true}]}}