{"id":20504,"date":"2025-07-22T18:51:19","date_gmt":"2025-07-22T16:51:19","guid":{"rendered":"https:\/\/uj.adatbank.ro\/lexikon\/termek\/singer-pinchasz-%c2%a7-singer-pinkasz\/"},"modified":"2025-07-22T18:51:19","modified_gmt":"2025-07-22T16:51:19","slug":"singer-pinchasz-%c2%a7-singer-pinkasz","status":"publish","type":"product","link":"https:\/\/uj.adatbank.ro\/lexikon\/termek\/singer-pinchasz-%c2%a7-singer-pinkasz\/","title":{"rendered":"SINGER Pinch\u00e1sz, \u00a7 Singer Pink\u00e1sz"},"content":{"rendered":"<p>1894., \u2020?: gy\u00e1ros. \u2013 Mv.-en volt sz\u00f3dav\u00edzgy\u00e1ra (1926. mv.-i gy\u00e1r nyilv\u00e1ntart\u00e1s) a k\u00e9t vh. k\u00f6z\u00f6tt. Az I. vh.-ban (1915\u201318. nov.) a 21. h. gy.e., majd a 310. gy. e.-ben volt gyalogos. Hadifogs\u00e1gban volt 26 h\u00f3napig. A mv.-i zsid\u00f3 ortodox hitk\u00f6zs\u00e9g k\u00f6z\u00e9leti egy\u00e9nis\u00e9ge. Mv.-r\u0151l deport\u00e1lt\u00e1k a feles\u00e9g\u00e9vel egy\u00fctt (1944. m\u00e1j. 29.). <br \/><strong>Irod.:<\/strong> M. hadviselt zsid\u00f3k; Mv. zsid\u00f3s\u00e1ga; Pan\u0103.<\/br><\/p>\n","protected":false},"excerpt":{"rendered":"<p>1894., \u2020?: gy\u00e1ros. \u2013 Mv.-en volt sz\u00f3dav\u00edzgy\u00e1ra (1926. mv.-i gy\u00e1r nyilv\u00e1ntart\u00e1s) a k\u00e9t vh. k\u00f6z\u00f6tt. Az I. vh.-ban (1915\u201318. nov.) a 21. h. gy.e., majd a 310. gy. e.-ben volt gyalogos. Hadifogs\u00e1gban volt 26 h\u00f3napig. A mv.-i zsid\u00f3 ortodox hitk\u00f6zs\u00e9g k\u00f6z\u00e9leti egy\u00e9nis\u00e9ge. Mv.-r\u0151l deport\u00e1lt\u00e1k a feles\u00e9g\u00e9vel egy\u00fctt (1944. m\u00e1j. 29.). Irod.: M. hadviselt zsid\u00f3k; Mv. [&hellip;]<\/p>\n","protected":false},"featured_media":0,"comment_status":"open","ping_status":"closed","template":"","meta":[],"product_brand":[],"product_cat":[137],"product_tag":[],"class_list":{"0":"post-20504","1":"product","2":"type-product","3":"status-publish","5":"product_cat-maros-megyei-eletrajzi-lexikon","7":"first","8":"instock","9":"shipping-taxable","10":"product-type-simple"},"_links":{"self":[{"href":"https:\/\/uj.adatbank.ro\/lexikon\/wp-json\/wp\/v2\/product\/20504","targetHints":{"allow":["GET"]}}],"collection":[{"href":"https:\/\/uj.adatbank.ro\/lexikon\/wp-json\/wp\/v2\/product"}],"about":[{"href":"https:\/\/uj.adatbank.ro\/lexikon\/wp-json\/wp\/v2\/types\/product"}],"replies":[{"embeddable":true,"href":"https:\/\/uj.adatbank.ro\/lexikon\/wp-json\/wp\/v2\/comments?post=20504"}],"wp:attachment":[{"href":"https:\/\/uj.adatbank.ro\/lexikon\/wp-json\/wp\/v2\/media?parent=20504"}],"wp:term":[{"taxonomy":"product_brand","embeddable":true,"href":"https:\/\/uj.adatbank.ro\/lexikon\/wp-json\/wp\/v2\/product_brand?post=20504"},{"taxonomy":"product_cat","embeddable":true,"href":"https:\/\/uj.adatbank.ro\/lexikon\/wp-json\/wp\/v2\/product_cat?post=20504"},{"taxonomy":"product_tag","embeddable":true,"href":"https:\/\/uj.adatbank.ro\/lexikon\/wp-json\/wp\/v2\/product_tag?post=20504"}],"curies":[{"name":"wp","href":"https:\/\/api.w.org\/{rel}","templated":true}]}}