{"id":20525,"date":"2025-07-22T18:52:04","date_gmt":"2025-07-22T16:52:04","guid":{"rendered":"https:\/\/uj.adatbank.ro\/lexikon\/termek\/sipos-gyula\/"},"modified":"2025-07-22T18:52:04","modified_gmt":"2025-07-22T16:52:04","slug":"sipos-gyula","status":"publish","type":"product","link":"https:\/\/uj.adatbank.ro\/lexikon\/termek\/sipos-gyula\/","title":{"rendered":"SIPOS Gyula"},"content":{"rendered":"<p>Mv., 1885. aug. 31., \u2020?: sz\u00edn\u00e9sz. \u2013 Fell\u00e9pett: Mv.-en, D\u00e9sen, Sz\u00e1szr\u00e9genben, Beszterc\u00e9n, Nagyszebenben Szendrey Mih\u00e1ly t\u00e1rsulat\u00e1val (1924\u201325); Szatm\u00e1rn\u00e9metiben (F\u00f6ldes Mih\u00e1ly t\u00e1rsulat\u00e1val (1926\u201327); Szatm\u00e1rn\u00e9metiben, Nagyb\u00e1ny\u00e1n Ferenczy Gyula t\u00e1rsulat\u00e1val (1928\u201329); Zilahon, Tord\u00e1n, Mv.-en, Brass\u00f3ban, Gyergy\u00f3szentmikl\u00f3son (G\u00e1sp\u00e1r Jen\u0151 t\u00e1rsulat\u00e1val. Ismert szerepe: Philostrat (Shakespeare: Szentiv\u00e1n\u00e9jji \u00e1lom). <br \/><strong>Irod.:<\/strong> K\u00f6t\u0151.<\/br><\/p>\n","protected":false},"excerpt":{"rendered":"<p>Mv., 1885. aug. 31., \u2020?: sz\u00edn\u00e9sz. \u2013 Fell\u00e9pett: Mv.-en, D\u00e9sen, Sz\u00e1szr\u00e9genben, Beszterc\u00e9n, Nagyszebenben Szendrey Mih\u00e1ly t\u00e1rsulat\u00e1val (1924\u201325); Szatm\u00e1rn\u00e9metiben (F\u00f6ldes Mih\u00e1ly t\u00e1rsulat\u00e1val (1926\u201327); Szatm\u00e1rn\u00e9metiben, Nagyb\u00e1ny\u00e1n Ferenczy Gyula t\u00e1rsulat\u00e1val (1928\u201329); Zilahon, Tord\u00e1n, Mv.-en, Brass\u00f3ban, Gyergy\u00f3szentmikl\u00f3son (G\u00e1sp\u00e1r Jen\u0151 t\u00e1rsulat\u00e1val. Ismert szerepe: Philostrat (Shakespeare: Szentiv\u00e1n\u00e9jji \u00e1lom). Irod.: K\u00f6t\u0151.<\/p>\n","protected":false},"featured_media":0,"comment_status":"open","ping_status":"closed","template":"","meta":[],"product_brand":[],"product_cat":[137],"product_tag":[],"class_list":{"0":"post-20525","1":"product","2":"type-product","3":"status-publish","5":"product_cat-maros-megyei-eletrajzi-lexikon","7":"first","8":"instock","9":"shipping-taxable","10":"product-type-simple"},"_links":{"self":[{"href":"https:\/\/uj.adatbank.ro\/lexikon\/wp-json\/wp\/v2\/product\/20525","targetHints":{"allow":["GET"]}}],"collection":[{"href":"https:\/\/uj.adatbank.ro\/lexikon\/wp-json\/wp\/v2\/product"}],"about":[{"href":"https:\/\/uj.adatbank.ro\/lexikon\/wp-json\/wp\/v2\/types\/product"}],"replies":[{"embeddable":true,"href":"https:\/\/uj.adatbank.ro\/lexikon\/wp-json\/wp\/v2\/comments?post=20525"}],"wp:attachment":[{"href":"https:\/\/uj.adatbank.ro\/lexikon\/wp-json\/wp\/v2\/media?parent=20525"}],"wp:term":[{"taxonomy":"product_brand","embeddable":true,"href":"https:\/\/uj.adatbank.ro\/lexikon\/wp-json\/wp\/v2\/product_brand?post=20525"},{"taxonomy":"product_cat","embeddable":true,"href":"https:\/\/uj.adatbank.ro\/lexikon\/wp-json\/wp\/v2\/product_cat?post=20525"},{"taxonomy":"product_tag","embeddable":true,"href":"https:\/\/uj.adatbank.ro\/lexikon\/wp-json\/wp\/v2\/product_tag?post=20525"}],"curies":[{"name":"wp","href":"https:\/\/api.w.org\/{rel}","templated":true}]}}