{"id":2053,"date":"2025-06-28T12:02:23","date_gmt":"2025-06-28T10:02:23","guid":{"rendered":"https:\/\/uj.adatbank.ro\/lexikon\/termek\/balogh-bela\/"},"modified":"2025-06-28T12:02:23","modified_gmt":"2025-06-28T10:02:23","slug":"balogh-bela","status":"publish","type":"product","link":"https:\/\/uj.adatbank.ro\/lexikon\/termek\/balogh-bela\/","title":{"rendered":"BALOGH B\u00e9la"},"content":{"rendered":"<p>P\u00f3kakereszt\u00far, 1927. jan. 9., \u2020\u00a01964 ?: Jehova- Tan\u00fa. \u2013 Megtagadta a katonai szolg\u00e1latot (1960), ez\u00e9rt 8 \u00e9v K\u00e9nyszermunk\u00e1ra \u00edt\u00e9lt\u00e9k. \u00dajra b\u00edr\u00f3s\u00e1g el\u00e9 \u00e1ll\u00edtott\u00e1k \u00e9s 10 \u00e9vre \u2013 \u00cdt\u00e9lt\u00e9k. Szabadult 1964. j\u00fan. 22. <br \/><strong>Irod.:<\/strong> 1956 Erd\u00e9lyben<\/br><\/p>\n","protected":false},"excerpt":{"rendered":"<p>P\u00f3kakereszt\u00far, 1927. jan. 9., \u2020\u00a01964 ?: Jehova- Tan\u00fa. \u2013 Megtagadta a katonai szolg\u00e1latot (1960), ez\u00e9rt 8 \u00e9v K\u00e9nyszermunk\u00e1ra \u00edt\u00e9lt\u00e9k. \u00dajra b\u00edr\u00f3s\u00e1g el\u00e9 \u00e1ll\u00edtott\u00e1k \u00e9s 10 \u00e9vre \u2013 \u00cdt\u00e9lt\u00e9k. Szabadult 1964. j\u00fan. 22. Irod.: 1956 Erd\u00e9lyben<\/p>\n","protected":false},"featured_media":0,"comment_status":"open","ping_status":"closed","template":"","meta":[],"product_brand":[],"product_cat":[137],"product_tag":[],"class_list":{"0":"post-2053","1":"product","2":"type-product","3":"status-publish","5":"product_cat-maros-megyei-eletrajzi-lexikon","7":"first","8":"instock","9":"shipping-taxable","10":"product-type-simple"},"_links":{"self":[{"href":"https:\/\/uj.adatbank.ro\/lexikon\/wp-json\/wp\/v2\/product\/2053","targetHints":{"allow":["GET"]}}],"collection":[{"href":"https:\/\/uj.adatbank.ro\/lexikon\/wp-json\/wp\/v2\/product"}],"about":[{"href":"https:\/\/uj.adatbank.ro\/lexikon\/wp-json\/wp\/v2\/types\/product"}],"replies":[{"embeddable":true,"href":"https:\/\/uj.adatbank.ro\/lexikon\/wp-json\/wp\/v2\/comments?post=2053"}],"wp:attachment":[{"href":"https:\/\/uj.adatbank.ro\/lexikon\/wp-json\/wp\/v2\/media?parent=2053"}],"wp:term":[{"taxonomy":"product_brand","embeddable":true,"href":"https:\/\/uj.adatbank.ro\/lexikon\/wp-json\/wp\/v2\/product_brand?post=2053"},{"taxonomy":"product_cat","embeddable":true,"href":"https:\/\/uj.adatbank.ro\/lexikon\/wp-json\/wp\/v2\/product_cat?post=2053"},{"taxonomy":"product_tag","embeddable":true,"href":"https:\/\/uj.adatbank.ro\/lexikon\/wp-json\/wp\/v2\/product_tag?post=2053"}],"curies":[{"name":"wp","href":"https:\/\/api.w.org\/{rel}","templated":true}]}}