{"id":2054,"date":"2025-06-28T12:02:25","date_gmt":"2025-06-28T10:02:25","guid":{"rendered":"https:\/\/uj.adatbank.ro\/lexikon\/termek\/balogh-denes\/"},"modified":"2025-06-28T12:02:25","modified_gmt":"2025-06-28T10:02:25","slug":"balogh-denes","status":"publish","type":"product","link":"https:\/\/uj.adatbank.ro\/lexikon\/termek\/balogh-denes\/","title":{"rendered":"BALOGH D\u00e9nes"},"content":{"rendered":"<p>Als\u00f3boldogfalva, 1933. m\u00e1rc. 15., \u2020\u00a0Mv., 2005. dec. 10.: n\u00e9pdal- \u00e9s n\u00f3ta\u00e9nekes. \u2013 Az \u00c1llami Sz\u00e9kely N\u00e9piegy\u00fcttes tagja az egy\u00fcttes megalakul\u00e1s\u00e1t\u00f3l nyugd\u00edjaz\u00e1s\u00e1ig (1956. okt. 1.- 94). M\u0171sorai mag\u00e1ba foglaltak n\u00e9pdalokat, katonadalokat, m. n\u00f3t\u00e1kat. T\u00f6bbsz\u00e1z sz\u00ednhelyen, t\u00f6bbsz\u00e1z dalt \u00e9nekelt. Eml\u00e9k\u00e9re n\u00f3taestet szerveztek Mv.-en (2010. dec. 12.). A Maros M\u0171v\u00e9szegy\u00fcttes k\u00f3rusa \u00e9s sz\u00f3list\u00e1i k\u00f6zrem\u0171k\u00f6d\u00e9s\u00e9vel az Electrecord hanglemezgy\u00e1rt\u00f3 v\u00e1llalat n\u00e9gy lemezt k\u00e9sz\u00edtett mv.-i szerz\u0151k m\u0171veivel, n\u00e9pdalfeldolgoz\u00e1sokat, k\u00f3rusm\u0171veket adtak el\u0151 Birtalan Judit vez\u00e9nylet\u00e9vel. El\u0151ad\u00f3 t\u00e1rsai Sz\u00e9llyes S\u00e1ndor, Kerekes T\u00f3th Erzs\u00e9bet, Kerest\u00e9ly L\u00e1szl\u00f3 voltak (1972. nov.). <br \/><strong>Irod.:<\/strong> B\u00f6l\u00f6ni Domokos: A sz\u00e1lfaember dalai (N\u00fa., 2010. dec. 4.); Czimbalmos Ferenc-Attila: B. D.-re eml\u00e9kezt\u00fcnk (N\u00fa., Sz\u00ednes Vil\u00e1g, 2015. dec. 11.); Id\u0151t\u00e1r 4; Sz\u00e9kely Sz. Z.<\/br><\/p>\n","protected":false},"excerpt":{"rendered":"<p>Als\u00f3boldogfalva, 1933. m\u00e1rc. 15., \u2020\u00a0Mv., 2005. dec. 10.: n\u00e9pdal- \u00e9s n\u00f3ta\u00e9nekes. \u2013 Az \u00c1llami Sz\u00e9kely N\u00e9piegy\u00fcttes tagja az egy\u00fcttes megalakul\u00e1s\u00e1t\u00f3l nyugd\u00edjaz\u00e1s\u00e1ig (1956. okt. 1.- 94). M\u0171sorai mag\u00e1ba foglaltak n\u00e9pdalokat, katonadalokat, m. n\u00f3t\u00e1kat. T\u00f6bbsz\u00e1z sz\u00ednhelyen, t\u00f6bbsz\u00e1z dalt \u00e9nekelt. Eml\u00e9k\u00e9re n\u00f3taestet szerveztek Mv.-en (2010. dec. 12.). A Maros M\u0171v\u00e9szegy\u00fcttes k\u00f3rusa \u00e9s sz\u00f3list\u00e1i k\u00f6zrem\u0171k\u00f6d\u00e9s\u00e9vel az Electrecord hanglemezgy\u00e1rt\u00f3 v\u00e1llalat [&hellip;]<\/p>\n","protected":false},"featured_media":0,"comment_status":"open","ping_status":"closed","template":"","meta":[],"product_brand":[],"product_cat":[137],"product_tag":[],"class_list":{"0":"post-2054","1":"product","2":"type-product","3":"status-publish","5":"product_cat-maros-megyei-eletrajzi-lexikon","7":"first","8":"instock","9":"shipping-taxable","10":"product-type-simple"},"_links":{"self":[{"href":"https:\/\/uj.adatbank.ro\/lexikon\/wp-json\/wp\/v2\/product\/2054","targetHints":{"allow":["GET"]}}],"collection":[{"href":"https:\/\/uj.adatbank.ro\/lexikon\/wp-json\/wp\/v2\/product"}],"about":[{"href":"https:\/\/uj.adatbank.ro\/lexikon\/wp-json\/wp\/v2\/types\/product"}],"replies":[{"embeddable":true,"href":"https:\/\/uj.adatbank.ro\/lexikon\/wp-json\/wp\/v2\/comments?post=2054"}],"wp:attachment":[{"href":"https:\/\/uj.adatbank.ro\/lexikon\/wp-json\/wp\/v2\/media?parent=2054"}],"wp:term":[{"taxonomy":"product_brand","embeddable":true,"href":"https:\/\/uj.adatbank.ro\/lexikon\/wp-json\/wp\/v2\/product_brand?post=2054"},{"taxonomy":"product_cat","embeddable":true,"href":"https:\/\/uj.adatbank.ro\/lexikon\/wp-json\/wp\/v2\/product_cat?post=2054"},{"taxonomy":"product_tag","embeddable":true,"href":"https:\/\/uj.adatbank.ro\/lexikon\/wp-json\/wp\/v2\/product_tag?post=2054"}],"curies":[{"name":"wp","href":"https:\/\/api.w.org\/{rel}","templated":true}]}}

BALOGH Dénes

<p>Alsóboldogfalva, 1933. márc. 15., † Mv., 2005. dec. 10.: népdal- és nótaénekes. – Az Állami Székely Népiegyüttes tagja az együttes megalakulásától nyugdíjazásáig (1956. okt. 1.- 94). Műsorai magába foglaltak népdalokat, katonadalokat, m. nótákat. Többszáz színhelyen, többszáz dalt énekelt. Emlékére nótaestet szerveztek Mv.-en (2010. dec. 12.). A Maros Művészegyüttes kórusa és szólistái közreműködésével az Electrecord hanglemezgyártó vállalat négy lemezt készített mv.-i szerzők műveivel, népdalfeldolgozásokat, kórusműveket adtak elő Birtalan Judit vezényletével. Előadó társai Széllyes Sándor, Kerekes Tóth Erzsébet, Kerestély László voltak (1972. nov.). <br /><strong>Irod.:</strong> Bölöni Domokos: A szálfaember dalai (Nú., 2010. dec. 4.); Czimbalmos Ferenc-Attila: B. D.-re emlékeztünk (Nú., Színes Világ, 2015. dec. 11.); Időtár 4; Székely Sz. Z.</br></p>

<p>Alsóboldogfalva, 1933. márc. 15., † Mv., 2005. dec. 10.: népdal- és nótaénekes. – Az Állami Székely Népiegyüttes tagja az együttes megalakulásától nyugdíjazásáig (1956. okt. 1.- 94). Műsorai magába foglaltak népdalokat, katonadalokat, m. nótákat. Többszáz színhelyen, többszáz dalt énekelt. Emlékére nótaestet szerveztek Mv.-en (2010. dec. 12.). A Maros Művészegyüttes kórusa és szólistái közreműködésével az Electrecord hanglemezgyártó vállalat [&hellip;]</p>
