{"id":20540,"date":"2025-07-22T18:52:36","date_gmt":"2025-07-22T16:52:36","guid":{"rendered":"https:\/\/uj.adatbank.ro\/lexikon\/termek\/sipos-laszlo\/"},"modified":"2025-07-22T18:52:36","modified_gmt":"2025-07-22T16:52:36","slug":"sipos-laszlo","status":"publish","type":"product","link":"https:\/\/uj.adatbank.ro\/lexikon\/termek\/sipos-laszlo\/","title":{"rendered":"SIPOS L\u00e1szl\u00f3"},"content":{"rendered":"<p>1894., \u2020\u00a0Mv., 1982. dec. 17.: iparm\u0171v\u00e9sz. \u2013Tanulm\u00e1nyait a bp.-i Iparm\u0171v\u00e9szeti Iskol\u00e1ban v\u00e9gezte. Mv.-en a K\u00f6zm\u0171vel\u0151d\u00e9si Palota el\u0151csarnok\u00e1nak falk\u00e9peit festette, az el\u0151csarnok boltozatos mennyezet\u00e9nek d\u00edsz\u00edt\u0151 fest\u00e9s\u00e9t v\u00e9gezte, mint m\u00e1sod\u00e9ves f\u0151iskolai hallgat\u00f3. <br \/><strong>Irod.:<\/strong> Keresztes Gyula 2000; Keresztes Gyula: Szecesszi\u00f3 Mv.-en: 5.: K\u00f6zm\u0171vel\u0151d\u00e9si h\u00e1z 1\u20135. (N\u00fa., 1991. nov. 23.; 1991. dec. 7.; 1991. dec. 14.; 1992. jan. 4.; 1992. jan. 11.); [Nekrol\u00f3g] (V. Z., 1982. dec. 18.).<\/br><\/p>\n","protected":false},"excerpt":{"rendered":"<p>1894., \u2020\u00a0Mv., 1982. dec. 17.: iparm\u0171v\u00e9sz. \u2013Tanulm\u00e1nyait a bp.-i Iparm\u0171v\u00e9szeti Iskol\u00e1ban v\u00e9gezte. Mv.-en a K\u00f6zm\u0171vel\u0151d\u00e9si Palota el\u0151csarnok\u00e1nak falk\u00e9peit festette, az el\u0151csarnok boltozatos mennyezet\u00e9nek d\u00edsz\u00edt\u0151 fest\u00e9s\u00e9t v\u00e9gezte, mint m\u00e1sod\u00e9ves f\u0151iskolai hallgat\u00f3. Irod.: Keresztes Gyula 2000; Keresztes Gyula: Szecesszi\u00f3 Mv.-en: 5.: K\u00f6zm\u0171vel\u0151d\u00e9si h\u00e1z 1\u20135. (N\u00fa., 1991. nov. 23.; 1991. dec. 7.; 1991. dec. 14.; 1992. jan. 4.; [&hellip;]<\/p>\n","protected":false},"featured_media":0,"comment_status":"open","ping_status":"closed","template":"","meta":[],"product_brand":[],"product_cat":[137],"product_tag":[],"class_list":{"0":"post-20540","1":"product","2":"type-product","3":"status-publish","5":"product_cat-maros-megyei-eletrajzi-lexikon","7":"first","8":"instock","9":"shipping-taxable","10":"product-type-simple"},"_links":{"self":[{"href":"https:\/\/uj.adatbank.ro\/lexikon\/wp-json\/wp\/v2\/product\/20540","targetHints":{"allow":["GET"]}}],"collection":[{"href":"https:\/\/uj.adatbank.ro\/lexikon\/wp-json\/wp\/v2\/product"}],"about":[{"href":"https:\/\/uj.adatbank.ro\/lexikon\/wp-json\/wp\/v2\/types\/product"}],"replies":[{"embeddable":true,"href":"https:\/\/uj.adatbank.ro\/lexikon\/wp-json\/wp\/v2\/comments?post=20540"}],"wp:attachment":[{"href":"https:\/\/uj.adatbank.ro\/lexikon\/wp-json\/wp\/v2\/media?parent=20540"}],"wp:term":[{"taxonomy":"product_brand","embeddable":true,"href":"https:\/\/uj.adatbank.ro\/lexikon\/wp-json\/wp\/v2\/product_brand?post=20540"},{"taxonomy":"product_cat","embeddable":true,"href":"https:\/\/uj.adatbank.ro\/lexikon\/wp-json\/wp\/v2\/product_cat?post=20540"},{"taxonomy":"product_tag","embeddable":true,"href":"https:\/\/uj.adatbank.ro\/lexikon\/wp-json\/wp\/v2\/product_tag?post=20540"}],"curies":[{"name":"wp","href":"https:\/\/api.w.org\/{rel}","templated":true}]}}