{"id":20544,"date":"2025-07-22T18:52:43","date_gmt":"2025-07-22T16:52:43","guid":{"rendered":"https:\/\/uj.adatbank.ro\/lexikon\/termek\/sipos-pal-2\/"},"modified":"2025-07-22T18:52:43","modified_gmt":"2025-07-22T16:52:43","slug":"sipos-pal-2","status":"publish","type":"product","link":"https:\/\/uj.adatbank.ro\/lexikon\/termek\/sipos-pal-2\/","title":{"rendered":"SIPOS P\u00e1l"},"content":{"rendered":"<p>Marosszentkir\u00e1ly, 1799. m\u00e1rc. 20., \u2020 Nagykend, 1855. \u00e1pr. 22.: ref. lelk\u00e9sz. \u2013 Iskol\u00e1it Nagyenyeden, majd B\u00e9csben v\u00e9gezte. Felszentel\u00e9se D\u00e9zsen t\u00f6rt\u00e9nt (1832). A nagykendiek Fogarason hallgatt\u00e1k \u00e9s h\u00edvt\u00e1k meg papnak (1832), ahol hal\u00e1l\u00e1ig szolg\u00e1lt. Szolg\u00e1lata ideje alatt zajlott az 1848\u201349-es szabads\u00e1gharc, amelyen \u00fagy vezeti \u00e1t a gy\u00fclekezet\u00e9t, hogy az nagyobb megr\u00e1zk\u00f3dtat\u00e1st nem szenvedett. Az \u0151 paps\u00e1ga ideje alatt gondj\u00e1t viselte az egyh\u00e1zi \u00e9p\u00fcleteknek, meg\u00e9p\u00edtett\u00e9k a cinterem templomv\u00e9d\u0151 k\u0151ker\u00edt\u00e9s\u00e9t (1836\u20131839), renov\u00e1ltatta az omladoz\u00f3 tornyot. Sok adom\u00e1nnyal t\u00e1mogatt\u00e1k az egyh\u00e1zat. Az egyh\u00e1zmegye direktornak (1845), majd egyh\u00e1zi f\u0151jegyz\u0151nek v\u00e1lasztotta (1847). \u2013 <strong>F. m.<\/strong>: Halotti besz\u00e9d Porkol\u00e1b Istv\u00e1n felett, 1809. m\u00e1j. 3. (S\u00e1rospatak, 1809); Halotti besz\u00e9d toronyfalvi Tornya Kl\u00e1ra, osdolai gr. Kun Zsigmondn\u00e9 felett, 1813. dec. 5.); Halotti besz\u00e9d toroczk\u00f3szentgy\u00f6rgyi gr. Toroczkai Ter\u00e9zia, nal\u00e1czi br. Nal\u00e1czi J\u00f3zsefn\u00e9 felett, 1816. m\u00e1rc. 15. (Kv., 1816). <br \/><strong>Irod.:<\/strong> Halotti besz\u00e9dek; P\u00e9terfy L.: Kend \u00e9s egyh\u00e1za (2000).<\/br><\/p>\n","protected":false},"excerpt":{"rendered":"<p>Marosszentkir\u00e1ly, 1799. m\u00e1rc. 20., \u2020 Nagykend, 1855. \u00e1pr. 22.: ref. lelk\u00e9sz. \u2013 Iskol\u00e1it Nagyenyeden, majd B\u00e9csben v\u00e9gezte. Felszentel\u00e9se D\u00e9zsen t\u00f6rt\u00e9nt (1832). A nagykendiek Fogarason hallgatt\u00e1k \u00e9s h\u00edvt\u00e1k meg papnak (1832), ahol hal\u00e1l\u00e1ig szolg\u00e1lt. Szolg\u00e1lata ideje alatt zajlott az 1848\u201349-es szabads\u00e1gharc, amelyen \u00fagy vezeti \u00e1t a gy\u00fclekezet\u00e9t, hogy az nagyobb megr\u00e1zk\u00f3dtat\u00e1st nem szenvedett. Az \u0151 paps\u00e1ga [&hellip;]<\/p>\n","protected":false},"featured_media":0,"comment_status":"open","ping_status":"closed","template":"","meta":[],"product_brand":[],"product_cat":[137],"product_tag":[],"class_list":{"0":"post-20544","1":"product","2":"type-product","3":"status-publish","5":"product_cat-maros-megyei-eletrajzi-lexikon","7":"first","8":"instock","9":"shipping-taxable","10":"product-type-simple"},"_links":{"self":[{"href":"https:\/\/uj.adatbank.ro\/lexikon\/wp-json\/wp\/v2\/product\/20544","targetHints":{"allow":["GET"]}}],"collection":[{"href":"https:\/\/uj.adatbank.ro\/lexikon\/wp-json\/wp\/v2\/product"}],"about":[{"href":"https:\/\/uj.adatbank.ro\/lexikon\/wp-json\/wp\/v2\/types\/product"}],"replies":[{"embeddable":true,"href":"https:\/\/uj.adatbank.ro\/lexikon\/wp-json\/wp\/v2\/comments?post=20544"}],"wp:attachment":[{"href":"https:\/\/uj.adatbank.ro\/lexikon\/wp-json\/wp\/v2\/media?parent=20544"}],"wp:term":[{"taxonomy":"product_brand","embeddable":true,"href":"https:\/\/uj.adatbank.ro\/lexikon\/wp-json\/wp\/v2\/product_brand?post=20544"},{"taxonomy":"product_cat","embeddable":true,"href":"https:\/\/uj.adatbank.ro\/lexikon\/wp-json\/wp\/v2\/product_cat?post=20544"},{"taxonomy":"product_tag","embeddable":true,"href":"https:\/\/uj.adatbank.ro\/lexikon\/wp-json\/wp\/v2\/product_tag?post=20544"}],"curies":[{"name":"wp","href":"https:\/\/api.w.org\/{rel}","templated":true}]}}