{"id":20547,"date":"2025-07-22T18:52:50","date_gmt":"2025-07-22T16:52:50","guid":{"rendered":"https:\/\/uj.adatbank.ro\/lexikon\/termek\/sipos-sandor\/"},"modified":"2025-07-22T18:52:50","modified_gmt":"2025-07-22T16:52:50","slug":"sipos-sandor","status":"publish","type":"product","link":"https:\/\/uj.adatbank.ro\/lexikon\/termek\/sipos-sandor\/","title":{"rendered":"SIPOS S\u00e1ndor"},"content":{"rendered":"<p>Kisg\u00f6rg\u00e9ny, 1931. okt. 18., \u2020?: tan\u00e1r, k\u00f6nyvt\u00e1ros. \u2013 S.Viktor \u00e9s Eszter fia. Feles\u00e9ge: Sik\u00f3 Ilona, eg\u00e9szs\u00e9g\u00fcgyi asszisztens (1965), \u00c1gota (1966) tisztvisel\u0151, S\u00e1ndor (1968) m\u00e9rn\u00f6k. \u2013 Kv.-on a Bolyai TE pedag\u00f3gia-l\u00e9lektan szak\u00e1n v\u00e9gzett (1955). Lev\u00e9lt\u00e1ros Sz\u00e1szr\u00e9genben m\u00edg felf\u00fcggesztett\u00e9k (1955 \u201358), b\u00fatorgy\u00e1ri munk\u00e1s (1959\u201361), a MOGYI f\u0151k\u00f6nyvt\u00e1rosa (1961\u201393). Hely- \u00e9s kult\u00fart\u00f6rt\u00e9neti gy\u0171jt\u00e9st v\u00e9gzett. <br \/><strong>Irod.:<\/strong> EMKK.<\/br><\/p>\n","protected":false},"excerpt":{"rendered":"<p>Kisg\u00f6rg\u00e9ny, 1931. okt. 18., \u2020?: tan\u00e1r, k\u00f6nyvt\u00e1ros. \u2013 S.Viktor \u00e9s Eszter fia. Feles\u00e9ge: Sik\u00f3 Ilona, eg\u00e9szs\u00e9g\u00fcgyi asszisztens (1965), \u00c1gota (1966) tisztvisel\u0151, S\u00e1ndor (1968) m\u00e9rn\u00f6k. \u2013 Kv.-on a Bolyai TE pedag\u00f3gia-l\u00e9lektan szak\u00e1n v\u00e9gzett (1955). Lev\u00e9lt\u00e1ros Sz\u00e1szr\u00e9genben m\u00edg felf\u00fcggesztett\u00e9k (1955 \u201358), b\u00fatorgy\u00e1ri munk\u00e1s (1959\u201361), a MOGYI f\u0151k\u00f6nyvt\u00e1rosa (1961\u201393). Hely- \u00e9s kult\u00fart\u00f6rt\u00e9neti gy\u0171jt\u00e9st v\u00e9gzett. Irod.: EMKK.<\/p>\n","protected":false},"featured_media":0,"comment_status":"open","ping_status":"closed","template":"","meta":[],"product_brand":[],"product_cat":[137],"product_tag":[],"class_list":{"0":"post-20547","1":"product","2":"type-product","3":"status-publish","5":"product_cat-maros-megyei-eletrajzi-lexikon","7":"first","8":"instock","9":"shipping-taxable","10":"product-type-simple"},"_links":{"self":[{"href":"https:\/\/uj.adatbank.ro\/lexikon\/wp-json\/wp\/v2\/product\/20547","targetHints":{"allow":["GET"]}}],"collection":[{"href":"https:\/\/uj.adatbank.ro\/lexikon\/wp-json\/wp\/v2\/product"}],"about":[{"href":"https:\/\/uj.adatbank.ro\/lexikon\/wp-json\/wp\/v2\/types\/product"}],"replies":[{"embeddable":true,"href":"https:\/\/uj.adatbank.ro\/lexikon\/wp-json\/wp\/v2\/comments?post=20547"}],"wp:attachment":[{"href":"https:\/\/uj.adatbank.ro\/lexikon\/wp-json\/wp\/v2\/media?parent=20547"}],"wp:term":[{"taxonomy":"product_brand","embeddable":true,"href":"https:\/\/uj.adatbank.ro\/lexikon\/wp-json\/wp\/v2\/product_brand?post=20547"},{"taxonomy":"product_cat","embeddable":true,"href":"https:\/\/uj.adatbank.ro\/lexikon\/wp-json\/wp\/v2\/product_cat?post=20547"},{"taxonomy":"product_tag","embeddable":true,"href":"https:\/\/uj.adatbank.ro\/lexikon\/wp-json\/wp\/v2\/product_tag?post=20547"}],"curies":[{"name":"wp","href":"https:\/\/api.w.org\/{rel}","templated":true}]}}