{"id":20551,"date":"2025-07-22T18:52:59","date_gmt":"2025-07-22T16:52:59","guid":{"rendered":"https:\/\/uj.adatbank.ro\/lexikon\/termek\/sirbu-emilian\/"},"modified":"2025-07-22T18:52:59","modified_gmt":"2025-07-22T16:52:59","slug":"sirbu-emilian","status":"publish","type":"product","link":"https:\/\/uj.adatbank.ro\/lexikon\/termek\/sirbu-emilian\/","title":{"rendered":"S\u00ceRBU, Emilian"},"content":{"rendered":"<p>\u00d3p\u00e1los, 1920. szept. 15.\u2020\u00a0Mv., 1990.: alezredes, \u2013 Az apja szab\u00f3 volt. \u2013 \u00c9retts\u00e9gizett (1958). Sz\u00e1zados (1956), \u0151rnagy (1959), alezredes (1964). Brass\u00f3 Megyei \/ Tartom\u00e1nyi Securitate (1949\u201351), Bel\u00fcgyminiszt\u00e9rium 2-es sz. iskol\u00e1j\u00e1ban tan\u00e1r (1951\u201354), MAT \/ MMAT Securitate Tartom\u00e1nyi Igazgat\u00f3s\u00e1g\u00e1n sz\u00e1zados, f\u0151n\u00f6khelyettes (1956.\u2013), \u0151rnagy (1959), alezredes (1965). Tartal\u00e9kba helyezt\u00e9k (1968. febr. 29.). <br \/><strong>Irod.:<\/strong> Bartos 2012. http: \/\/www.cnsas.ro\/documente\/cadrele_securitatii\/SIRBU%20EMILIAN.pdf.<\/br><\/p>\n","protected":false},"excerpt":{"rendered":"<p>\u00d3p\u00e1los, 1920. szept. 15.\u2020\u00a0Mv., 1990.: alezredes, \u2013 Az apja szab\u00f3 volt. \u2013 \u00c9retts\u00e9gizett (1958). Sz\u00e1zados (1956), \u0151rnagy (1959), alezredes (1964). Brass\u00f3 Megyei \/ Tartom\u00e1nyi Securitate (1949\u201351), Bel\u00fcgyminiszt\u00e9rium 2-es sz. iskol\u00e1j\u00e1ban tan\u00e1r (1951\u201354), MAT \/ MMAT Securitate Tartom\u00e1nyi Igazgat\u00f3s\u00e1g\u00e1n sz\u00e1zados, f\u0151n\u00f6khelyettes (1956.\u2013), \u0151rnagy (1959), alezredes (1965). Tartal\u00e9kba helyezt\u00e9k (1968. febr. 29.). Irod.: Bartos 2012. http: \/\/www.cnsas.ro\/documente\/cadrele_securitatii\/SIRBU%20EMILIAN.pdf.<\/p>\n","protected":false},"featured_media":0,"comment_status":"open","ping_status":"closed","template":"","meta":[],"product_brand":[],"product_cat":[137],"product_tag":[],"class_list":{"0":"post-20551","1":"product","2":"type-product","3":"status-publish","5":"product_cat-maros-megyei-eletrajzi-lexikon","7":"first","8":"instock","9":"shipping-taxable","10":"product-type-simple"},"_links":{"self":[{"href":"https:\/\/uj.adatbank.ro\/lexikon\/wp-json\/wp\/v2\/product\/20551","targetHints":{"allow":["GET"]}}],"collection":[{"href":"https:\/\/uj.adatbank.ro\/lexikon\/wp-json\/wp\/v2\/product"}],"about":[{"href":"https:\/\/uj.adatbank.ro\/lexikon\/wp-json\/wp\/v2\/types\/product"}],"replies":[{"embeddable":true,"href":"https:\/\/uj.adatbank.ro\/lexikon\/wp-json\/wp\/v2\/comments?post=20551"}],"wp:attachment":[{"href":"https:\/\/uj.adatbank.ro\/lexikon\/wp-json\/wp\/v2\/media?parent=20551"}],"wp:term":[{"taxonomy":"product_brand","embeddable":true,"href":"https:\/\/uj.adatbank.ro\/lexikon\/wp-json\/wp\/v2\/product_brand?post=20551"},{"taxonomy":"product_cat","embeddable":true,"href":"https:\/\/uj.adatbank.ro\/lexikon\/wp-json\/wp\/v2\/product_cat?post=20551"},{"taxonomy":"product_tag","embeddable":true,"href":"https:\/\/uj.adatbank.ro\/lexikon\/wp-json\/wp\/v2\/product_tag?post=20551"}],"curies":[{"name":"wp","href":"https:\/\/api.w.org\/{rel}","templated":true}]}}