{"id":20554,"date":"2025-07-22T18:53:06","date_gmt":"2025-07-22T16:53:06","guid":{"rendered":"https:\/\/uj.adatbank.ro\/lexikon\/termek\/slepak-abraham\/"},"modified":"2025-07-22T18:53:06","modified_gmt":"2025-07-22T16:53:06","slug":"slepak-abraham","status":"publish","type":"product","link":"https:\/\/uj.adatbank.ro\/lexikon\/termek\/slepak-abraham\/","title":{"rendered":"SLEP\u00c1K \u00c1brah\u00e1m;"},"content":{"rendered":"<p>Oroszorsz\u00e1g, 1887., \u2020?: \u00f3r\u00e1smester \u00e9s \u00e9kszer\u00e9sz. \u2013 Iskol\u00e1it Oroszo.-ban v\u00e9gezte, uo. tanulta az ipart is. \u00d6n\u00e1ll\u00f3 lett Mv.-en (1907\u2013). K\u00f6zismert j\u00f3nev\u0171 iparosa volt a v\u00e1rosnak, minden kultur\u00e1lis, hazafias egyes\u00fclet t\u00e1mogat\u00f3ja volt. Az \u00d3r\u00e1s- \u00e9s \u00c9kszer\u00e9sz Ipart\u00e1rsulat eln\u00f6ke, a Keresked\u0151k T\u00e1rsulat\u00e1nak v\u00e1lasztm\u00e1nyi tagja volt. A v\u00e1ros legnagyobb ad\u00f3z\u00f3ja volt (1920). Feles\u00e9ge Fischer Olga (\u20131940). Arany diplom\u00e1t nyert az ipari \u00e9s gazdas\u00e1gi ki\u00e1ll\u00edt\u00e1son (1931), t\u00f6bb \u00edzben nyert a kirakatversenyen. <br \/><strong>Irod.:<\/strong> Id\u0151t\u00e1r 3; Sz\u00e9kelyf\u00f6ld \u00ed. k.<\/br><\/p>\n","protected":false},"excerpt":{"rendered":"<p>Oroszorsz\u00e1g, 1887., \u2020?: \u00f3r\u00e1smester \u00e9s \u00e9kszer\u00e9sz. \u2013 Iskol\u00e1it Oroszo.-ban v\u00e9gezte, uo. tanulta az ipart is. \u00d6n\u00e1ll\u00f3 lett Mv.-en (1907\u2013). K\u00f6zismert j\u00f3nev\u0171 iparosa volt a v\u00e1rosnak, minden kultur\u00e1lis, hazafias egyes\u00fclet t\u00e1mogat\u00f3ja volt. Az \u00d3r\u00e1s- \u00e9s \u00c9kszer\u00e9sz Ipart\u00e1rsulat eln\u00f6ke, a Keresked\u0151k T\u00e1rsulat\u00e1nak v\u00e1lasztm\u00e1nyi tagja volt. A v\u00e1ros legnagyobb ad\u00f3z\u00f3ja volt (1920). Feles\u00e9ge Fischer Olga (\u20131940). Arany diplom\u00e1t [&hellip;]<\/p>\n","protected":false},"featured_media":0,"comment_status":"open","ping_status":"closed","template":"","meta":[],"product_brand":[],"product_cat":[137],"product_tag":[],"class_list":{"0":"post-20554","1":"product","2":"type-product","3":"status-publish","5":"product_cat-maros-megyei-eletrajzi-lexikon","7":"first","8":"instock","9":"shipping-taxable","10":"product-type-simple"},"_links":{"self":[{"href":"https:\/\/uj.adatbank.ro\/lexikon\/wp-json\/wp\/v2\/product\/20554","targetHints":{"allow":["GET"]}}],"collection":[{"href":"https:\/\/uj.adatbank.ro\/lexikon\/wp-json\/wp\/v2\/product"}],"about":[{"href":"https:\/\/uj.adatbank.ro\/lexikon\/wp-json\/wp\/v2\/types\/product"}],"replies":[{"embeddable":true,"href":"https:\/\/uj.adatbank.ro\/lexikon\/wp-json\/wp\/v2\/comments?post=20554"}],"wp:attachment":[{"href":"https:\/\/uj.adatbank.ro\/lexikon\/wp-json\/wp\/v2\/media?parent=20554"}],"wp:term":[{"taxonomy":"product_brand","embeddable":true,"href":"https:\/\/uj.adatbank.ro\/lexikon\/wp-json\/wp\/v2\/product_brand?post=20554"},{"taxonomy":"product_cat","embeddable":true,"href":"https:\/\/uj.adatbank.ro\/lexikon\/wp-json\/wp\/v2\/product_cat?post=20554"},{"taxonomy":"product_tag","embeddable":true,"href":"https:\/\/uj.adatbank.ro\/lexikon\/wp-json\/wp\/v2\/product_tag?post=20554"}],"curies":[{"name":"wp","href":"https:\/\/api.w.org\/{rel}","templated":true}]}}