{"id":20560,"date":"2025-07-22T18:53:20","date_gmt":"2025-07-22T16:53:20","guid":{"rendered":"https:\/\/uj.adatbank.ro\/lexikon\/termek\/soare-dumitru\/"},"modified":"2025-07-22T18:53:20","modified_gmt":"2025-07-22T16:53:20","slug":"soare-dumitru","status":"publish","type":"product","link":"https:\/\/uj.adatbank.ro\/lexikon\/termek\/soare-dumitru\/","title":{"rendered":"SOARE, Dumitru"},"content":{"rendered":"<p>Balote\u015fti, 1926. aug. 1., \u2020 Buc., 1990. dec. 2.: ortodox pap. \u2013 Teol\u00f3gi\u00e1t v\u00e9gzett Buk-ben (1946\u201350), doktor\u00e1lt vall\u00e1st\u00f6rt\u00e9netb\u0151l (1958). Pap Maroslekenc\u00e9n, Mez\u0151velk\u00e9ren, Ny\u00e1r\u00e1dt\u0151n (1959\u201361), Keresztv\u00e1ron (Brass\u00f3) (1974\u201382). \u00c9rseks\u00e9gi tan\u00e1csad\u00f3, a k\u00fclkapcsolatok oszt\u00e1ly\u00e1nak vezet\u0151je (1974\u201382). A Rom\u00e1n Ortodox Egyh\u00e1z Biblia \u00e9s Misszi\u00f3s Int\u00e9zet\u00e9nek igazgat\u00f3ja (1982\u201390), egyid\u0151ben Otopeniben \u00e9s Buk. \u2013 ben teljes\u00edtett papi szolg\u00e1latot. A Rom\u00e1n Ortodox Egyh\u00e1z k\u00e9pvisel\u0151je a hazai \u00e9s k\u00fclf\u00f6ldi \u00f6sszej\u00f6veteleken. Cikkei vall\u00e1si foly\u00f3iratokban jelentek meg: Ortodoxia, Studii Teologice, Mitropolia Ardealului, Biserica Ortodoxa Romana. Szerkesztette a Romanian Orthodox Church News. <br \/><strong>Irod.:<\/strong> Todea 2013.<\/br><\/p>\n","protected":false},"excerpt":{"rendered":"<p>Balote\u015fti, 1926. aug. 1., \u2020 Buc., 1990. dec. 2.: ortodox pap. \u2013 Teol\u00f3gi\u00e1t v\u00e9gzett Buk-ben (1946\u201350), doktor\u00e1lt vall\u00e1st\u00f6rt\u00e9netb\u0151l (1958). Pap Maroslekenc\u00e9n, Mez\u0151velk\u00e9ren, Ny\u00e1r\u00e1dt\u0151n (1959\u201361), Keresztv\u00e1ron (Brass\u00f3) (1974\u201382). \u00c9rseks\u00e9gi tan\u00e1csad\u00f3, a k\u00fclkapcsolatok oszt\u00e1ly\u00e1nak vezet\u0151je (1974\u201382). A Rom\u00e1n Ortodox Egyh\u00e1z Biblia \u00e9s Misszi\u00f3s Int\u00e9zet\u00e9nek igazgat\u00f3ja (1982\u201390), egyid\u0151ben Otopeniben \u00e9s Buk. \u2013 ben teljes\u00edtett papi szolg\u00e1latot. A Rom\u00e1n [&hellip;]<\/p>\n","protected":false},"featured_media":0,"comment_status":"open","ping_status":"closed","template":"","meta":[],"product_brand":[],"product_cat":[137],"product_tag":[],"class_list":{"0":"post-20560","1":"product","2":"type-product","3":"status-publish","5":"product_cat-maros-megyei-eletrajzi-lexikon","7":"first","8":"instock","9":"shipping-taxable","10":"product-type-simple"},"_links":{"self":[{"href":"https:\/\/uj.adatbank.ro\/lexikon\/wp-json\/wp\/v2\/product\/20560","targetHints":{"allow":["GET"]}}],"collection":[{"href":"https:\/\/uj.adatbank.ro\/lexikon\/wp-json\/wp\/v2\/product"}],"about":[{"href":"https:\/\/uj.adatbank.ro\/lexikon\/wp-json\/wp\/v2\/types\/product"}],"replies":[{"embeddable":true,"href":"https:\/\/uj.adatbank.ro\/lexikon\/wp-json\/wp\/v2\/comments?post=20560"}],"wp:attachment":[{"href":"https:\/\/uj.adatbank.ro\/lexikon\/wp-json\/wp\/v2\/media?parent=20560"}],"wp:term":[{"taxonomy":"product_brand","embeddable":true,"href":"https:\/\/uj.adatbank.ro\/lexikon\/wp-json\/wp\/v2\/product_brand?post=20560"},{"taxonomy":"product_cat","embeddable":true,"href":"https:\/\/uj.adatbank.ro\/lexikon\/wp-json\/wp\/v2\/product_cat?post=20560"},{"taxonomy":"product_tag","embeddable":true,"href":"https:\/\/uj.adatbank.ro\/lexikon\/wp-json\/wp\/v2\/product_tag?post=20560"}],"curies":[{"name":"wp","href":"https:\/\/api.w.org\/{rel}","templated":true}]}}