{"id":20568,"date":"2025-07-22T18:53:33","date_gmt":"2025-07-22T16:53:33","guid":{"rendered":"https:\/\/uj.adatbank.ro\/lexikon\/termek\/socol-iosif\/"},"modified":"2025-07-22T18:53:33","modified_gmt":"2025-07-22T16:53:33","slug":"socol-iosif","status":"publish","type":"product","link":"https:\/\/uj.adatbank.ro\/lexikon\/termek\/socol-iosif\/","title":{"rendered":"SOCOL, Iosif"},"content":{"rendered":"<p>Sz\u00e9lk\u00fat, 1841. \u2020?: g. kat. pap. \u2013 S. Basiliu fia. \u2013 Bal\u00e1zsfalv\u00e1n v\u00e9gezte a teol\u00f3gi\u00e1t (1863\u201366), papp\u00e1 szentelt\u00e9k (1867), Sz\u00e9lk\u00fatba helyezt\u00e9k, ahol apj\u00e1t k\u00f6vette a papi tennd\u0151k elv\u00e9gz\u00e9s\u00e9ben. Sz\u00e9lk\u00fatb\u00f3l Szentp\u00e1lra ker\u00fclt. <br \/><strong>Irod.:<\/strong> S\u0103lcud.<\/br><\/p>\n","protected":false},"excerpt":{"rendered":"<p>Sz\u00e9lk\u00fat, 1841. \u2020?: g. kat. pap. \u2013 S. Basiliu fia. \u2013 Bal\u00e1zsfalv\u00e1n v\u00e9gezte a teol\u00f3gi\u00e1t (1863\u201366), papp\u00e1 szentelt\u00e9k (1867), Sz\u00e9lk\u00fatba helyezt\u00e9k, ahol apj\u00e1t k\u00f6vette a papi tennd\u0151k elv\u00e9gz\u00e9s\u00e9ben. Sz\u00e9lk\u00fatb\u00f3l Szentp\u00e1lra ker\u00fclt. Irod.: S\u0103lcud.<\/p>\n","protected":false},"featured_media":0,"comment_status":"open","ping_status":"closed","template":"","meta":[],"product_brand":[],"product_cat":[137],"product_tag":[],"class_list":{"0":"post-20568","1":"product","2":"type-product","3":"status-publish","5":"product_cat-maros-megyei-eletrajzi-lexikon","7":"first","8":"instock","9":"shipping-taxable","10":"product-type-simple"},"_links":{"self":[{"href":"https:\/\/uj.adatbank.ro\/lexikon\/wp-json\/wp\/v2\/product\/20568","targetHints":{"allow":["GET"]}}],"collection":[{"href":"https:\/\/uj.adatbank.ro\/lexikon\/wp-json\/wp\/v2\/product"}],"about":[{"href":"https:\/\/uj.adatbank.ro\/lexikon\/wp-json\/wp\/v2\/types\/product"}],"replies":[{"embeddable":true,"href":"https:\/\/uj.adatbank.ro\/lexikon\/wp-json\/wp\/v2\/comments?post=20568"}],"wp:attachment":[{"href":"https:\/\/uj.adatbank.ro\/lexikon\/wp-json\/wp\/v2\/media?parent=20568"}],"wp:term":[{"taxonomy":"product_brand","embeddable":true,"href":"https:\/\/uj.adatbank.ro\/lexikon\/wp-json\/wp\/v2\/product_brand?post=20568"},{"taxonomy":"product_cat","embeddable":true,"href":"https:\/\/uj.adatbank.ro\/lexikon\/wp-json\/wp\/v2\/product_cat?post=20568"},{"taxonomy":"product_tag","embeddable":true,"href":"https:\/\/uj.adatbank.ro\/lexikon\/wp-json\/wp\/v2\/product_tag?post=20568"}],"curies":[{"name":"wp","href":"https:\/\/api.w.org\/{rel}","templated":true}]}}