{"id":2057,"date":"2025-06-28T12:02:31","date_gmt":"2025-06-28T10:02:31","guid":{"rendered":"https:\/\/uj.adatbank.ro\/lexikon\/termek\/balogh-erno\/"},"modified":"2025-06-28T12:02:31","modified_gmt":"2025-06-28T10:02:31","slug":"balogh-erno","status":"publish","type":"product","link":"https:\/\/uj.adatbank.ro\/lexikon\/termek\/balogh-erno\/","title":{"rendered":"BALOGH Ern\u0151"},"content":{"rendered":"<p>Kv., 1919, \u2020\u00a0Mv., 1995. orvos. \u2013 Kv.-on volt k\u00f6z\u00e9piskol\u00e1s \u00e9s orvostan hallgat\u00f3 a Ferenc J\u00f3zsef TE. R\u00e9szt vett az EME gyergy\u00f3szentmikl\u00f3si v\u00e1ndorgy\u0171l\u00e9s\u00e9n, el\u0151ad\u00e1sa: A Gyilkos-t\u00f3 \u00e9s sorsa. \u2013 Az egyetem Mv.-re k\u00f6lt\u00f6z\u00f6tt, itt d\u00e9k\u00e1n (1947). Az Urol\u00f3gi\u00e1n tan\u00e1rseg\u00e9d (1948\u2013), k\u00f3rh\u00e1zi szakorvos (1950\u2013). Az egyetemi klinik\u00e1n K\u00f3tay P\u00e1l f\u0151orvos helyettes (1957\u2013). Nyugd\u00edjask\u00e9nt is rendelt a poliklinik\u00e1n. \u2013 <strong>F. m.:<\/strong> Kvarc az Erd\u00e9lyi medence fels\u0151 mediterran gipszeiben. N\u00e9metnyelv\u0171 kivonattal. Cluj-Kv.; , (Erd\u00e9lyi Tudom\u00e1nyos F\u00fczetek., 1926); A f\u00f6ldk\u00f6penyege. A leveg\u0151 saj\u00e1ts\u00e1gai \u00e9s t\u00fcnem\u00e9nyei. (Cluj-Kv., 1926). <br \/><strong>Irod.:<\/strong> Kiss-P- P<\/br><\/p>\n","protected":false},"excerpt":{"rendered":"<p>Kv., 1919, \u2020\u00a0Mv., 1995. orvos. \u2013 Kv.-on volt k\u00f6z\u00e9piskol\u00e1s \u00e9s orvostan hallgat\u00f3 a Ferenc J\u00f3zsef TE. R\u00e9szt vett az EME gyergy\u00f3szentmikl\u00f3si v\u00e1ndorgy\u0171l\u00e9s\u00e9n, el\u0151ad\u00e1sa: A Gyilkos-t\u00f3 \u00e9s sorsa. \u2013 Az egyetem Mv.-re k\u00f6lt\u00f6z\u00f6tt, itt d\u00e9k\u00e1n (1947). Az Urol\u00f3gi\u00e1n tan\u00e1rseg\u00e9d (1948\u2013), k\u00f3rh\u00e1zi szakorvos (1950\u2013). Az egyetemi klinik\u00e1n K\u00f3tay P\u00e1l f\u0151orvos helyettes (1957\u2013). Nyugd\u00edjask\u00e9nt is rendelt a poliklinik\u00e1n. [&hellip;]<\/p>\n","protected":false},"featured_media":0,"comment_status":"open","ping_status":"closed","template":"","meta":[],"product_brand":[],"product_cat":[137],"product_tag":[],"class_list":{"0":"post-2057","1":"product","2":"type-product","3":"status-publish","5":"product_cat-maros-megyei-eletrajzi-lexikon","7":"first","8":"instock","9":"shipping-taxable","10":"product-type-simple"},"_links":{"self":[{"href":"https:\/\/uj.adatbank.ro\/lexikon\/wp-json\/wp\/v2\/product\/2057","targetHints":{"allow":["GET"]}}],"collection":[{"href":"https:\/\/uj.adatbank.ro\/lexikon\/wp-json\/wp\/v2\/product"}],"about":[{"href":"https:\/\/uj.adatbank.ro\/lexikon\/wp-json\/wp\/v2\/types\/product"}],"replies":[{"embeddable":true,"href":"https:\/\/uj.adatbank.ro\/lexikon\/wp-json\/wp\/v2\/comments?post=2057"}],"wp:attachment":[{"href":"https:\/\/uj.adatbank.ro\/lexikon\/wp-json\/wp\/v2\/media?parent=2057"}],"wp:term":[{"taxonomy":"product_brand","embeddable":true,"href":"https:\/\/uj.adatbank.ro\/lexikon\/wp-json\/wp\/v2\/product_brand?post=2057"},{"taxonomy":"product_cat","embeddable":true,"href":"https:\/\/uj.adatbank.ro\/lexikon\/wp-json\/wp\/v2\/product_cat?post=2057"},{"taxonomy":"product_tag","embeddable":true,"href":"https:\/\/uj.adatbank.ro\/lexikon\/wp-json\/wp\/v2\/product_tag?post=2057"}],"curies":[{"name":"wp","href":"https:\/\/api.w.org\/{rel}","templated":true}]}}

BALOGH Ernő

<p>Kv., 1919, † Mv., 1995. orvos. – Kv.-on volt középiskolás és orvostan hallgató a Ferenc József TE. Részt vett az EME gyergyószentmiklósi vándorgyűlésén, előadása: A Gyilkos-tó és sorsa. – Az egyetem Mv.-re költözött, itt dékán (1947). Az Urológián tanársegéd (1948–), kórházi szakorvos (1950–). Az egyetemi klinikán Kótay Pál főorvos helyettes (1957–). Nyugdíjasként is rendelt a poliklinikán. – <strong>F. m.:</strong> Kvarc az Erdélyi medence felső mediterran gipszeiben. Németnyelvű kivonattal. Cluj-Kv.; , (Erdélyi Tudományos Füzetek., 1926); A földköpenyege. A levegő sajátságai és tüneményei. (Cluj-Kv., 1926). <br /><strong>Irod.:</strong> Kiss-P- P</br></p>

<p>Kv., 1919, † Mv., 1995. orvos. – Kv.-on volt középiskolás és orvostan hallgató a Ferenc József TE. Részt vett az EME gyergyószentmiklósi vándorgyűlésén, előadása: A Gyilkos-tó és sorsa. – Az egyetem Mv.-re költözött, itt dékán (1947). Az Urológián tanársegéd (1948–), kórházi szakorvos (1950–). Az egyetemi klinikán Kótay Pál főorvos helyettes (1957–). Nyugdíjasként is rendelt a poliklinikán. [&hellip;]</p>
