{"id":20580,"date":"2025-07-22T18:54:01","date_gmt":"2025-07-22T16:54:01","guid":{"rendered":"https:\/\/uj.adatbank.ro\/lexikon\/termek\/sofalvi-janos-3\/"},"modified":"2025-07-22T18:54:01","modified_gmt":"2025-07-22T16:54:01","slug":"sofalvi-janos-3","status":"publish","type":"product","link":"https:\/\/uj.adatbank.ro\/lexikon\/termek\/sofalvi-janos-3\/","title":{"rendered":"S\u00d3FALVI J\u00e1nos"},"content":{"rendered":"<p>? \u2020?: r. k. pap. \u2013 Jobb\u00e1gyfalvi pl\u00e9b\u00e1nos, szentsz\u00e9ki tan\u00e1csos. Ny\u00e1r\u00e1dszered\u00e1ban pl\u00e9b\u00e1nos (1977\u201383). Mv.-i \u00faj pl\u00e9b\u00e1nia templom vezet\u00e9s\u00e9re kapott kinevez\u00e9st (1989. \u00e1pr. 1.\u2013), a minorita templomot is vezette. <br \/><strong>Irod.:<\/strong> Maros-k\u00fck\u00fcll\u0151i f\u0151esp; Ny\u00e1r\u00e1dremete.<\/br><\/p>\n","protected":false},"excerpt":{"rendered":"<p>? \u2020?: r. k. pap. \u2013 Jobb\u00e1gyfalvi pl\u00e9b\u00e1nos, szentsz\u00e9ki tan\u00e1csos. Ny\u00e1r\u00e1dszered\u00e1ban pl\u00e9b\u00e1nos (1977\u201383). Mv.-i \u00faj pl\u00e9b\u00e1nia templom vezet\u00e9s\u00e9re kapott kinevez\u00e9st (1989. \u00e1pr. 1.\u2013), a minorita templomot is vezette. Irod.: Maros-k\u00fck\u00fcll\u0151i f\u0151esp; Ny\u00e1r\u00e1dremete.<\/p>\n","protected":false},"featured_media":0,"comment_status":"open","ping_status":"closed","template":"","meta":[],"product_brand":[],"product_cat":[137],"product_tag":[],"class_list":{"0":"post-20580","1":"product","2":"type-product","3":"status-publish","5":"product_cat-maros-megyei-eletrajzi-lexikon","7":"first","8":"instock","9":"shipping-taxable","10":"product-type-simple"},"_links":{"self":[{"href":"https:\/\/uj.adatbank.ro\/lexikon\/wp-json\/wp\/v2\/product\/20580","targetHints":{"allow":["GET"]}}],"collection":[{"href":"https:\/\/uj.adatbank.ro\/lexikon\/wp-json\/wp\/v2\/product"}],"about":[{"href":"https:\/\/uj.adatbank.ro\/lexikon\/wp-json\/wp\/v2\/types\/product"}],"replies":[{"embeddable":true,"href":"https:\/\/uj.adatbank.ro\/lexikon\/wp-json\/wp\/v2\/comments?post=20580"}],"wp:attachment":[{"href":"https:\/\/uj.adatbank.ro\/lexikon\/wp-json\/wp\/v2\/media?parent=20580"}],"wp:term":[{"taxonomy":"product_brand","embeddable":true,"href":"https:\/\/uj.adatbank.ro\/lexikon\/wp-json\/wp\/v2\/product_brand?post=20580"},{"taxonomy":"product_cat","embeddable":true,"href":"https:\/\/uj.adatbank.ro\/lexikon\/wp-json\/wp\/v2\/product_cat?post=20580"},{"taxonomy":"product_tag","embeddable":true,"href":"https:\/\/uj.adatbank.ro\/lexikon\/wp-json\/wp\/v2\/product_tag?post=20580"}],"curies":[{"name":"wp","href":"https:\/\/api.w.org\/{rel}","templated":true}]}}