{"id":20581,"date":"2025-07-22T18:54:05","date_gmt":"2025-07-22T16:54:05","guid":{"rendered":"https:\/\/uj.adatbank.ro\/lexikon\/termek\/sofalvi-jozsef-iklandi\/"},"modified":"2025-07-22T18:54:05","modified_gmt":"2025-07-22T16:54:05","slug":"sofalvi-jozsef-iklandi","status":"publish","type":"product","link":"https:\/\/uj.adatbank.ro\/lexikon\/termek\/sofalvi-jozsef-iklandi\/","title":{"rendered":"S\u00d3FALVI J\u00f3zsef, iklandi"},"content":{"rendered":"<p>Et\u00e9d, 1802, \u2020\u00a0Mv., 1869 v\u00e9g\u00e9n: m\u00e9rn\u00f6k. \u2013 Feles\u00e9ge Vadadi Filep \u00c1gnes. \u2013 Tanulm\u00e1nyait a kv.-i Ref. Tanod\u00e1ban az \u00f6szt\u00f6nd\u00edjalapb\u00f3l v\u00e9gezte. M\u00e9rn\u00f6ki tanulm\u00e1nyokat B\u00e9csben folytatott. Marossz\u00e9k m\u00e9rn\u00f6ke \u00e9s tiszteletbeli jegyz\u0151je (1830). Fel\u00fcgyelete alatt v\u00e9gezt\u00e9k a Kir. T\u00e1bla m\u00e1sodik sz\u00e9kh\u00e1z\u00e1nak (F\u0151t\u00e9r 54 sz) renov\u00e1l\u00e1si munk\u00e1latait (1823). Kendeffy Elek a mv.-i Szentmikl\u00f3s-utcai (ma Bolyai u. 30) barokk st\u00edlus\u00fa palot\u00e1t \u00e1tadta a Kir. \u00cdt\u00e9l\u0151t\u00e1bla sz\u00e1m\u00e1ra, a szerz\u0151d\u00e9s sz\u00f6veg\u00e9t \u00edrta al\u00e1, mint a \u201ev\u00e1ros egyik hites senatora\u201d (1826. j\u00fan. 1.). Nevezetes tev\u00e9kenys\u00e9ge volt a Maros \u00e1rter\u00fclet\u00e9nek levezet\u00e9se, g\u00e1t\u00e9p\u00edt\u00e9si tervezetet dolgozott ki (1831), a gyakori \u00e1rv\u00edzveszedelem ellen val\u00f3 gy\u00f6keres v\u00e9dekez\u00e9s \u00e9rdek\u00e9ben szorosan egy\u00fcttm\u0171k\u00f6d\u00f6tt a v\u00e1rosi tan\u00e1ccsal. A k\u00f6lcs\u00f6n\u00f6s seg\u00edts\u00e9g, az erd\u00e9lyi els\u0151 sz\u00f6vetkez\u00e9sek megteremt\u0151je, \u00e9lharcosa. Olvas\u00f3t\u00e1rsas\u00e1got alak\u00edtott a magyar k\u00f6nyvek olvas\u00e1s\u00e1ra: \u201eA Mv.-t \u00e9s vid\u00e9k\u00e9n magyar k\u00f6nyvek honn olvashat\u00e1s\u00e1ra\u201d (1837) n\u00e9ven. Eredetileg 63 taggal, k\u00e9s\u0151bb megjelentette tagn\u00e9vsor\u00e1t \u00e9s k\u00f6nyvt\u00e1rjegyz\u00e9k\u00e9t (1839). Fel\u00fclemelkedve a tagd\u00edjvit\u00e1kon \u00fajj\u00e1szervezte az Olvas\u00f3t\u00e1rsas\u00e1got, tagl\u00e9tsz\u00e1m\u00e1t felszapor\u00edtotta 119-re, akik rendszeresen k\u00f6lcs\u00f6n\u00f6ztek k\u00f6nyvet (1843), a Kaszin\u00f3t\u00f3l k\u00e9rt helyet a k\u00f6nyvt\u00e1r sz\u00e1m\u00e1ra amit megkapott (1846). A Hazai sz\u00f6vetkezetimozgalom \u00fatt\u00f6r\u0151je. A T\u0171zk\u00e1rment\u0151 T\u00e1rsas\u00e1g meg\u00e1lmod\u00f3ja, megalak\u00edt\u00f3ja \u00e9s 30 \u00e9vig vezet\u0151je (1839\u201369). \u0150 honos\u00edtotta meg Erd\u00e9lyben Iklandon a lucernatermeszt\u00e9st. Megalap\u00edtotta Mv.-en az els\u0151 takar\u00e9kp\u00e9nzt\u00e1rt (40-es \u00e9vek). K\u00e9s\u0151bb a hadseregbe l\u00e9pett ott mint cs. kir. m\u00e9rn\u00f6kseg\u00e9d szolg\u00e1lt. Sz\u00e9kely Alap\u00edtv\u00e1ny c\u00edmen 1000 osztr\u00e1k \u00e9rt\u00e9k\u0171 forintott juttatott a mv.-i Ref. Koll. rendelkez\u00e9s\u00e9re (1866). <br \/><strong>Irod.:<\/strong> 1848\u20131849 Marossz\u00e9k; Barab\u00e1s Endre; Bi\u00e1s Istv\u00e1n; Filep; Id\u0151t\u00e1r 1; Kar\u00e1csony Istv\u00e1n: A Sz\u00e9kelyf\u00f6ldi Iparm\u00fazeum marosv\u00e1s\u00e1rhelyi \u00e9p\u00fclete = Liber discipulorum Kr\u00f3n. F\u00fcz. (1939. 4\/6); Man: Tg. M.; Mv. m\u0171v. v\u00e1r; Orb\u00e1n J\u00e1nos: A Kir\u00e1lyi T\u00e1bla els\u0151 k\u00e9t mv.-i sz\u00e9kh\u00e1za==St\u00edlusok, m\u0171vek, mesterek, P\u00e1l-Antal, P\u00e1l-Antal 2009; P\u00e1l-Antal 2013; Szentgy\u00f6rgyi; Torboszl\u00f3.<\/br><\/p>\n","protected":false},"excerpt":{"rendered":"<p>Et\u00e9d, 1802, \u2020\u00a0Mv., 1869 v\u00e9g\u00e9n: m\u00e9rn\u00f6k. \u2013 Feles\u00e9ge Vadadi Filep \u00c1gnes. \u2013 Tanulm\u00e1nyait a kv.-i Ref. Tanod\u00e1ban az \u00f6szt\u00f6nd\u00edjalapb\u00f3l v\u00e9gezte. M\u00e9rn\u00f6ki tanulm\u00e1nyokat B\u00e9csben folytatott. Marossz\u00e9k m\u00e9rn\u00f6ke \u00e9s tiszteletbeli jegyz\u0151je (1830). Fel\u00fcgyelete alatt v\u00e9gezt\u00e9k a Kir. T\u00e1bla m\u00e1sodik sz\u00e9kh\u00e1z\u00e1nak (F\u0151t\u00e9r 54 sz) renov\u00e1l\u00e1si munk\u00e1latait (1823). Kendeffy Elek a mv.-i Szentmikl\u00f3s-utcai (ma Bolyai u. 30) barokk st\u00edlus\u00fa [&hellip;]<\/p>\n","protected":false},"featured_media":0,"comment_status":"open","ping_status":"closed","template":"","meta":[],"product_brand":[],"product_cat":[137],"product_tag":[],"class_list":{"0":"post-20581","1":"product","2":"type-product","3":"status-publish","5":"product_cat-maros-megyei-eletrajzi-lexikon","7":"first","8":"instock","9":"shipping-taxable","10":"product-type-simple"},"_links":{"self":[{"href":"https:\/\/uj.adatbank.ro\/lexikon\/wp-json\/wp\/v2\/product\/20581","targetHints":{"allow":["GET"]}}],"collection":[{"href":"https:\/\/uj.adatbank.ro\/lexikon\/wp-json\/wp\/v2\/product"}],"about":[{"href":"https:\/\/uj.adatbank.ro\/lexikon\/wp-json\/wp\/v2\/types\/product"}],"replies":[{"embeddable":true,"href":"https:\/\/uj.adatbank.ro\/lexikon\/wp-json\/wp\/v2\/comments?post=20581"}],"wp:attachment":[{"href":"https:\/\/uj.adatbank.ro\/lexikon\/wp-json\/wp\/v2\/media?parent=20581"}],"wp:term":[{"taxonomy":"product_brand","embeddable":true,"href":"https:\/\/uj.adatbank.ro\/lexikon\/wp-json\/wp\/v2\/product_brand?post=20581"},{"taxonomy":"product_cat","embeddable":true,"href":"https:\/\/uj.adatbank.ro\/lexikon\/wp-json\/wp\/v2\/product_cat?post=20581"},{"taxonomy":"product_tag","embeddable":true,"href":"https:\/\/uj.adatbank.ro\/lexikon\/wp-json\/wp\/v2\/product_tag?post=20581"}],"curies":[{"name":"wp","href":"https:\/\/api.w.org\/{rel}","templated":true}]}}