{"id":20591,"date":"2025-07-22T18:54:27","date_gmt":"2025-07-22T16:54:27","guid":{"rendered":"https:\/\/uj.adatbank.ro\/lexikon\/termek\/soket-karoly\/"},"modified":"2025-07-22T18:54:27","modified_gmt":"2025-07-22T16:54:27","slug":"soket-karoly","status":"publish","type":"product","link":"https:\/\/uj.adatbank.ro\/lexikon\/termek\/soket-karoly\/","title":{"rendered":"SOKET K\u00e1roly"},"content":{"rendered":"<p>Mv., 1880, \u2020?: tisztvisel\u0151. \u2013 Mv.-en p\u00e9nz\u00fcgyi f\u0151tan\u00e1csos. Besorozt\u00e1k (1901). R\u00e9szt vett az I. vh.-ban (1915. \u00e1pr.1. \u2013 nov. 22, 1916. febr. 10.), az orosz \u00e9s az olasz fronton harcolt. F\u0151hadnagyi rangban szerelt le kit\u00fcntet\u00e9sekkel. P\u00e9nz\u00fcgyi tan\u00e1csos Mv.-en. <br \/><strong>Irod.:<\/strong> Erd\u00e9lyi ezredek; Koszta.<\/br><\/p>\n","protected":false},"excerpt":{"rendered":"<p>Mv., 1880, \u2020?: tisztvisel\u0151. \u2013 Mv.-en p\u00e9nz\u00fcgyi f\u0151tan\u00e1csos. Besorozt\u00e1k (1901). R\u00e9szt vett az I. vh.-ban (1915. \u00e1pr.1. \u2013 nov. 22, 1916. febr. 10.), az orosz \u00e9s az olasz fronton harcolt. F\u0151hadnagyi rangban szerelt le kit\u00fcntet\u00e9sekkel. P\u00e9nz\u00fcgyi tan\u00e1csos Mv.-en. Irod.: Erd\u00e9lyi ezredek; Koszta.<\/p>\n","protected":false},"featured_media":0,"comment_status":"open","ping_status":"closed","template":"","meta":[],"product_brand":[],"product_cat":[137],"product_tag":[],"class_list":{"0":"post-20591","1":"product","2":"type-product","3":"status-publish","5":"product_cat-maros-megyei-eletrajzi-lexikon","7":"first","8":"instock","9":"shipping-taxable","10":"product-type-simple"},"_links":{"self":[{"href":"https:\/\/uj.adatbank.ro\/lexikon\/wp-json\/wp\/v2\/product\/20591","targetHints":{"allow":["GET"]}}],"collection":[{"href":"https:\/\/uj.adatbank.ro\/lexikon\/wp-json\/wp\/v2\/product"}],"about":[{"href":"https:\/\/uj.adatbank.ro\/lexikon\/wp-json\/wp\/v2\/types\/product"}],"replies":[{"embeddable":true,"href":"https:\/\/uj.adatbank.ro\/lexikon\/wp-json\/wp\/v2\/comments?post=20591"}],"wp:attachment":[{"href":"https:\/\/uj.adatbank.ro\/lexikon\/wp-json\/wp\/v2\/media?parent=20591"}],"wp:term":[{"taxonomy":"product_brand","embeddable":true,"href":"https:\/\/uj.adatbank.ro\/lexikon\/wp-json\/wp\/v2\/product_brand?post=20591"},{"taxonomy":"product_cat","embeddable":true,"href":"https:\/\/uj.adatbank.ro\/lexikon\/wp-json\/wp\/v2\/product_cat?post=20591"},{"taxonomy":"product_tag","embeddable":true,"href":"https:\/\/uj.adatbank.ro\/lexikon\/wp-json\/wp\/v2\/product_tag?post=20591"}],"curies":[{"name":"wp","href":"https:\/\/api.w.org\/{rel}","templated":true}]}}