{"id":2060,"date":"2025-06-28T12:02:34","date_gmt":"2025-06-28T10:02:34","guid":{"rendered":"https:\/\/uj.adatbank.ro\/lexikon\/termek\/balogh-ferenc-%c2%a7\/"},"modified":"2025-06-28T12:02:34","modified_gmt":"2025-06-28T10:02:34","slug":"balogh-ferenc-%c2%a7","status":"publish","type":"product","link":"https:\/\/uj.adatbank.ro\/lexikon\/termek\/balogh-ferenc-%c2%a7\/","title":{"rendered":"BALOGH Ferenc, \u00a7"},"content":{"rendered":"<p>Bar\u00e1tos, 1895., \u2020\u00a01990.: ref. lek\u00e9sz. \u2013 L\u00f3f\u0151sz\u00e9kely nemesi csal\u00e1db\u00f3l sz\u00e1rmazott. Tanulm\u00e1nyait Sepsiszentgy\u00f6rgy\u00f6n, Kv.-on v\u00e9gezte, pap lett (1925). R\u00e9szt vett az els\u0151 vh.-ban (1916\u201320) a 24. gy. e. az orosz \u00e9s az olasz fronton harcolt, fogs\u00e1gba ker\u00fclt (1920. szabadult). Hadnagyi rangban szerelt le. I. ez\u00fcst, bronz. Vit. \u00e9rem \u00e9s a K\u00e1roly Csapatkereszt kit\u00fcntetettje. Als\u00f3s\u00f3falv\u00e1n, majd Makfalv\u00e1n teljes\u00edtett szolg\u00e1latot (1935. \u00e1pr. 15. \u2013 1969. jan. 1.). A Gazdak\u00f6r eln\u00f6ke. A gy\u00f3gyszert\u00e1r k\u00f6zmunk\u00e1val val\u00f3 fel\u00e9p\u00edt\u00e9s\u00e9t ir\u00e1ny\u00edtotta (1935 \u0151sz\u00e9n). \u00daj iskol\u00e1t \u00e9p\u00edttetett k\u00f6zadakoz\u00e1sb\u00f3l, k\u00f6zmunk\u00e1val az egyh\u00e1zk\u00f6zs\u00e9g erdej\u00e9b\u0151l b\u00edztos\u00edtva a faanyagot. (1938\u201339), amelyet m\u00e9g k\u00e9t tanteremmel megt\u00f3ldott (1943\u20131944). K\u00e9relmezte ref. polg\u00e1ri iskola beind\u00edt\u00e1s\u00e1t Makfalv\u00e1n, amit enged\u00e9lyeztek \u00e9s beindult az els\u0151 oszt. (1943\u201344). Ebben alkalmazt\u00e1k az \u00e1llamos\u00edtott Wessel\u00e9nyi iskol\u00e1b\u00f3l kitett taner\u0151ket. Gy\u00fcm\u00f6lcs\u00f6st l\u00e9tes\u00edtett, a lelk\u00e9szi f\u00f6ldeket megm\u0171velte, az erd\u0151ket haszonb\u00e9rbe adta, az egyh\u00e1z ad\u00f3ss\u00e1gait t\u00f6rlesztette. A II. vh. idej\u00e9n az eg\u00e9sz Kisk\u00fck\u00fcll\u0151 vonalon Parajdt\u00f3l Balav\u00e1s\u00e1rig egyed\u00fcl maradt lelk\u00e9sz, am\u00edg hivatalosan is r\u00e1parancsoltak, h. csal\u00e1dj\u00e1val egy\u00fctt t\u00e1vozz\u00e9k a falub\u00f3l (1944 nyar\u00e1n). Visszat\u00e9rt (1945. febr.) \u00e9s folytatta munk\u00e1j\u00e1t: \u00faj tan\u00e1rokat h\u00edvott a ref. polg\u00e1ri iskol\u00e1ba, de az \u00e1llam a ny\u00e1ri vak\u00e1ci\u00f3 idej\u00e9n (1948) \u00e1llamos\u00edtotta az iskol\u00e1t \u00e9s az egyh\u00e1z ing\u00f3 \u00e9s ingatlan javainak nagy r\u00e9sz\u00e9t. <br \/><strong>Irod.:<\/strong> Makfalvi okt. t\u00f6rt.; Ref. egyetemes n\u00e9vt\u00e1r; Sz\u00e9kelyf\u00f6ld \u00ed. k.<\/br><\/p>\n","protected":false},"excerpt":{"rendered":"<p>Bar\u00e1tos, 1895., \u2020\u00a01990.: ref. lek\u00e9sz. \u2013 L\u00f3f\u0151sz\u00e9kely nemesi csal\u00e1db\u00f3l sz\u00e1rmazott. Tanulm\u00e1nyait Sepsiszentgy\u00f6rgy\u00f6n, Kv.-on v\u00e9gezte, pap lett (1925). R\u00e9szt vett az els\u0151 vh.-ban (1916\u201320) a 24. gy. e. az orosz \u00e9s az olasz fronton harcolt, fogs\u00e1gba ker\u00fclt (1920. szabadult). Hadnagyi rangban szerelt le. I. ez\u00fcst, bronz. Vit. \u00e9rem \u00e9s a K\u00e1roly Csapatkereszt kit\u00fcntetettje. Als\u00f3s\u00f3falv\u00e1n, majd Makfalv\u00e1n [&hellip;]<\/p>\n","protected":false},"featured_media":0,"comment_status":"open","ping_status":"closed","template":"","meta":[],"product_brand":[],"product_cat":[137],"product_tag":[],"class_list":{"0":"post-2060","1":"product","2":"type-product","3":"status-publish","5":"product_cat-maros-megyei-eletrajzi-lexikon","7":"first","8":"instock","9":"shipping-taxable","10":"product-type-simple"},"_links":{"self":[{"href":"https:\/\/uj.adatbank.ro\/lexikon\/wp-json\/wp\/v2\/product\/2060","targetHints":{"allow":["GET"]}}],"collection":[{"href":"https:\/\/uj.adatbank.ro\/lexikon\/wp-json\/wp\/v2\/product"}],"about":[{"href":"https:\/\/uj.adatbank.ro\/lexikon\/wp-json\/wp\/v2\/types\/product"}],"replies":[{"embeddable":true,"href":"https:\/\/uj.adatbank.ro\/lexikon\/wp-json\/wp\/v2\/comments?post=2060"}],"wp:attachment":[{"href":"https:\/\/uj.adatbank.ro\/lexikon\/wp-json\/wp\/v2\/media?parent=2060"}],"wp:term":[{"taxonomy":"product_brand","embeddable":true,"href":"https:\/\/uj.adatbank.ro\/lexikon\/wp-json\/wp\/v2\/product_brand?post=2060"},{"taxonomy":"product_cat","embeddable":true,"href":"https:\/\/uj.adatbank.ro\/lexikon\/wp-json\/wp\/v2\/product_cat?post=2060"},{"taxonomy":"product_tag","embeddable":true,"href":"https:\/\/uj.adatbank.ro\/lexikon\/wp-json\/wp\/v2\/product_tag?post=2060"}],"curies":[{"name":"wp","href":"https:\/\/api.w.org\/{rel}","templated":true}]}}

<p>Barátos, 1895., † 1990.: ref. lekész. – Lófőszékely nemesi családból származott. Tanulmányait Sepsiszentgyörgyön, Kv.-on végezte, pap lett (1925). Részt vett az első vh.-ban (1916–20) a 24. gy. e. az orosz és az olasz fronton harcolt, fogságba került (1920. szabadult). Hadnagyi rangban szerelt le. I. ezüst, bronz. Vit. érem és a Károly Csapatkereszt kitüntetettje. Alsósófalván, majd Makfalván teljesített szolgálatot (1935. ápr. 15. – 1969. jan. 1.). A Gazdakör elnöke. A gyógyszertár közmunkával való felépítését irányította (1935 őszén). Új iskolát építtetett közadakozásból, közmunkával az egyházközség erdejéből bíztosítva a faanyagot. (1938–39), amelyet még két tanteremmel megtóldott (1943–1944). Kérelmezte ref. polgári iskola beindítását Makfalván, amit engedélyeztek és beindult az első oszt. (1943–44). Ebben alkalmazták az államosított Wesselényi iskolából kitett tanerőket. Gyümölcsöst létesített, a lelkészi földeket megművelte, az erdőket haszonbérbe adta, az egyház adósságait törlesztette. A II. vh. idején az egész Kisküküllő vonalon Parajdtól Balavásárig egyedül maradt lelkész, amíg hivatalosan is ráparancsoltak, h. családjával együtt távozzék a faluból (1944 nyarán). Visszatért (1945. febr.) és folytatta munkáját: új tanárokat hívott a ref. polgári iskolába, de az állam a nyári vakáció idején (1948) államosította az iskolát és az egyház ingó és ingatlan javainak nagy részét. <br /><strong>Irod.:</strong> Makfalvi okt. tört.; Ref. egyetemes névtár; Székelyföld í. k.</br></p>

<p>Barátos, 1895., † 1990.: ref. lekész. – Lófőszékely nemesi családból származott. Tanulmányait Sepsiszentgyörgyön, Kv.-on végezte, pap lett (1925). Részt vett az első vh.-ban (1916–20) a 24. gy. e. az orosz és az olasz fronton harcolt, fogságba került (1920. szabadult). Hadnagyi rangban szerelt le. I. ezüst, bronz. Vit. érem és a Károly Csapatkereszt kitüntetettje. Alsósófalván, majd Makfalván [&hellip;]</p>
