{"id":20600,"date":"2025-07-22T18:54:44","date_gmt":"2025-07-22T16:54:44","guid":{"rendered":"https:\/\/uj.adatbank.ro\/lexikon\/termek\/solymosi-istvan-4\/"},"modified":"2025-07-22T18:54:44","modified_gmt":"2025-07-22T16:54:44","slug":"solymosi-istvan-4","status":"publish","type":"product","link":"https:\/\/uj.adatbank.ro\/lexikon\/termek\/solymosi-istvan-4\/","title":{"rendered":"SOLYMOSI Istv\u00e1n"},"content":{"rendered":"<p>? \u2020?: m\u00e9rn\u00f6k, m\u0171\u00e9p\u00edt\u00e9sz. \u2013 Mv.-en dolgozott. Nev\u00e9hez f\u0171z\u0151dik a marosorb\u00f3i H\u0151s\u00f6k Eml\u00e9km\u0171v\u00e9nek a megtervez\u00e9se (1949). A m\u0171 480.000 lejbe ker\u00fclt, \u00e9s Irsay M\u00f3zes k\u0151farag\u00f3 szobr\u00e1sz val\u00f3s\u00edtotta meg (1949. jan. 3. \u2013 m\u00e1j.9.). <br \/><strong>Irod.:<\/strong> Suciu.<\/br><\/p>\n","protected":false},"excerpt":{"rendered":"<p>? \u2020?: m\u00e9rn\u00f6k, m\u0171\u00e9p\u00edt\u00e9sz. \u2013 Mv.-en dolgozott. Nev\u00e9hez f\u0171z\u0151dik a marosorb\u00f3i H\u0151s\u00f6k Eml\u00e9km\u0171v\u00e9nek a megtervez\u00e9se (1949). A m\u0171 480.000 lejbe ker\u00fclt, \u00e9s Irsay M\u00f3zes k\u0151farag\u00f3 szobr\u00e1sz val\u00f3s\u00edtotta meg (1949. jan. 3. \u2013 m\u00e1j.9.). Irod.: Suciu.<\/p>\n","protected":false},"featured_media":0,"comment_status":"open","ping_status":"closed","template":"","meta":[],"product_brand":[],"product_cat":[137],"product_tag":[],"class_list":{"0":"post-20600","1":"product","2":"type-product","3":"status-publish","5":"product_cat-maros-megyei-eletrajzi-lexikon","7":"first","8":"instock","9":"shipping-taxable","10":"product-type-simple"},"_links":{"self":[{"href":"https:\/\/uj.adatbank.ro\/lexikon\/wp-json\/wp\/v2\/product\/20600","targetHints":{"allow":["GET"]}}],"collection":[{"href":"https:\/\/uj.adatbank.ro\/lexikon\/wp-json\/wp\/v2\/product"}],"about":[{"href":"https:\/\/uj.adatbank.ro\/lexikon\/wp-json\/wp\/v2\/types\/product"}],"replies":[{"embeddable":true,"href":"https:\/\/uj.adatbank.ro\/lexikon\/wp-json\/wp\/v2\/comments?post=20600"}],"wp:attachment":[{"href":"https:\/\/uj.adatbank.ro\/lexikon\/wp-json\/wp\/v2\/media?parent=20600"}],"wp:term":[{"taxonomy":"product_brand","embeddable":true,"href":"https:\/\/uj.adatbank.ro\/lexikon\/wp-json\/wp\/v2\/product_brand?post=20600"},{"taxonomy":"product_cat","embeddable":true,"href":"https:\/\/uj.adatbank.ro\/lexikon\/wp-json\/wp\/v2\/product_cat?post=20600"},{"taxonomy":"product_tag","embeddable":true,"href":"https:\/\/uj.adatbank.ro\/lexikon\/wp-json\/wp\/v2\/product_tag?post=20600"}],"curies":[{"name":"wp","href":"https:\/\/api.w.org\/{rel}","templated":true}]}}