{"id":20602,"date":"2025-07-22T18:54:49","date_gmt":"2025-07-22T16:54:49","guid":{"rendered":"https:\/\/uj.adatbank.ro\/lexikon\/termek\/solymosi-jozsef\/"},"modified":"2025-07-22T18:54:49","modified_gmt":"2025-07-22T16:54:49","slug":"solymosi-jozsef","status":"publish","type":"product","link":"https:\/\/uj.adatbank.ro\/lexikon\/termek\/solymosi-jozsef\/","title":{"rendered":"SOLYMOSI J\u00f3zsef"},"content":{"rendered":"<p>? \u2020?: tan\u00edt\u00f3. \u2013 Nagyenyeden subscrib\u00e1lt (1724). Magyarigenben, Magyarherep\u00e9n (1746\u201350), Nagykenden (1752), K\u00f3r\u00f3dszentm\u00e1rtonban (1759\u201362), S\u00f6v\u00e9nyfalv\u00e1n (1762). <br \/><strong>Irod.:<\/strong> K\u00fck\u00fcll\u0151i Ref. Egyh\u00e1zm. 2., 3., 4.<\/br><\/p>\n","protected":false},"excerpt":{"rendered":"<p>? \u2020?: tan\u00edt\u00f3. \u2013 Nagyenyeden subscrib\u00e1lt (1724). Magyarigenben, Magyarherep\u00e9n (1746\u201350), Nagykenden (1752), K\u00f3r\u00f3dszentm\u00e1rtonban (1759\u201362), S\u00f6v\u00e9nyfalv\u00e1n (1762). Irod.: K\u00fck\u00fcll\u0151i Ref. Egyh\u00e1zm. 2., 3., 4.<\/p>\n","protected":false},"featured_media":0,"comment_status":"open","ping_status":"closed","template":"","meta":[],"product_brand":[],"product_cat":[137],"product_tag":[],"class_list":{"0":"post-20602","1":"product","2":"type-product","3":"status-publish","5":"product_cat-maros-megyei-eletrajzi-lexikon","7":"first","8":"instock","9":"shipping-taxable","10":"product-type-simple"},"_links":{"self":[{"href":"https:\/\/uj.adatbank.ro\/lexikon\/wp-json\/wp\/v2\/product\/20602","targetHints":{"allow":["GET"]}}],"collection":[{"href":"https:\/\/uj.adatbank.ro\/lexikon\/wp-json\/wp\/v2\/product"}],"about":[{"href":"https:\/\/uj.adatbank.ro\/lexikon\/wp-json\/wp\/v2\/types\/product"}],"replies":[{"embeddable":true,"href":"https:\/\/uj.adatbank.ro\/lexikon\/wp-json\/wp\/v2\/comments?post=20602"}],"wp:attachment":[{"href":"https:\/\/uj.adatbank.ro\/lexikon\/wp-json\/wp\/v2\/media?parent=20602"}],"wp:term":[{"taxonomy":"product_brand","embeddable":true,"href":"https:\/\/uj.adatbank.ro\/lexikon\/wp-json\/wp\/v2\/product_brand?post=20602"},{"taxonomy":"product_cat","embeddable":true,"href":"https:\/\/uj.adatbank.ro\/lexikon\/wp-json\/wp\/v2\/product_cat?post=20602"},{"taxonomy":"product_tag","embeddable":true,"href":"https:\/\/uj.adatbank.ro\/lexikon\/wp-json\/wp\/v2\/product_tag?post=20602"}],"curies":[{"name":"wp","href":"https:\/\/api.w.org\/{rel}","templated":true}]}}