{"id":20616,"date":"2025-07-22T18:55:20","date_gmt":"2025-07-22T16:55:20","guid":{"rendered":"https:\/\/uj.adatbank.ro\/lexikon\/termek\/solyom-bela-albert\/"},"modified":"2025-07-22T18:55:20","modified_gmt":"2025-07-22T16:55:20","slug":"solyom-bela-albert","status":"publish","type":"product","link":"https:\/\/uj.adatbank.ro\/lexikon\/termek\/solyom-bela-albert\/","title":{"rendered":"S\u00d3LYOM B\u00e9la Albert"},"content":{"rendered":"<p>Torja, 1889. nov. 10., \u2020\u00a0Mv., 1953. okt. 17.: r. k. pap. \u2013 Papp\u00e1 szentelt\u00e9k (1913. j\u00fan. 22.). K\u00e1pl\u00e1n Ny\u00e1r\u00e1dremet\u00e9n (1913), Ditr\u00f3ban, Petrozs\u00e9nyban, Kv.-on, Brass\u00f3ban. Pl\u00e9b\u00e1nos K\u00e9zdis\u00e1rfalv\u00e1n (1928\u201340), Gyergy\u00f3csomafalv\u00e1n (1940\u201345), K\u00e9zdiszentl\u00e9leken. (1945\u201346). A ferencesek elvitele ut\u00e1n nyugd\u00edjask\u00e9nt v\u00e9gezte a szentmis\u00e9t a mv.-i ferences templomban hal\u00e1l\u00e1ig. <br \/><strong>Irod.:<\/strong> Ferenczi S\u00e1ndor 2009; Maros-k\u00fck\u00fcll\u0151i f\u0151esp.<\/br><\/p>\n","protected":false},"excerpt":{"rendered":"<p>Torja, 1889. nov. 10., \u2020\u00a0Mv., 1953. okt. 17.: r. k. pap. \u2013 Papp\u00e1 szentelt\u00e9k (1913. j\u00fan. 22.). K\u00e1pl\u00e1n Ny\u00e1r\u00e1dremet\u00e9n (1913), Ditr\u00f3ban, Petrozs\u00e9nyban, Kv.-on, Brass\u00f3ban. Pl\u00e9b\u00e1nos K\u00e9zdis\u00e1rfalv\u00e1n (1928\u201340), Gyergy\u00f3csomafalv\u00e1n (1940\u201345), K\u00e9zdiszentl\u00e9leken. (1945\u201346). A ferencesek elvitele ut\u00e1n nyugd\u00edjask\u00e9nt v\u00e9gezte a szentmis\u00e9t a mv.-i ferences templomban hal\u00e1l\u00e1ig. Irod.: Ferenczi S\u00e1ndor 2009; Maros-k\u00fck\u00fcll\u0151i f\u0151esp.<\/p>\n","protected":false},"featured_media":0,"comment_status":"open","ping_status":"closed","template":"","meta":[],"product_brand":[],"product_cat":[137],"product_tag":[],"class_list":{"0":"post-20616","1":"product","2":"type-product","3":"status-publish","5":"product_cat-maros-megyei-eletrajzi-lexikon","7":"first","8":"instock","9":"shipping-taxable","10":"product-type-simple"},"_links":{"self":[{"href":"https:\/\/uj.adatbank.ro\/lexikon\/wp-json\/wp\/v2\/product\/20616","targetHints":{"allow":["GET"]}}],"collection":[{"href":"https:\/\/uj.adatbank.ro\/lexikon\/wp-json\/wp\/v2\/product"}],"about":[{"href":"https:\/\/uj.adatbank.ro\/lexikon\/wp-json\/wp\/v2\/types\/product"}],"replies":[{"embeddable":true,"href":"https:\/\/uj.adatbank.ro\/lexikon\/wp-json\/wp\/v2\/comments?post=20616"}],"wp:attachment":[{"href":"https:\/\/uj.adatbank.ro\/lexikon\/wp-json\/wp\/v2\/media?parent=20616"}],"wp:term":[{"taxonomy":"product_brand","embeddable":true,"href":"https:\/\/uj.adatbank.ro\/lexikon\/wp-json\/wp\/v2\/product_brand?post=20616"},{"taxonomy":"product_cat","embeddable":true,"href":"https:\/\/uj.adatbank.ro\/lexikon\/wp-json\/wp\/v2\/product_cat?post=20616"},{"taxonomy":"product_tag","embeddable":true,"href":"https:\/\/uj.adatbank.ro\/lexikon\/wp-json\/wp\/v2\/product_tag?post=20616"}],"curies":[{"name":"wp","href":"https:\/\/api.w.org\/{rel}","templated":true}]}}