{"id":20618,"date":"2025-07-22T18:55:24","date_gmt":"2025-07-22T16:55:24","guid":{"rendered":"https:\/\/uj.adatbank.ro\/lexikon\/termek\/solyom-janos\/"},"modified":"2025-07-22T18:55:24","modified_gmt":"2025-07-22T16:55:24","slug":"solyom-janos","status":"publish","type":"product","link":"https:\/\/uj.adatbank.ro\/lexikon\/termek\/solyom-janos\/","title":{"rendered":"S\u00d3LYOM J\u00e1nos"},"content":{"rendered":"<p>Mv., 1899. nov.10. \u2020?: moln\u00e1r, munk\u00e1sigazgat\u00f3. \u2013 A mv.-i Kossuth u. 93.sz alatt tal\u00e1lhat\u00f3 Hedvig Malom \u00e1llamos\u00edt\u00e1s ut\u00e1n kinevezett igazgat\u00f3ja (1948. j\u00fan. 11\u2013). A malmot Goldstein Dezs\u0151 \u00e9s Heller M\u00f3zes l\u00e9tes\u00edtette, 29 munk\u00e1ssal dolgozott (1922. m\u00e1j. 16.\u2013). Az \u00fajonnan kinevezett igazgat\u00f3 ott volt f\u0151moln\u00e1r (1942. nov. 10.\u2013). Az \u00e1llamos\u00edt\u00e1s ut\u00e1n felmer\u00fcl\u0151 anyagi \u00e9s m\u00e1s term\u00e9szet\u0171 gondokat nem volt k\u00e9pes megoldani, ez\u00e9rt termel\u00e9svezet\u0151 beoszt\u00e1st kapott. (1949\u2013). A malom napi teljes\u00edtm\u00e9nye az \u00e1llamos\u00edt\u00e1s ut\u00e1n: 25000 kg b\u00faza v. rozs, 14000 kg kukorica, amely mennyis\u00e9g k\u00e9s\u0151bb 40%-kal nagyobb. <br \/><strong>Irod.:<\/strong> Bartos Zolt\u00e1n.<\/br><\/p>\n","protected":false},"excerpt":{"rendered":"<p>Mv., 1899. nov.10. \u2020?: moln\u00e1r, munk\u00e1sigazgat\u00f3. \u2013 A mv.-i Kossuth u. 93.sz alatt tal\u00e1lhat\u00f3 Hedvig Malom \u00e1llamos\u00edt\u00e1s ut\u00e1n kinevezett igazgat\u00f3ja (1948. j\u00fan. 11\u2013). A malmot Goldstein Dezs\u0151 \u00e9s Heller M\u00f3zes l\u00e9tes\u00edtette, 29 munk\u00e1ssal dolgozott (1922. m\u00e1j. 16.\u2013). Az \u00fajonnan kinevezett igazgat\u00f3 ott volt f\u0151moln\u00e1r (1942. nov. 10.\u2013). Az \u00e1llamos\u00edt\u00e1s ut\u00e1n felmer\u00fcl\u0151 anyagi \u00e9s m\u00e1s term\u00e9szet\u0171 [&hellip;]<\/p>\n","protected":false},"featured_media":0,"comment_status":"open","ping_status":"closed","template":"","meta":[],"product_brand":[],"product_cat":[137],"product_tag":[],"class_list":{"0":"post-20618","1":"product","2":"type-product","3":"status-publish","5":"product_cat-maros-megyei-eletrajzi-lexikon","7":"first","8":"instock","9":"shipping-taxable","10":"product-type-simple"},"_links":{"self":[{"href":"https:\/\/uj.adatbank.ro\/lexikon\/wp-json\/wp\/v2\/product\/20618","targetHints":{"allow":["GET"]}}],"collection":[{"href":"https:\/\/uj.adatbank.ro\/lexikon\/wp-json\/wp\/v2\/product"}],"about":[{"href":"https:\/\/uj.adatbank.ro\/lexikon\/wp-json\/wp\/v2\/types\/product"}],"replies":[{"embeddable":true,"href":"https:\/\/uj.adatbank.ro\/lexikon\/wp-json\/wp\/v2\/comments?post=20618"}],"wp:attachment":[{"href":"https:\/\/uj.adatbank.ro\/lexikon\/wp-json\/wp\/v2\/media?parent=20618"}],"wp:term":[{"taxonomy":"product_brand","embeddable":true,"href":"https:\/\/uj.adatbank.ro\/lexikon\/wp-json\/wp\/v2\/product_brand?post=20618"},{"taxonomy":"product_cat","embeddable":true,"href":"https:\/\/uj.adatbank.ro\/lexikon\/wp-json\/wp\/v2\/product_cat?post=20618"},{"taxonomy":"product_tag","embeddable":true,"href":"https:\/\/uj.adatbank.ro\/lexikon\/wp-json\/wp\/v2\/product_tag?post=20618"}],"curies":[{"name":"wp","href":"https:\/\/api.w.org\/{rel}","templated":true}]}}