{"id":20630,"date":"2025-07-22T18:55:50","date_gmt":"2025-07-22T16:55:50","guid":{"rendered":"https:\/\/uj.adatbank.ro\/lexikon\/termek\/sombori-jozsef-zetelaki\/"},"modified":"2025-07-22T18:55:50","modified_gmt":"2025-07-22T16:55:50","slug":"sombori-jozsef-zetelaki","status":"publish","type":"product","link":"https:\/\/uj.adatbank.ro\/lexikon\/termek\/sombori-jozsef-zetelaki\/","title":{"rendered":"SOMBORI J\u00f3zsef, zetelaki"},"content":{"rendered":"<p>Zetelaka, 1783. szept. 27., \u2020 Sz\u00e9kelyudvarhely, 1822. \u00e1pr. 19.: r. k. pap. \u2013 Tanult Sz\u00e9kelyudvarhelyt, majd a kv.-i r.-kat. F\u0151iskol\u00e1ban (1801\u201307); P\u00fcsp\u00f6ke, M\u00e1rtonfi J\u00f3zsef, a nagyszombati kispapi int\u00e9zetbe k\u00fcldte (1805), visszat\u00e9rt Erd\u00e9lybe \u00e9s Fels\u0151g\u00e1ldon papp\u00e1 szentelt\u00e9k (1806. szept. 28.). Mv.-en k\u00e1pl\u00e1n (1806\u201311). A gyulafeh\u00e9rv\u00e1ri papi szemin\u00e1riumban az egyh\u00e1zit\u00f6rt\u00e9net \u00e9s jog tan\u00e1ra s aligazgat\u00f3 volt (1811\u201315); Sz\u00e9kelyudvarhelyen lelkip\u00e1sztor, pl\u00e9b\u00e1nosnak (1816), esperes, gimn.-i igazgat\u00f3 \u00e9s tb. kanonok lett (1819). <strong>Cikkei:<\/strong> Erd\u00e9lyi M\u00fazeum, Tud. Gy\u0171jtem\u00e9ny, Nagyk\u00fck\u00fcll\u0151, Sz\u00e9kelyudvarhely c. lapokban. \u2013 <strong>F. m.<\/strong>: A haza szeretete egy besz\u00e9dben, melyet a marosv\u00e1s\u00e1rhelyi r\u00f3m. khat. nagytemplomban p\u00fcnk\u00f6sd hava 22. 1809-ben elmondott (Mv., 1809); Egy sz\u00f3 a felkel\u0151 magyar nemess\u00e9ghez T. N. K\u00fck\u00fcll\u0151 v\u00e1rmegye Z\u00e1szl\u00f3inak felszentel\u00e9se alkalmatoss\u00e1g\u00e1val, Sz. Mih\u00e1ly hava 1. napj\u00e1n 1809. (Mv., 1809); Tizenk\u00e9t egyh\u00e1zi besz\u00e9dek, melyeket annyi \u00fcnnepekre k\u00e9sz\u00edtett \u00e9s el mondott&#8230; 1808. (Csiksomly\u00f3, 1810.); Tizenk\u00e9t kereszt\u00e9nyi elm\u00e9lked\u00e9sek, melyeket k\u00e9sz\u00edtett \u00e9s elmondott&#8230; 1810. (Kv., 1811); N\u00e9hai m\u00e9lts. G. Tancsi F\u00f6ldv\u00e1ri Ter\u00e9zia asszonynak, m\u00e9lts. G\u00f6ntcz-Ruszkai Kornis J\u00e1nos \u00far&#8230; h\u00e1zas t\u00e1rs\u00e1nak d\u00edcs\u00e9retes eml\u00e9kezete, egy halotti besz\u00e9dben melyet k\u00e9sz\u00edtett \u00e9s b\u00f6jt m\u00e1s hava 15.-\u00e9n Marosv\u00e1s\u00e1rhelyt 1811. elmondott (Mv., 1811); Egyh\u00e1zi besz\u00e9dei 1\u20132. k\u00f6t. (Mv., 1825\u201326, 1828). <br \/><strong>Irod.:<\/strong> Ferenczi S\u00e1ndor 2009; Halotti besz\u00e9dek; Kr\u00f3n. F\u00fcz. (1939. 4\/5); MKL; Rugonfalvi Kiss; Szinnyei.<\/br><\/p>\n","protected":false},"excerpt":{"rendered":"<p>Zetelaka, 1783. szept. 27., \u2020 Sz\u00e9kelyudvarhely, 1822. \u00e1pr. 19.: r. k. pap. \u2013 Tanult Sz\u00e9kelyudvarhelyt, majd a kv.-i r.-kat. F\u0151iskol\u00e1ban (1801\u201307); P\u00fcsp\u00f6ke, M\u00e1rtonfi J\u00f3zsef, a nagyszombati kispapi int\u00e9zetbe k\u00fcldte (1805), visszat\u00e9rt Erd\u00e9lybe \u00e9s Fels\u0151g\u00e1ldon papp\u00e1 szentelt\u00e9k (1806. szept. 28.). Mv.-en k\u00e1pl\u00e1n (1806\u201311). A gyulafeh\u00e9rv\u00e1ri papi szemin\u00e1riumban az egyh\u00e1zit\u00f6rt\u00e9net \u00e9s jog tan\u00e1ra s aligazgat\u00f3 volt (1811\u201315); [&hellip;]<\/p>\n","protected":false},"featured_media":0,"comment_status":"open","ping_status":"closed","template":"","meta":[],"product_brand":[],"product_cat":[137],"product_tag":[],"class_list":{"0":"post-20630","1":"product","2":"type-product","3":"status-publish","5":"product_cat-maros-megyei-eletrajzi-lexikon","7":"first","8":"instock","9":"shipping-taxable","10":"product-type-simple"},"_links":{"self":[{"href":"https:\/\/uj.adatbank.ro\/lexikon\/wp-json\/wp\/v2\/product\/20630","targetHints":{"allow":["GET"]}}],"collection":[{"href":"https:\/\/uj.adatbank.ro\/lexikon\/wp-json\/wp\/v2\/product"}],"about":[{"href":"https:\/\/uj.adatbank.ro\/lexikon\/wp-json\/wp\/v2\/types\/product"}],"replies":[{"embeddable":true,"href":"https:\/\/uj.adatbank.ro\/lexikon\/wp-json\/wp\/v2\/comments?post=20630"}],"wp:attachment":[{"href":"https:\/\/uj.adatbank.ro\/lexikon\/wp-json\/wp\/v2\/media?parent=20630"}],"wp:term":[{"taxonomy":"product_brand","embeddable":true,"href":"https:\/\/uj.adatbank.ro\/lexikon\/wp-json\/wp\/v2\/product_brand?post=20630"},{"taxonomy":"product_cat","embeddable":true,"href":"https:\/\/uj.adatbank.ro\/lexikon\/wp-json\/wp\/v2\/product_cat?post=20630"},{"taxonomy":"product_tag","embeddable":true,"href":"https:\/\/uj.adatbank.ro\/lexikon\/wp-json\/wp\/v2\/product_tag?post=20630"}],"curies":[{"name":"wp","href":"https:\/\/api.w.org\/{rel}","templated":true}]}}