{"id":20634,"date":"2025-07-22T18:55:59","date_gmt":"2025-07-22T16:55:59","guid":{"rendered":"https:\/\/uj.adatbank.ro\/lexikon\/termek\/somesan-elena-%c2%a7\/"},"modified":"2025-07-22T18:55:59","modified_gmt":"2025-07-22T16:55:59","slug":"somesan-elena-%c2%a7","status":"publish","type":"product","link":"https:\/\/uj.adatbank.ro\/lexikon\/termek\/somesan-elena-%c2%a7\/","title":{"rendered":"SOME\u015eAN, Elena, \u00a7"},"content":{"rendered":"<p>G\u00f6rg\u00e9nyhod\u00e1k, 1925. j\u00fal. 19., \u2020 R\u00e9gen, 1981. febr. 28.: tan\u00edt\u00f3n\u0151. \u2013 Elemi iskol\u00e1ban Hod\u00e1kban (1934\u201338), Gimn\u00e1ziumban R\u00e9genben a Petru Maior Gimn\u00e1ziumban (1938\u201340) \u00e9s Beszterc\u00e9n (1940\u201342) l\u00edc.-ban \u00e9s tan\u00edt\u00f3k\u00e9pz\u0151ben Szamos\u00fajv\u00e1ron \u00e9s Mv.-en tanult (1942\u201346). Tan\u00edtott: Paszmoson (1946\u201352), Nagysaj\u00f3n (1952\u201360), R\u00e9genben az 1-es sz. \u00c1lt. Isk.-ban (1960\u201380). K\u00f6zben II. fokozati vizsg\u00e1t tett. Nyugd\u00edjazt\u00e1k (1980). <br \/><strong>Irod.:<\/strong> Dasc\u0103li mure\u015feni, 4.<\/br><\/p>\n","protected":false},"excerpt":{"rendered":"<p>G\u00f6rg\u00e9nyhod\u00e1k, 1925. j\u00fal. 19., \u2020 R\u00e9gen, 1981. febr. 28.: tan\u00edt\u00f3n\u0151. \u2013 Elemi iskol\u00e1ban Hod\u00e1kban (1934\u201338), Gimn\u00e1ziumban R\u00e9genben a Petru Maior Gimn\u00e1ziumban (1938\u201340) \u00e9s Beszterc\u00e9n (1940\u201342) l\u00edc.-ban \u00e9s tan\u00edt\u00f3k\u00e9pz\u0151ben Szamos\u00fajv\u00e1ron \u00e9s Mv.-en tanult (1942\u201346). Tan\u00edtott: Paszmoson (1946\u201352), Nagysaj\u00f3n (1952\u201360), R\u00e9genben az 1-es sz. \u00c1lt. Isk.-ban (1960\u201380). K\u00f6zben II. fokozati vizsg\u00e1t tett. Nyugd\u00edjazt\u00e1k (1980). Irod.: Dasc\u0103li mure\u015feni, [&hellip;]<\/p>\n","protected":false},"featured_media":0,"comment_status":"open","ping_status":"closed","template":"","meta":[],"product_brand":[],"product_cat":[137],"product_tag":[],"class_list":{"0":"post-20634","1":"product","2":"type-product","3":"status-publish","5":"product_cat-maros-megyei-eletrajzi-lexikon","7":"first","8":"instock","9":"shipping-taxable","10":"product-type-simple"},"_links":{"self":[{"href":"https:\/\/uj.adatbank.ro\/lexikon\/wp-json\/wp\/v2\/product\/20634","targetHints":{"allow":["GET"]}}],"collection":[{"href":"https:\/\/uj.adatbank.ro\/lexikon\/wp-json\/wp\/v2\/product"}],"about":[{"href":"https:\/\/uj.adatbank.ro\/lexikon\/wp-json\/wp\/v2\/types\/product"}],"replies":[{"embeddable":true,"href":"https:\/\/uj.adatbank.ro\/lexikon\/wp-json\/wp\/v2\/comments?post=20634"}],"wp:attachment":[{"href":"https:\/\/uj.adatbank.ro\/lexikon\/wp-json\/wp\/v2\/media?parent=20634"}],"wp:term":[{"taxonomy":"product_brand","embeddable":true,"href":"https:\/\/uj.adatbank.ro\/lexikon\/wp-json\/wp\/v2\/product_brand?post=20634"},{"taxonomy":"product_cat","embeddable":true,"href":"https:\/\/uj.adatbank.ro\/lexikon\/wp-json\/wp\/v2\/product_cat?post=20634"},{"taxonomy":"product_tag","embeddable":true,"href":"https:\/\/uj.adatbank.ro\/lexikon\/wp-json\/wp\/v2\/product_tag?post=20634"}],"curies":[{"name":"wp","href":"https:\/\/api.w.org\/{rel}","templated":true}]}}