{"id":20637,"date":"2025-07-22T18:56:06","date_gmt":"2025-07-22T16:56:06","guid":{"rendered":"https:\/\/uj.adatbank.ro\/lexikon\/termek\/somesan-stefan\/"},"modified":"2025-07-22T18:56:06","modified_gmt":"2025-07-22T16:56:06","slug":"somesan-stefan","status":"publish","type":"product","link":"https:\/\/uj.adatbank.ro\/lexikon\/termek\/somesan-stefan\/","title":{"rendered":"SOME\u015eAN, \u015etefan"},"content":{"rendered":"<p>Sz\u00e1rhegy, 1925. aug. 22., \u2020 Mv., 1990. m\u00e1rc. 25.: fest\u0151. \u2013 Mv.-en a Papiu L\u00edc.-ban \u00e9retts\u00e9gizett, Kv.on Agron\u00f3miai Egyetemet v\u00e9gzett. Alap\u00edt\u00f3tagja volt a MMKE-nek, amelynek eln\u00f6ke is volt (1982. m\u00e1j. 16.-ig). Olajfestm\u00e9nyekkel vett r\u00e9szt csoportos ki\u00e1ll\u00edt\u00e1sokon. Sz\u00e1mos d\u00edjat \u00e9s kit\u00fcntet\u00e9st nyert megyei \u00e9s orsz\u00e1gos ki\u00e1ll\u00edt\u00e1sokon \u2013 <strong>F. ki\u00e1ll.:<\/strong> <strong>csoportos:<\/strong> Mv.-en, Konstanc\u00e1n, Segesv\u00e1ron, Dics\u0151szentm\u00e1rtonban, Sz\u00e1szr\u00e9genben \u00e9s m\u00e1s v\u00e1rosokban. <br \/><strong>Irod.:<\/strong> AAPM; Opri\u015f 2018.<\/br><\/p>\n","protected":false},"excerpt":{"rendered":"<p>Sz\u00e1rhegy, 1925. aug. 22., \u2020 Mv., 1990. m\u00e1rc. 25.: fest\u0151. \u2013 Mv.-en a Papiu L\u00edc.-ban \u00e9retts\u00e9gizett, Kv.on Agron\u00f3miai Egyetemet v\u00e9gzett. Alap\u00edt\u00f3tagja volt a MMKE-nek, amelynek eln\u00f6ke is volt (1982. m\u00e1j. 16.-ig). Olajfestm\u00e9nyekkel vett r\u00e9szt csoportos ki\u00e1ll\u00edt\u00e1sokon. Sz\u00e1mos d\u00edjat \u00e9s kit\u00fcntet\u00e9st nyert megyei \u00e9s orsz\u00e1gos ki\u00e1ll\u00edt\u00e1sokon \u2013 F. ki\u00e1ll.: csoportos: Mv.-en, Konstanc\u00e1n, Segesv\u00e1ron, Dics\u0151szentm\u00e1rtonban, Sz\u00e1szr\u00e9genben \u00e9s [&hellip;]<\/p>\n","protected":false},"featured_media":0,"comment_status":"open","ping_status":"closed","template":"","meta":[],"product_brand":[],"product_cat":[137],"product_tag":[],"class_list":{"0":"post-20637","1":"product","2":"type-product","3":"status-publish","5":"product_cat-maros-megyei-eletrajzi-lexikon","7":"first","8":"instock","9":"shipping-taxable","10":"product-type-simple"},"_links":{"self":[{"href":"https:\/\/uj.adatbank.ro\/lexikon\/wp-json\/wp\/v2\/product\/20637","targetHints":{"allow":["GET"]}}],"collection":[{"href":"https:\/\/uj.adatbank.ro\/lexikon\/wp-json\/wp\/v2\/product"}],"about":[{"href":"https:\/\/uj.adatbank.ro\/lexikon\/wp-json\/wp\/v2\/types\/product"}],"replies":[{"embeddable":true,"href":"https:\/\/uj.adatbank.ro\/lexikon\/wp-json\/wp\/v2\/comments?post=20637"}],"wp:attachment":[{"href":"https:\/\/uj.adatbank.ro\/lexikon\/wp-json\/wp\/v2\/media?parent=20637"}],"wp:term":[{"taxonomy":"product_brand","embeddable":true,"href":"https:\/\/uj.adatbank.ro\/lexikon\/wp-json\/wp\/v2\/product_brand?post=20637"},{"taxonomy":"product_cat","embeddable":true,"href":"https:\/\/uj.adatbank.ro\/lexikon\/wp-json\/wp\/v2\/product_cat?post=20637"},{"taxonomy":"product_tag","embeddable":true,"href":"https:\/\/uj.adatbank.ro\/lexikon\/wp-json\/wp\/v2\/product_tag?post=20637"}],"curies":[{"name":"wp","href":"https:\/\/api.w.org\/{rel}","templated":true}]}}