{"id":20645,"date":"2025-07-22T18:56:24","date_gmt":"2025-07-22T16:56:24","guid":{"rendered":"https:\/\/uj.adatbank.ro\/lexikon\/termek\/somkereki-miklos\/"},"modified":"2025-07-22T18:56:24","modified_gmt":"2025-07-22T16:56:24","slug":"somkereki-miklos","status":"publish","type":"product","link":"https:\/\/uj.adatbank.ro\/lexikon\/termek\/somkereki-miklos\/","title":{"rendered":"SOMKEREKI, Mikl\u00f3s"},"content":{"rendered":"<p>Torda, 1841. febr. 6. v. Mv., 1849. febr. 6., \u2020?: pap. \u2013 Apja tan\u00e1r. Tanult Mv.-en, majd a Marburgi Egy. Hittud. Kar\u00e1n (1867\u201368). Hazat\u00e9rve egyh\u00e1zi p\u00e1ly\u00e1ra l\u00e9pett. Sz\u00e9ken pap \u00e9s esperes (1886\u20131904). <br \/><strong>Irod.:<\/strong> Szab\u00f3\u2013Simon\u2013Sz\u00f6gi.<\/br><\/p>\n","protected":false},"excerpt":{"rendered":"<p>Torda, 1841. febr. 6. v. Mv., 1849. febr. 6., \u2020?: pap. \u2013 Apja tan\u00e1r. Tanult Mv.-en, majd a Marburgi Egy. Hittud. Kar\u00e1n (1867\u201368). Hazat\u00e9rve egyh\u00e1zi p\u00e1ly\u00e1ra l\u00e9pett. Sz\u00e9ken pap \u00e9s esperes (1886\u20131904). Irod.: Szab\u00f3\u2013Simon\u2013Sz\u00f6gi.<\/p>\n","protected":false},"featured_media":0,"comment_status":"open","ping_status":"closed","template":"","meta":[],"product_brand":[],"product_cat":[137],"product_tag":[],"class_list":{"0":"post-20645","1":"product","2":"type-product","3":"status-publish","5":"product_cat-maros-megyei-eletrajzi-lexikon","7":"first","8":"instock","9":"shipping-taxable","10":"product-type-simple"},"_links":{"self":[{"href":"https:\/\/uj.adatbank.ro\/lexikon\/wp-json\/wp\/v2\/product\/20645","targetHints":{"allow":["GET"]}}],"collection":[{"href":"https:\/\/uj.adatbank.ro\/lexikon\/wp-json\/wp\/v2\/product"}],"about":[{"href":"https:\/\/uj.adatbank.ro\/lexikon\/wp-json\/wp\/v2\/types\/product"}],"replies":[{"embeddable":true,"href":"https:\/\/uj.adatbank.ro\/lexikon\/wp-json\/wp\/v2\/comments?post=20645"}],"wp:attachment":[{"href":"https:\/\/uj.adatbank.ro\/lexikon\/wp-json\/wp\/v2\/media?parent=20645"}],"wp:term":[{"taxonomy":"product_brand","embeddable":true,"href":"https:\/\/uj.adatbank.ro\/lexikon\/wp-json\/wp\/v2\/product_brand?post=20645"},{"taxonomy":"product_cat","embeddable":true,"href":"https:\/\/uj.adatbank.ro\/lexikon\/wp-json\/wp\/v2\/product_cat?post=20645"},{"taxonomy":"product_tag","embeddable":true,"href":"https:\/\/uj.adatbank.ro\/lexikon\/wp-json\/wp\/v2\/product_tag?post=20645"}],"curies":[{"name":"wp","href":"https:\/\/api.w.org\/{rel}","templated":true}]}}