{"id":2065,"date":"2025-06-28T12:02:42","date_gmt":"2025-06-28T10:02:42","guid":{"rendered":"https:\/\/uj.adatbank.ro\/lexikon\/termek\/balogh-gyula\/"},"modified":"2025-06-28T12:02:42","modified_gmt":"2025-06-28T10:02:42","slug":"balogh-gyula","status":"publish","type":"product","link":"https:\/\/uj.adatbank.ro\/lexikon\/termek\/balogh-gyula\/","title":{"rendered":"BALOGH Gyula"},"content":{"rendered":"<p>Ny\u00e1r\u00e1dszentimre, 1893., \u2020\u00a0? : f\u00f6ldbirtokos. \u2013 R\u00e9gi sz\u00e9kely nemesi csal\u00e1db\u00f3l sz\u00e1rmazott. Valamikor a csal\u00e1d tulajdon\u00e1t k\u00e9pezte Ny\u00e1r\u00e1dszentimre k\u00f6zs\u00e9g nagyr\u00e9sze. \u00c9retts\u00e9gizett Mv-en, majd gazdas\u00e1gi akad.-\u00e1t Kv.-on \u00e9s Magyar\u00f3v\u00e1rott v\u00e9gzett. \u00c9rden a K\u00e1rolyi birtokon mint gazdatiszt dolgozott, majd apja hal\u00e1la ut\u00e1n \u00e1ll\u00e1s\u00e1t ott hagyta \u00e9s \u00e1tvette a csal\u00e1di birtokot Ny\u00e1r\u00e1dszentimr\u00e9n. Az EGE tagja, a helybeli gazdak\u00f6r eln\u00f6ke, a Tejsz\u00f6vetkezet igazgat\u00f3ja, k\u00f6zs\u00e9gi b\u00edr\u00f3. <br \/><strong>Irod.:<\/strong> Sz\u00e9kelyf\u00f6ld \u00ed. k.<\/br><\/p>\n","protected":false},"excerpt":{"rendered":"<p>Ny\u00e1r\u00e1dszentimre, 1893., \u2020\u00a0? : f\u00f6ldbirtokos. \u2013 R\u00e9gi sz\u00e9kely nemesi csal\u00e1db\u00f3l sz\u00e1rmazott. Valamikor a csal\u00e1d tulajdon\u00e1t k\u00e9pezte Ny\u00e1r\u00e1dszentimre k\u00f6zs\u00e9g nagyr\u00e9sze. \u00c9retts\u00e9gizett Mv-en, majd gazdas\u00e1gi akad.-\u00e1t Kv.-on \u00e9s Magyar\u00f3v\u00e1rott v\u00e9gzett. \u00c9rden a K\u00e1rolyi birtokon mint gazdatiszt dolgozott, majd apja hal\u00e1la ut\u00e1n \u00e1ll\u00e1s\u00e1t ott hagyta \u00e9s \u00e1tvette a csal\u00e1di birtokot Ny\u00e1r\u00e1dszentimr\u00e9n. Az EGE tagja, a helybeli gazdak\u00f6r eln\u00f6ke, [&hellip;]<\/p>\n","protected":false},"featured_media":0,"comment_status":"open","ping_status":"closed","template":"","meta":[],"product_brand":[],"product_cat":[137],"product_tag":[],"class_list":{"0":"post-2065","1":"product","2":"type-product","3":"status-publish","5":"product_cat-maros-megyei-eletrajzi-lexikon","7":"first","8":"instock","9":"shipping-taxable","10":"product-type-simple"},"_links":{"self":[{"href":"https:\/\/uj.adatbank.ro\/lexikon\/wp-json\/wp\/v2\/product\/2065","targetHints":{"allow":["GET"]}}],"collection":[{"href":"https:\/\/uj.adatbank.ro\/lexikon\/wp-json\/wp\/v2\/product"}],"about":[{"href":"https:\/\/uj.adatbank.ro\/lexikon\/wp-json\/wp\/v2\/types\/product"}],"replies":[{"embeddable":true,"href":"https:\/\/uj.adatbank.ro\/lexikon\/wp-json\/wp\/v2\/comments?post=2065"}],"wp:attachment":[{"href":"https:\/\/uj.adatbank.ro\/lexikon\/wp-json\/wp\/v2\/media?parent=2065"}],"wp:term":[{"taxonomy":"product_brand","embeddable":true,"href":"https:\/\/uj.adatbank.ro\/lexikon\/wp-json\/wp\/v2\/product_brand?post=2065"},{"taxonomy":"product_cat","embeddable":true,"href":"https:\/\/uj.adatbank.ro\/lexikon\/wp-json\/wp\/v2\/product_cat?post=2065"},{"taxonomy":"product_tag","embeddable":true,"href":"https:\/\/uj.adatbank.ro\/lexikon\/wp-json\/wp\/v2\/product_tag?post=2065"}],"curies":[{"name":"wp","href":"https:\/\/api.w.org\/{rel}","templated":true}]}}

<p>Nyárádszentimre, 1893., † ? : földbirtokos. – Régi székely nemesi családból származott. Valamikor a család tulajdonát képezte Nyárádszentimre község nagyrésze. Érettségizett Mv-en, majd gazdasági akad.-át Kv.-on és Magyaróvárott végzett. Érden a Károlyi birtokon mint gazdatiszt dolgozott, majd apja halála után állását ott hagyta és átvette a családi birtokot Nyárádszentimrén. Az EGE tagja, a helybeli gazdakör elnöke, a Tejszövetkezet igazgatója, községi bíró. <br /><strong>Irod.:</strong> Székelyföld í. k.</br></p>

<p>Nyárádszentimre, 1893., † ? : földbirtokos. – Régi székely nemesi családból származott. Valamikor a család tulajdonát képezte Nyárádszentimre község nagyrésze. Érettségizett Mv-en, majd gazdasági akad.-át Kv.-on és Magyaróvárott végzett. Érden a Károlyi birtokon mint gazdatiszt dolgozott, majd apja halála után állását ott hagyta és átvette a családi birtokot Nyárádszentimrén. Az EGE tagja, a helybeli gazdakör elnöke, [&hellip;]</p>
