{"id":20657,"date":"2025-07-22T18:56:47","date_gmt":"2025-07-22T16:56:47","guid":{"rendered":"https:\/\/uj.adatbank.ro\/lexikon\/termek\/somogyi-albert\/"},"modified":"2025-07-22T18:56:47","modified_gmt":"2025-07-22T16:56:47","slug":"somogyi-albert","status":"publish","type":"product","link":"https:\/\/uj.adatbank.ro\/lexikon\/termek\/somogyi-albert\/","title":{"rendered":"SOMOGYI Albert"},"content":{"rendered":"<p>? \u2020?: f\u00f6ldbirtokos. \u2013 Kult\u00farap\u00e1rtol\u00f3, \u00edgy r\u00e9szt vett az EMKE k\u00f6zgy\u0171l\u00e9s\u00e9n H\u00e9jjasfalva r\u00e9sz\u00e9r\u0151l (1895). H\u00e9jjasfalvi f\u00f6ldbirtokosk\u00e9nt szorgalmazta a Zeyk Domokos eml\u00e9k\u00e9re \u00e1ll\u00edtand\u00f3, K\u00f6ll\u0151 Mikl\u00f3s k\u00e9sz\u00edtette obeliszk elk\u00e9sz\u00edt\u00e9s\u00e9t, ami utols\u00f3 munk\u00e1jak\u00e9nt, a szobr\u00e1sz hal\u00e1la el\u0151tt k\u00e9sz\u00fclt el (1900). <br \/><strong>Irod.:<\/strong> Eml\u00e9klapok az EMKE 1895 j\u00fan. 4. Sz\u00e9kelyudvarhelyt tartott t\u00edz\u00e9ves \u00fcnnepi k\u00f6zgy\u0171l\u00e9s\u00e9r\u0151l (Kv., 1896); Mur\u00e1din Jen\u0151: A szobr\u00e1sz K. M. \u00e9s a szabads\u00e1gharc kultusza (Sz\u00e9kelyf\u00f6ld, 7. sz., 2010. j\u00fal.).<\/br><\/p>\n","protected":false},"excerpt":{"rendered":"<p>? \u2020?: f\u00f6ldbirtokos. \u2013 Kult\u00farap\u00e1rtol\u00f3, \u00edgy r\u00e9szt vett az EMKE k\u00f6zgy\u0171l\u00e9s\u00e9n H\u00e9jjasfalva r\u00e9sz\u00e9r\u0151l (1895). H\u00e9jjasfalvi f\u00f6ldbirtokosk\u00e9nt szorgalmazta a Zeyk Domokos eml\u00e9k\u00e9re \u00e1ll\u00edtand\u00f3, K\u00f6ll\u0151 Mikl\u00f3s k\u00e9sz\u00edtette obeliszk elk\u00e9sz\u00edt\u00e9s\u00e9t, ami utols\u00f3 munk\u00e1jak\u00e9nt, a szobr\u00e1sz hal\u00e1la el\u0151tt k\u00e9sz\u00fclt el (1900). Irod.: Eml\u00e9klapok az EMKE 1895 j\u00fan. 4. Sz\u00e9kelyudvarhelyt tartott t\u00edz\u00e9ves \u00fcnnepi k\u00f6zgy\u0171l\u00e9s\u00e9r\u0151l (Kv., 1896); Mur\u00e1din Jen\u0151: A szobr\u00e1sz [&hellip;]<\/p>\n","protected":false},"featured_media":0,"comment_status":"open","ping_status":"closed","template":"","meta":[],"product_brand":[],"product_cat":[137],"product_tag":[],"class_list":{"0":"post-20657","1":"product","2":"type-product","3":"status-publish","5":"product_cat-maros-megyei-eletrajzi-lexikon","7":"first","8":"instock","9":"shipping-taxable","10":"product-type-simple"},"_links":{"self":[{"href":"https:\/\/uj.adatbank.ro\/lexikon\/wp-json\/wp\/v2\/product\/20657","targetHints":{"allow":["GET"]}}],"collection":[{"href":"https:\/\/uj.adatbank.ro\/lexikon\/wp-json\/wp\/v2\/product"}],"about":[{"href":"https:\/\/uj.adatbank.ro\/lexikon\/wp-json\/wp\/v2\/types\/product"}],"replies":[{"embeddable":true,"href":"https:\/\/uj.adatbank.ro\/lexikon\/wp-json\/wp\/v2\/comments?post=20657"}],"wp:attachment":[{"href":"https:\/\/uj.adatbank.ro\/lexikon\/wp-json\/wp\/v2\/media?parent=20657"}],"wp:term":[{"taxonomy":"product_brand","embeddable":true,"href":"https:\/\/uj.adatbank.ro\/lexikon\/wp-json\/wp\/v2\/product_brand?post=20657"},{"taxonomy":"product_cat","embeddable":true,"href":"https:\/\/uj.adatbank.ro\/lexikon\/wp-json\/wp\/v2\/product_cat?post=20657"},{"taxonomy":"product_tag","embeddable":true,"href":"https:\/\/uj.adatbank.ro\/lexikon\/wp-json\/wp\/v2\/product_tag?post=20657"}],"curies":[{"name":"wp","href":"https:\/\/api.w.org\/{rel}","templated":true}]}}