{"id":2066,"date":"2025-06-28T12:02:44","date_gmt":"2025-06-28T10:02:44","guid":{"rendered":"https:\/\/uj.adatbank.ro\/lexikon\/termek\/balogh-gyula-2\/"},"modified":"2025-06-28T12:02:44","modified_gmt":"2025-06-28T10:02:44","slug":"balogh-gyula-2","status":"publish","type":"product","link":"https:\/\/uj.adatbank.ro\/lexikon\/termek\/balogh-gyula-2\/","title":{"rendered":"BALOGH Gyula"},"content":{"rendered":"<p>Brass\u00f3, 1939., \u2020\u00a0Mv., 2008.: orvos. \u2013 Feles\u00e9ge\u00a0: dr. Hasu Xenia. \u2013 A MOGYI v\u00e9gzettjei a feles\u00e9g\u00e9vel egyszerre (1962). A kov\u00e1sznai Komand\u00f3n kezdt\u00e9k orvosi teend\u0151iket k\u00e9t \u00e9vig, k\u00e9t \u00e9vig Dics\u0151szentm\u00e1rtonban a vegyi kombin\u00e1t orvosi rendel\u0151j\u00e9ben m\u0171k\u00f6dtek, majd Mv.-en \u00fczemorvosok az IREM (1966\u2013) \u00e9s az IMATEX v\u00e1llalatn\u00e1l. <br \/><strong>Irod.:<\/strong> Kiss\u2013P\u00e9terffy\u2013P\u00e9terffy<\/br><\/p>\n","protected":false},"excerpt":{"rendered":"<p>Brass\u00f3, 1939., \u2020\u00a0Mv., 2008.: orvos. \u2013 Feles\u00e9ge\u00a0: dr. Hasu Xenia. \u2013 A MOGYI v\u00e9gzettjei a feles\u00e9g\u00e9vel egyszerre (1962). A kov\u00e1sznai Komand\u00f3n kezdt\u00e9k orvosi teend\u0151iket k\u00e9t \u00e9vig, k\u00e9t \u00e9vig Dics\u0151szentm\u00e1rtonban a vegyi kombin\u00e1t orvosi rendel\u0151j\u00e9ben m\u0171k\u00f6dtek, majd Mv.-en \u00fczemorvosok az IREM (1966\u2013) \u00e9s az IMATEX v\u00e1llalatn\u00e1l. Irod.: Kiss\u2013P\u00e9terffy\u2013P\u00e9terffy<\/p>\n","protected":false},"featured_media":0,"comment_status":"open","ping_status":"closed","template":"","meta":[],"product_brand":[],"product_cat":[137],"product_tag":[],"class_list":{"0":"post-2066","1":"product","2":"type-product","3":"status-publish","5":"product_cat-maros-megyei-eletrajzi-lexikon","7":"first","8":"instock","9":"shipping-taxable","10":"product-type-simple"},"_links":{"self":[{"href":"https:\/\/uj.adatbank.ro\/lexikon\/wp-json\/wp\/v2\/product\/2066","targetHints":{"allow":["GET"]}}],"collection":[{"href":"https:\/\/uj.adatbank.ro\/lexikon\/wp-json\/wp\/v2\/product"}],"about":[{"href":"https:\/\/uj.adatbank.ro\/lexikon\/wp-json\/wp\/v2\/types\/product"}],"replies":[{"embeddable":true,"href":"https:\/\/uj.adatbank.ro\/lexikon\/wp-json\/wp\/v2\/comments?post=2066"}],"wp:attachment":[{"href":"https:\/\/uj.adatbank.ro\/lexikon\/wp-json\/wp\/v2\/media?parent=2066"}],"wp:term":[{"taxonomy":"product_brand","embeddable":true,"href":"https:\/\/uj.adatbank.ro\/lexikon\/wp-json\/wp\/v2\/product_brand?post=2066"},{"taxonomy":"product_cat","embeddable":true,"href":"https:\/\/uj.adatbank.ro\/lexikon\/wp-json\/wp\/v2\/product_cat?post=2066"},{"taxonomy":"product_tag","embeddable":true,"href":"https:\/\/uj.adatbank.ro\/lexikon\/wp-json\/wp\/v2\/product_tag?post=2066"}],"curies":[{"name":"wp","href":"https:\/\/api.w.org\/{rel}","templated":true}]}}