{"id":20678,"date":"2025-07-22T18:57:33","date_gmt":"2025-07-22T16:57:33","guid":{"rendered":"https:\/\/uj.adatbank.ro\/lexikon\/termek\/soo-denes-2\/"},"modified":"2025-07-22T18:57:33","modified_gmt":"2025-07-22T16:57:33","slug":"soo-denes-2","status":"publish","type":"product","link":"https:\/\/uj.adatbank.ro\/lexikon\/termek\/soo-denes-2\/","title":{"rendered":"SO\u00d3 D\u00e9nes"},"content":{"rendered":"<p>1929? \u2020\u00a0Mv., 1965. j\u00fal. 1 v. 2.: tan\u00e1r. \u2013 A mv.-i 6. sz. (vagy 11 Remeteszegi) iskola aligazgat\u00f3-tan\u00e1ra (1965\u201370). <br \/><strong>Irod.:<\/strong> Gimnaziul Al. I. Cuza; [Nekrol\u00f3g] (N\u00fa., 1995. j\u00fal. 4.).<\/br><\/p>\n","protected":false},"excerpt":{"rendered":"<p>1929? \u2020\u00a0Mv., 1965. j\u00fal. 1 v. 2.: tan\u00e1r. \u2013 A mv.-i 6. sz. (vagy 11 Remeteszegi) iskola aligazgat\u00f3-tan\u00e1ra (1965\u201370). Irod.: Gimnaziul Al. I. Cuza; [Nekrol\u00f3g] (N\u00fa., 1995. j\u00fal. 4.).<\/p>\n","protected":false},"featured_media":0,"comment_status":"open","ping_status":"closed","template":"","meta":[],"product_brand":[],"product_cat":[137],"product_tag":[],"class_list":{"0":"post-20678","1":"product","2":"type-product","3":"status-publish","5":"product_cat-maros-megyei-eletrajzi-lexikon","7":"first","8":"instock","9":"shipping-taxable","10":"product-type-simple"},"_links":{"self":[{"href":"https:\/\/uj.adatbank.ro\/lexikon\/wp-json\/wp\/v2\/product\/20678","targetHints":{"allow":["GET"]}}],"collection":[{"href":"https:\/\/uj.adatbank.ro\/lexikon\/wp-json\/wp\/v2\/product"}],"about":[{"href":"https:\/\/uj.adatbank.ro\/lexikon\/wp-json\/wp\/v2\/types\/product"}],"replies":[{"embeddable":true,"href":"https:\/\/uj.adatbank.ro\/lexikon\/wp-json\/wp\/v2\/comments?post=20678"}],"wp:attachment":[{"href":"https:\/\/uj.adatbank.ro\/lexikon\/wp-json\/wp\/v2\/media?parent=20678"}],"wp:term":[{"taxonomy":"product_brand","embeddable":true,"href":"https:\/\/uj.adatbank.ro\/lexikon\/wp-json\/wp\/v2\/product_brand?post=20678"},{"taxonomy":"product_cat","embeddable":true,"href":"https:\/\/uj.adatbank.ro\/lexikon\/wp-json\/wp\/v2\/product_cat?post=20678"},{"taxonomy":"product_tag","embeddable":true,"href":"https:\/\/uj.adatbank.ro\/lexikon\/wp-json\/wp\/v2\/product_tag?post=20678"}],"curies":[{"name":"wp","href":"https:\/\/api.w.org\/{rel}","templated":true}]}}