{"id":20693,"date":"2025-07-22T18:58:08","date_gmt":"2025-07-22T16:58:08","guid":{"rendered":"https:\/\/uj.adatbank.ro\/lexikon\/termek\/soos-ferenc-2\/"},"modified":"2025-07-22T18:58:08","modified_gmt":"2025-07-22T16:58:08","slug":"soos-ferenc-2","status":"publish","type":"product","link":"https:\/\/uj.adatbank.ro\/lexikon\/termek\/soos-ferenc-2\/","title":{"rendered":"SO\u00d3S Ferenc"},"content":{"rendered":"<p>1821? \u2020 Mv., 1896. m\u00e1rc. 27.: rend\u0151r. \u2013 Feles\u00e9ge: F\u00fcst\u00f6s Emma. Le\u00e1nyaik: S. J\u00falia F\u00fcst\u00f6s K\u00e1rolyn\u00e9; S. Ilona Csisz\u00e9r Lajosn\u00e9. \u2013 A mv.-i volt v\u00e1rosi rend\u0151r-alkapit\u00e1ny, ref. egyh\u00e1zi k\u00e9pvisel\u0151 tag, 1848\u201349. honv\u00e9d. <br \/><strong>Irod.:<\/strong> Gy\u00e1szjelent\u0151.<\/br><\/p>\n","protected":false},"excerpt":{"rendered":"<p>1821? \u2020 Mv., 1896. m\u00e1rc. 27.: rend\u0151r. \u2013 Feles\u00e9ge: F\u00fcst\u00f6s Emma. Le\u00e1nyaik: S. J\u00falia F\u00fcst\u00f6s K\u00e1rolyn\u00e9; S. Ilona Csisz\u00e9r Lajosn\u00e9. \u2013 A mv.-i volt v\u00e1rosi rend\u0151r-alkapit\u00e1ny, ref. egyh\u00e1zi k\u00e9pvisel\u0151 tag, 1848\u201349. honv\u00e9d. Irod.: Gy\u00e1szjelent\u0151.<\/p>\n","protected":false},"featured_media":0,"comment_status":"open","ping_status":"closed","template":"","meta":[],"product_brand":[],"product_cat":[137],"product_tag":[],"class_list":{"0":"post-20693","1":"product","2":"type-product","3":"status-publish","5":"product_cat-maros-megyei-eletrajzi-lexikon","7":"first","8":"instock","9":"shipping-taxable","10":"product-type-simple"},"_links":{"self":[{"href":"https:\/\/uj.adatbank.ro\/lexikon\/wp-json\/wp\/v2\/product\/20693","targetHints":{"allow":["GET"]}}],"collection":[{"href":"https:\/\/uj.adatbank.ro\/lexikon\/wp-json\/wp\/v2\/product"}],"about":[{"href":"https:\/\/uj.adatbank.ro\/lexikon\/wp-json\/wp\/v2\/types\/product"}],"replies":[{"embeddable":true,"href":"https:\/\/uj.adatbank.ro\/lexikon\/wp-json\/wp\/v2\/comments?post=20693"}],"wp:attachment":[{"href":"https:\/\/uj.adatbank.ro\/lexikon\/wp-json\/wp\/v2\/media?parent=20693"}],"wp:term":[{"taxonomy":"product_brand","embeddable":true,"href":"https:\/\/uj.adatbank.ro\/lexikon\/wp-json\/wp\/v2\/product_brand?post=20693"},{"taxonomy":"product_cat","embeddable":true,"href":"https:\/\/uj.adatbank.ro\/lexikon\/wp-json\/wp\/v2\/product_cat?post=20693"},{"taxonomy":"product_tag","embeddable":true,"href":"https:\/\/uj.adatbank.ro\/lexikon\/wp-json\/wp\/v2\/product_tag?post=20693"}],"curies":[{"name":"wp","href":"https:\/\/api.w.org\/{rel}","templated":true}]}}