{"id":20703,"date":"2025-07-22T18:58:30","date_gmt":"2025-07-22T16:58:30","guid":{"rendered":"https:\/\/uj.adatbank.ro\/lexikon\/termek\/soos-jozsef-%c2%a7-iosif\/"},"modified":"2025-07-22T18:58:30","modified_gmt":"2025-07-22T16:58:30","slug":"soos-jozsef-%c2%a7-iosif","status":"publish","type":"product","link":"https:\/\/uj.adatbank.ro\/lexikon\/termek\/soos-jozsef-%c2%a7-iosif\/","title":{"rendered":"SO\u00d3S J\u00f3zsef, \u00a7 Iosif"},"content":{"rendered":"<p>Mv., 1887. vagy 1888., \u2020 Mv., 1959. \u00e1pr. 2: k\u0151m\u0171ves, polg\u00e1rmester. \u2013 Mv.-en v\u00e9gezte az elemi iskol\u00e1t \u00e9s k\u0151m\u0171ves inas (14 \u00e9ves kor\u00e1t\u00f3l), majd szakmunk\u00e1s lett. A szocialista eszm\u00e9k h\u00edve volt, majd bel\u00e9pett az \u00e9p\u00edt\u0151munk\u00e1sok szakszervezet\u00e9be (1905), Mv.-en r\u00e9szt vett az els\u0151 t\u00fcntet\u00e9sben (1906. m\u00e1j. 1.), szervezte \u00e9s vezette a mv.-i \u00e9s kv.-i \u00e9p\u00edt\u0151munk\u00e1sok \u00e1ltal\u00e1nos sztr\u00e1jkj\u00e1t (1920), bel\u00e9pett a RKP-ba, melynek megalap\u00edt\u00f3i k\u00f6z\u00e9 tatozott (1921), bevont\u00e1k a mv.-i p\u00e1rtszervezet vezet\u0151s\u00e9g\u00e9be, bev\u00e1lasztott\u00e1k az egys\u00e9ges Szakszervezetek Orsz\u00e1gos tan\u00e1cs\u00e1ba (1923), r\u00e9szt vett az RKP B\u00e9csben megtartott III. kongresszus\u00e1n (1924). A Rom\u00e1niai Munk\u00e1sok Orsz\u00e1gos Sz\u00f6vets\u00e9g\u00e9nek vezet\u0151s\u00e9gi tagja volt, a V\u00e1rosi \u00e9s Falusi Dolgoz\u00f3k Blokkja k\u00e9pvisel\u0151jel\u00e9nt tagja a v\u00e1rosi tan\u00e1csnak (1930\u201331). \u00dcld\u00f6z\u00e9seknek \u00e9s b\u00f6rt\u00f6nb\u00fcntet\u00e9seknek \u00e1ldozata volt (1925, 1928), a caracali gy\u0171jt\u0151t\u00e1borban tartott\u00e1k fogva (1940). 41 alkalommal tart\u00f3ztatta le a rom\u00e1n \u00e9s m. rend\u0151rs\u00e9g. A h\u00e1bor\u00fa puszt\u00edt\u00e1sa el\u00e9rte Mv.-et. A kivonul\u00f3 n\u00e9metcsapatok felrobbantott\u00e1k a v\u00e1ros \u00f6sszes h\u00eddjait, a petr\u00f3leumfinom\u00edt\u00f3t, villanytelepet \u00e9s a cukorgy\u00e1rat. A szovjet \u00e9s rom\u00e1n csapatok vissza\u00e1ll\u00edtott\u00e1k a rom\u00e1n k\u00f6zigazgat\u00e1st (1944. szept. 28.), A RKP Maros megyei szervezet\u00e9nek vezet\u0151s\u00e9gi tagja (1944). Mv. alpolg\u00e1rmestere a rom. \u00e9s szovjet k\u00f6zigazgat\u00e1s idej\u00e9n (1944. szept. \u2013 nov.), majd polg\u00e1rmester a h\u00e1bor\u00fa ut\u00e1ni neh\u00e9z id\u0151ben (1945. m\u00e1rc. 8. \u2013 52), majd n\u00e9ptan\u00e1csi eln\u00f6k. T\u00f6bb \u00e9vig Maros megye k\u00e9pvisel\u0151je a Nagy Nemzetgy\u0171l\u00e9sben (1948. m\u00e1rc. 28. \u2013), az egyetlen, aki magyarul sz\u00f3lalt fel. Mozg\u00f3s\u00edtott\u00e1k a v\u00e1ros lakoss\u00e1g\u00e1t az \u00fajj\u00e1\u00e9p\u00edt\u00e9sre: kijav\u00edtott\u00e1k a cukorgy\u00e1r villanytelep\u00e9t, a v\u00e1rosi k\u00f6z\u00fczemben megoldott\u00e1k a v\u00e1ros villannyal val\u00f3 ell\u00e1t\u00e1s\u00e1t, kijav\u00edtott\u00e1k \u00e9s \u00fajra\u00e9p\u00edtett\u00e9k a felrobbantott hidakat \u00e9s a Maros-g\u00e1tat, biztos\u00edtott\u00e1k a v\u00edzell\u00e1t\u00e1st, \u00faj parkok, k\u00f6vezett utc\u00e1k \u00e9p\u00fcltek. Az \u0151 idej\u00e9n alak\u00edtott\u00e1k ki, \u00f6nk\u00e9ntes munk\u00e1val, az egyetem alatti kis szerpentint. Seg\u00edtette a Kv.-r\u00f3l Mv.-re \u00e1ttelep\u00edtett orvosi egyetem beind\u00edt\u00e1s\u00e1t. \u00daj betonhidat \u00e9p\u00edtettek a Poklos-patak f\u00f6l\u00e9 (1952\u201353?), r\u00e1ker\u00fclt a felirat \u201eEz a h\u00edd \u00e9p\u00fclt So\u00f3s J\u00f3zsef polg\u00e1rmesters\u00e9ge idej\u00e9n\u201d, ez\u00e9rt megv\u00e1dolt\u00e1k, p\u00e1rtvizsg\u00e1lat folyt ellene, nacionalist\u00e1nak, m. soviniszt\u00e1nak b\u00e9lyegezt\u00e9k, f\u00e9lre\u00e1ll\u00edtott\u00e1k. Az \u00c1llamos\u00edtott Lak\u00e1sok Hivatal\u00e1nak vezet\u0151je lett (?). Az RMP MAT Bizotts\u00e1g\u00e1nak tagja. Munk\u00e1ss\u00e1g\u00e1nak elismer\u00e9s\u00e9\u00fcl t\u00f6bb izben kit\u00fcntett\u00e9k a RNK magas \u00e9rdemrendj\u00e9vel, ill. \u00e9rmeivel. \u2013 <strong>F. m.<\/strong>: Mv. v\u00e1ros polg\u00e1rmester\u00e9t\u0151l v\u00e9ghat\u00e1rozat: V\u00e1g\u00f3marha beszolg\u00e1ltat\u00e1sa a V\u00f6r\u00f6s Hadsereg sz\u00e1m\u00e1ra (Mv., 1944). <br \/><strong>Irod.:<\/strong> \u00c1talvet\u0151 (52. sz., 2004. dec.); Bartos 2012; Candida\u0163ii poporului: I. S. (Ardealul nou, 14. mart. 1948.); Cri\u015fan; Csif\u00f3; Fodor S\u00e1ndor: J\u00e1rom az utat&#8230; (N\u00fa., 2005. dec. 15.); Fodor\u2013Bal\u00e1s; F\u00fcl\u00f6p\u2013Ferencz; Ga\u00e1l Korn\u00e9lia: Maros-megyei munk\u00e1smozgalmi harcosok, akik nem \u00fcnnepelhettek vel\u00fcnk (V. Z., 1971. m\u00e1j. 9.); Id\u0151t\u00e1r 3; Katona Szab\u00f3; Molter 2.; S. J.-et nevezt\u00e9k ki Mv. polg\u00e1rmester\u00e9v\u00e9 (Szabad Sz\u00f3, 1945. j\u00fal. 7.); S. J. elvt\u00e1rs (N\u00e9p\u00fajs\u00e1g, 1950. dec. 1.); S. J.[Nekrol\u00f3g] (V. Z., 1959. \u00e1pr. 3.; 1959. \u00e1pr. 4.; 1959. \u00e1pr. 5.; St. r., 4. apr. 1959.); Katona Szab\u00f3; V\u00e1s\u00e1rhelyi H\u00edrlap (2007. okt.1., 21. sz.).<\/br><\/p>\n","protected":false},"excerpt":{"rendered":"<p>Mv., 1887. vagy 1888., \u2020 Mv., 1959. \u00e1pr. 2: k\u0151m\u0171ves, polg\u00e1rmester. \u2013 Mv.-en v\u00e9gezte az elemi iskol\u00e1t \u00e9s k\u0151m\u0171ves inas (14 \u00e9ves kor\u00e1t\u00f3l), majd szakmunk\u00e1s lett. A szocialista eszm\u00e9k h\u00edve volt, majd bel\u00e9pett az \u00e9p\u00edt\u0151munk\u00e1sok szakszervezet\u00e9be (1905), Mv.-en r\u00e9szt vett az els\u0151 t\u00fcntet\u00e9sben (1906. m\u00e1j. 1.), szervezte \u00e9s vezette a mv.-i \u00e9s kv.-i \u00e9p\u00edt\u0151munk\u00e1sok \u00e1ltal\u00e1nos [&hellip;]<\/p>\n","protected":false},"featured_media":0,"comment_status":"open","ping_status":"closed","template":"","meta":[],"product_brand":[],"product_cat":[137],"product_tag":[],"class_list":{"0":"post-20703","1":"product","2":"type-product","3":"status-publish","5":"product_cat-maros-megyei-eletrajzi-lexikon","7":"first","8":"instock","9":"shipping-taxable","10":"product-type-simple"},"_links":{"self":[{"href":"https:\/\/uj.adatbank.ro\/lexikon\/wp-json\/wp\/v2\/product\/20703","targetHints":{"allow":["GET"]}}],"collection":[{"href":"https:\/\/uj.adatbank.ro\/lexikon\/wp-json\/wp\/v2\/product"}],"about":[{"href":"https:\/\/uj.adatbank.ro\/lexikon\/wp-json\/wp\/v2\/types\/product"}],"replies":[{"embeddable":true,"href":"https:\/\/uj.adatbank.ro\/lexikon\/wp-json\/wp\/v2\/comments?post=20703"}],"wp:attachment":[{"href":"https:\/\/uj.adatbank.ro\/lexikon\/wp-json\/wp\/v2\/media?parent=20703"}],"wp:term":[{"taxonomy":"product_brand","embeddable":true,"href":"https:\/\/uj.adatbank.ro\/lexikon\/wp-json\/wp\/v2\/product_brand?post=20703"},{"taxonomy":"product_cat","embeddable":true,"href":"https:\/\/uj.adatbank.ro\/lexikon\/wp-json\/wp\/v2\/product_cat?post=20703"},{"taxonomy":"product_tag","embeddable":true,"href":"https:\/\/uj.adatbank.ro\/lexikon\/wp-json\/wp\/v2\/product_tag?post=20703"}],"curies":[{"name":"wp","href":"https:\/\/api.w.org\/{rel}","templated":true}]}}