{"id":20708,"date":"2025-07-22T18:58:39","date_gmt":"2025-07-22T16:58:39","guid":{"rendered":"https:\/\/uj.adatbank.ro\/lexikon\/termek\/soos-laszlo\/"},"modified":"2025-07-22T18:58:39","modified_gmt":"2025-07-22T16:58:39","slug":"soos-laszlo","status":"publish","type":"product","link":"https:\/\/uj.adatbank.ro\/lexikon\/termek\/soos-laszlo\/","title":{"rendered":"SO\u00d3S L\u00e1szl\u00f3"},"content":{"rendered":"<p>Szov\u00e1taf\u00fcrd\u0151, 1913. j\u00faL. 21., \u2020 Bp., 1994. jan. 23.: \u00edr\u00f3, kritikus. \u2013 Bp.-en \u00e9retts\u00e9gizett (1931), itt tisztvisel\u0151 \u00e9s sportnevel\u0151 a MOVE cserk\u00e9sz \u00e9s leventesz\u00f6vets\u00e9gben. \u00dajs\u00e1g\u00edr\u00f3 \u00e9s filmkritikus. \u00cdr\u00e1sait k\u00f6z\u00f6lte a Munka Kass\u00e1k foly\u00f3irata, tanulm\u00e1nyai, essz\u00e9i, kritik\u00e1i k\u00f6z\u00f6lte a Nyugat, Magyar Csillag, Napkelet, Magyarok, T\u00fck\u00f6r, \u00daj Id\u0151, Vigilia. Katona (1939\u2013), a k\u00eds\u00e9rleti r\u00e1di\u00f3\u00e1llom\u00e1s parancsnoka. A Magvet\u0151 c. foly\u00f3iratot Jankovich Ferenccel szerkesztette. Letart\u00f3ztatt\u00e1k koholt v\u00e1dak alapj\u00e1n (1949\u201352), majd seg\u00e9dmunk\u00e1s. Id\u0151nk\u00e9nt dolgozott a r\u00e1di\u00f3nak, k\u00f6z\u00f6lt az \u00daj\u00edt\u00f3k Lapj\u00e1ban,a Sport\u00e9letben. \u2013 <strong>F. m.<\/strong>: Az Almieri tri\u00f3 (1938); Kormor\u00e1n (1939); Tengerek kalandorai (a kal\u00f3zkod\u00e1s reg\u00e9nyes t\u00f6rt\u00e9nete, 1942); Kormor\u00e1n (reg\u00e9ny, 1939); Trap\u00e9z (1957); Feh\u00e9r p\u00e1zsit (dokumentumreg\u00e9ny, 1983). <br \/><strong>Irod.:<\/strong> P. Buzog\u00e1ny \u00c1rp\u00e1d: \u00c9vfordul\u00f3ink (\u00d6r\u00f6ks\u00e9g\u00fcnk, 3. sz., 2008); KM\u00cd; Kort\u00e1rs M\u00cdKL; \u00daMIL.<\/br><\/p>\n","protected":false},"excerpt":{"rendered":"<p>Szov\u00e1taf\u00fcrd\u0151, 1913. j\u00faL. 21., \u2020 Bp., 1994. jan. 23.: \u00edr\u00f3, kritikus. \u2013 Bp.-en \u00e9retts\u00e9gizett (1931), itt tisztvisel\u0151 \u00e9s sportnevel\u0151 a MOVE cserk\u00e9sz \u00e9s leventesz\u00f6vets\u00e9gben. \u00dajs\u00e1g\u00edr\u00f3 \u00e9s filmkritikus. \u00cdr\u00e1sait k\u00f6z\u00f6lte a Munka Kass\u00e1k foly\u00f3irata, tanulm\u00e1nyai, essz\u00e9i, kritik\u00e1i k\u00f6z\u00f6lte a Nyugat, Magyar Csillag, Napkelet, Magyarok, T\u00fck\u00f6r, \u00daj Id\u0151, Vigilia. Katona (1939\u2013), a k\u00eds\u00e9rleti r\u00e1di\u00f3\u00e1llom\u00e1s parancsnoka. A Magvet\u0151 [&hellip;]<\/p>\n","protected":false},"featured_media":0,"comment_status":"open","ping_status":"closed","template":"","meta":[],"product_brand":[],"product_cat":[137],"product_tag":[],"class_list":{"0":"post-20708","1":"product","2":"type-product","3":"status-publish","5":"product_cat-maros-megyei-eletrajzi-lexikon","7":"first","8":"instock","9":"shipping-taxable","10":"product-type-simple"},"_links":{"self":[{"href":"https:\/\/uj.adatbank.ro\/lexikon\/wp-json\/wp\/v2\/product\/20708","targetHints":{"allow":["GET"]}}],"collection":[{"href":"https:\/\/uj.adatbank.ro\/lexikon\/wp-json\/wp\/v2\/product"}],"about":[{"href":"https:\/\/uj.adatbank.ro\/lexikon\/wp-json\/wp\/v2\/types\/product"}],"replies":[{"embeddable":true,"href":"https:\/\/uj.adatbank.ro\/lexikon\/wp-json\/wp\/v2\/comments?post=20708"}],"wp:attachment":[{"href":"https:\/\/uj.adatbank.ro\/lexikon\/wp-json\/wp\/v2\/media?parent=20708"}],"wp:term":[{"taxonomy":"product_brand","embeddable":true,"href":"https:\/\/uj.adatbank.ro\/lexikon\/wp-json\/wp\/v2\/product_brand?post=20708"},{"taxonomy":"product_cat","embeddable":true,"href":"https:\/\/uj.adatbank.ro\/lexikon\/wp-json\/wp\/v2\/product_cat?post=20708"},{"taxonomy":"product_tag","embeddable":true,"href":"https:\/\/uj.adatbank.ro\/lexikon\/wp-json\/wp\/v2\/product_tag?post=20708"}],"curies":[{"name":"wp","href":"https:\/\/api.w.org\/{rel}","templated":true}]}}