{"id":20710,"date":"2025-07-22T18:58:42","date_gmt":"2025-07-22T16:58:42","guid":{"rendered":"https:\/\/uj.adatbank.ro\/lexikon\/termek\/soos-marton-sos-marosvasarhelyi-badoki-sos\/"},"modified":"2025-07-22T18:58:42","modified_gmt":"2025-07-22T16:58:42","slug":"soos-marton-sos-marosvasarhelyi-badoki-sos","status":"publish","type":"product","link":"https:\/\/uj.adatbank.ro\/lexikon\/termek\/soos-marton-sos-marosvasarhelyi-badoki-sos\/","title":{"rendered":"SO\u00d3S M\u00e1rton, S\u00f3s, marosv\u00e1s\u00e1rhelyi, b\u00e1doki; S\u00f3s"},"content":{"rendered":"<p>Mv.? \u2020?: orvos, dr\u00e1ma\u00edr\u00f3, sz\u00edn\u00e9sz. \u2013 Az iskolai sz\u00ednj\u00e1tsz\u00e1s\u00e1r\u00f3l nevezetes marosv\u00e1s\u00e1rhelyi koll\u00e9giumb\u00f3l ker\u00fclt fel Pestre orvostanhallgat\u00f3nak (1790), ahol \u00e9rdekl\u0151dni kezdett az \u00e9bred\u0151 m. sz\u00edn\u00e9szet ir\u00e1nt \u00e9s egy \u00f6nk\u00e9nt alakul\u00f3 sz\u00ednt\u00e1rsulat l\u00e9trehoz\u00e1s\u00e1ban r\u00e9szt is vett, de az els\u0151 hivat\u00e1sos m. nyelv\u0171 el\u0151ad\u00e1son (1790. okt. 25-i \u00e9s 27-i) nem j\u00e1tszott. Tagja volt a Nyelvm\u00edvel\u0151 T\u00e1rsas\u00e1gnak, Arank\u00e1val levelezett az Erd\u00e9lyben fel\u00e1ll\u00edtand\u00f3 sz\u00ednh\u00e1z \u00fcgy\u00e9ben (1792). Sz\u00ednm\u0171veket \u00edrt; de nemsok\u00e1ra megv\u00e1lt a sz\u00edn\u00e9szett\u0151l \u00e9s D\u00e9sre k\u00f6lt\u00f6z\u00f6tt, hol gyakorl\u00f3-orvos \u00e9s Bels\u0151szolnok megye f\u0151orvosa lett. Levelei a m. sz\u00edn\u00e9szetr\u0151l. Pest, 1782. j\u00falius 23., 1791. okt. 5., 21. (Reform 1871. 166. sz.). \u2013 <strong>F. m.<\/strong>: Magyar P\u00e9nelop\u00e9, avagy az \u00e1llhatatos szeretet p\u00e9ld\u00e1ja. V\u00edg j\u00e1t\u00e9k \u00f6t fel-von\u00e1sokban. (Pest, 1791.); A megszomor\u00edtott \u00e1rtatlans\u00e1g. Avagy az \u00e1rtatlan Etelka m\u00e9ltatlan szenved\u00e9se. Szomor\u00faj\u00e1t\u00e9k \u00f6t felvon\u00e1sban &#8230; (Pest, 1792., 1793). (Dugonics Etelka c. reg\u00e9ny\u00e9t dolgozta fel. Pesten, Bud\u00e1n \u00e9s Kv.-t sikerrel adt\u00e1k el\u0151.); Term\u00e9szeti \u00e9s polg\u00e1ri k\u00f6z\u00f6ns\u00e9ges geografia, az \u00fajjabb term\u00e9szeti tapasztal\u00e1sokhoz \u00e9s a polg\u00e1ri leg-\u00fajjabban esett v\u00e1ltoz\u00e1sokhoz int\u00e9zve 3 darab. (Kv., 1803). <br \/><strong>Irod.:<\/strong> D\u00f3czy; Ferenczy-Danielik; F\u00fcl\u00f6p\u2013Ferencz; Koncz J\u00f3zsef; MIL; Moln\u00e1r J\u00e1nos: Magyar k\u00f6nyvh\u00e1z (Pozsony, 1783); MSZL; Rugonfalvi Kiss; Sch\u00f6pflin; Spielmann: A hazai orvostud; Szinnyei, Szinnyei J.; Todea.<\/br><\/p>\n","protected":false},"excerpt":{"rendered":"<p>Mv.? \u2020?: orvos, dr\u00e1ma\u00edr\u00f3, sz\u00edn\u00e9sz. \u2013 Az iskolai sz\u00ednj\u00e1tsz\u00e1s\u00e1r\u00f3l nevezetes marosv\u00e1s\u00e1rhelyi koll\u00e9giumb\u00f3l ker\u00fclt fel Pestre orvostanhallgat\u00f3nak (1790), ahol \u00e9rdekl\u0151dni kezdett az \u00e9bred\u0151 m. sz\u00edn\u00e9szet ir\u00e1nt \u00e9s egy \u00f6nk\u00e9nt alakul\u00f3 sz\u00ednt\u00e1rsulat l\u00e9trehoz\u00e1s\u00e1ban r\u00e9szt is vett, de az els\u0151 hivat\u00e1sos m. nyelv\u0171 el\u0151ad\u00e1son (1790. okt. 25-i \u00e9s 27-i) nem j\u00e1tszott. Tagja volt a Nyelvm\u00edvel\u0151 T\u00e1rsas\u00e1gnak, Arank\u00e1val levelezett [&hellip;]<\/p>\n","protected":false},"featured_media":0,"comment_status":"open","ping_status":"closed","template":"","meta":[],"product_brand":[],"product_cat":[137],"product_tag":[],"class_list":{"0":"post-20710","1":"product","2":"type-product","3":"status-publish","5":"product_cat-maros-megyei-eletrajzi-lexikon","7":"first","8":"instock","9":"shipping-taxable","10":"product-type-simple"},"_links":{"self":[{"href":"https:\/\/uj.adatbank.ro\/lexikon\/wp-json\/wp\/v2\/product\/20710","targetHints":{"allow":["GET"]}}],"collection":[{"href":"https:\/\/uj.adatbank.ro\/lexikon\/wp-json\/wp\/v2\/product"}],"about":[{"href":"https:\/\/uj.adatbank.ro\/lexikon\/wp-json\/wp\/v2\/types\/product"}],"replies":[{"embeddable":true,"href":"https:\/\/uj.adatbank.ro\/lexikon\/wp-json\/wp\/v2\/comments?post=20710"}],"wp:attachment":[{"href":"https:\/\/uj.adatbank.ro\/lexikon\/wp-json\/wp\/v2\/media?parent=20710"}],"wp:term":[{"taxonomy":"product_brand","embeddable":true,"href":"https:\/\/uj.adatbank.ro\/lexikon\/wp-json\/wp\/v2\/product_brand?post=20710"},{"taxonomy":"product_cat","embeddable":true,"href":"https:\/\/uj.adatbank.ro\/lexikon\/wp-json\/wp\/v2\/product_cat?post=20710"},{"taxonomy":"product_tag","embeddable":true,"href":"https:\/\/uj.adatbank.ro\/lexikon\/wp-json\/wp\/v2\/product_tag?post=20710"}],"curies":[{"name":"wp","href":"https:\/\/api.w.org\/{rel}","templated":true}]}}