{"id":20711,"date":"2025-07-22T18:58:44","date_gmt":"2025-07-22T16:58:44","guid":{"rendered":"https:\/\/uj.adatbank.ro\/lexikon\/termek\/soos-pal\/"},"modified":"2025-07-22T18:58:44","modified_gmt":"2025-07-22T16:58:44","slug":"soos-pal","status":"publish","type":"product","link":"https:\/\/uj.adatbank.ro\/lexikon\/termek\/soos-pal\/","title":{"rendered":"SO\u00d3S P\u00e1l"},"content":{"rendered":"<p>1843., \u2020 Mv., 1910. \u00e1pr. 12.: \u00e9p\u00edt\u0151mester. \u2013 Testv\u00e9rei: S. Polekszina, Ter\u00e9z, Lila, Antal. Val\u00f3sz\u00edn\u0171 feles\u00e9ge Kozma Lila. Fi\u00fak: S. M\u00e1rton gimn\u00e1zista (1885? \u2013 1905. j\u00fan. 25.). \u2013 Nagy Gy\u0151z\u0151 \u00e9p\u00edt\u00e9sz terveinek megval\u00f3s\u00edt\u00f3ja volt. Szecesszi\u00f3s st\u00edlus\u00fa \u00e9p\u00fcleteket alkotott, sz\u00e1zn\u00e1l t\u00f6bb nagy \u00e9p\u00fcletet \u00e9p\u00edtett Mv.-en \u00e9s vid\u00e9ken: Sz\u00e9kelyf\u00f6ldi Iparm\u00fazeum (1890\u201393), a M\u00e9sz\u00e1rosok- \u00e9s a Csizmak\u00e9sz\u00edt\u0151 T\u00e1rsulat (1896) sz\u00e9kh\u00e1zai, Z\u00e1rda \u00e9p\u00fclete (1890), ma M\u0171v\u00e9szeti K\u00f6z\u00e9piskola, R. K. Le\u00e1nypolg\u00e1ri, a Minorit\u00e1k Bolyai utcai sz\u00e9kh\u00e1za, az Iskola utcai Zsinag\u00f3ga (1898\u201399) \u00e9s sz\u00e1mos polg\u00e1ri h\u00e1z t\u00f6bbek k\u00f6z\u00f6tt a Papp-, R\u00e9v\u00e9sz-, Papp-B\u00e1nyai-, Benk\u0151 palota, Szalm\u00e1sy-, Kaffay J\u00f3zsef \u2013 Benk\u0151-, Nyerges-h\u00e1z (1901), a Ref. Koll. tan\u00e1ri lak\u00e1sai a Kazinczy \/ Kog\u0103lniceanu utc\u00e1ban, a K\u00f6teles S\u00e1muel u.-i Bolyai h\u00e1z (1901), a R\u00e1k\u00f3czi-l\u00e9pcs\u0151 (1902) a J\u00e1t\u00e9kgy\u00e1r \u00e9p\u00fclete (Kossuth u. 103.sz), a mai \u015etefan cel Mare u. 21.sz (volt Gecse D\u00e1niel u.) alatti Cs\u00e1k\u00e1ny J\u00f3n\u00e1s r\u00e9sz\u00e9re \u00e9p\u00edtett lak\u00f3h\u00e1z (1905. aug.), a Liszt Ferenc u. 6\u20138 sz. alatti Balog Andr\u00e1s \u00e9s neje r\u00e9sz\u00e9re \u00e9p\u00edtett (1908), majd a Zolt\u00e1n Alad\u00e1r, zeneszerz\u0151, k\u00e9s\u0151bb Nagy Zolt\u00e1n dr. tulajdon\u00e1ba ker\u00fclt manz\u00e1rdos lak\u00f3h\u00e1z, \u00e9s m\u00e9g sok m\u00e1s \u00e9p\u00fclet. Kivitelezte Cs\u00edsz\u00e1r Lajossal a Ref. Koll. \u00faj \u00e9p\u00fclet\u00e9t \u00e9s tornacsarnok\u00e1t (1908\u201312). Lak\u00f3h\u00e1za a Szentgy\u00f6rgy utca \/ K\u00f6zt\u00e1rsas\u00e1g t\u00e9r 47\u201349, k\u00e9s\u0151 barokk-empire st\u00edlusban k\u00e9sz\u00fclt, figyelemre m\u00e9lt\u00f3 d\u00edszes homlokzattal (1900). \u00c9p\u00edt\u0151telepe a Kis\u00e1llom\u00e1s mellett a vas\u00fat \u00e9s az orsz\u00e1g\u00fat k\u00f6z\u00f6tt ter\u00fclt el. Ott volt az anyagrakt\u00e1ra, t\u00e9gla\u00e9get\u0151je, az \u00e1csok zsin\u00f3rpadjai (a tet\u0151szerkezetek el\u0151k\u00e9sz\u00edt\u0151 helye), l\u00f3ist\u00e1ll\u00f3ja. Ref. templomot \u00e9p\u00edtett Mez\u0151b\u00e1ndon, kast\u00e9lyt a marosszentgy\u00f6rgyi M\u00e1riaffy csal\u00e1dnak. Hal\u00e1la ut\u00e1n fia a telepet felsz\u00e1molta, hely\u00e9be utc\u00e1t nyitottak, amit az akkori v\u00e1rosi tan\u00e1cs So\u00f3s P\u00e1l \/ a mai Gy\u00f6ngyvir\u00e1g utc\u00e1nak nevezett el (1912). Eln\u00f6ke volt a K\u0151m\u0171vesek Ipart\u00e1rsulat\u00e1nak (25 \u00e9vig). Eln\u00f6ks\u00e9ge negyedsz\u00e1zados \u00e9vfordul\u00f3j\u00e1n tisztel\u0151i f\u00e1kly\u00e1s menetet, zen\u00e9s felvonul\u00e1st rendeztek a v\u00e1rosban. Sok \u00e9p\u00fclet\u00e9t a k\u00e9s\u0151bbi \u00e9vek restaur\u00e1l\u00e1si munk\u00e1latai alkalm\u00e1val megv\u00e1ltoztattak, f\u0151leg d\u00edsz\u00edt\u00e9s\u00fcket csonk\u00edtott\u00e1k, elt\u00fcntett\u00e9k, de sokat teljesen lebontottak, \u00fajabb \u00e9p\u00fcleteket emeltek hely\u00fckbe. Eml\u00e9k\u00e9re nev\u00e9t visel\u0151 \u00e1gyalap\u00edtv\u00e1nyt l\u00e9tes\u00edtettek a leend\u0151 aggmenh\u00e1z jav\u00e1ra (1910) \u00e9s utc\u00e1t neveztek el (1912\u20131920, 1941-, Gy\u00f6ngyvir\u00e1g u. 1995\u2013). <br \/><strong>Irod.:<\/strong> Fodor S\u00e1ndor (S): A legh\u00edresebb k\u0151m\u0171vesmester\u00fcnk (N\u00fa., Sz\u00ednes Vil\u00e1g, 2006. febr. 4.); Fodor\u2013Bal\u00e1s; Ga\u00e1l Korn\u00e9lia: A Sz\u00e9kelyf\u00f6ldi Iparm\u00fazeum Mv.-t = Mv. t\u00f6rt\u00e9net\u00e9b\u0151l; Ga\u00e1l Korn\u00e9lia: Sz\u00e1z \u00e9ve, 1893. j\u00falius m\u00e1sodik\u00e1n avatt\u00e1k fel a Sz\u00e9kelyf\u00f6ldi Iparm\u00fazeum csarnok\u00e1t (N\u00fa., 1993. j\u00fal. 9.); Gy\u00e1szjelent\u0151; Id\u0151t\u00e1r 2; Kar\u00e1csony Istv\u00e1n: A Sz\u00e9kelyf\u00f6ldi Iparm\u00fazeum marosv\u00e1s\u00e1rhelyi \u00e9p\u00fclete = Liber discipulorum; Keresztes; Keresztes Gyula (N\u00fa., 1993. \u00e1pr. 27.); Man: Tg.M. 2.; Mv.-Bal\u00e1s; Mv. m\u0171v. v\u00e1r; \u00d6kr\u00f6s; Sipos; Simon Vir\u00e1g: Sz\u00ednes lesz a sz\u00fcrke k\u00f6zt\u00e9ri l\u00e9pcs\u0151 (Kr\u00f3nika, 2021. okt. 4.); Somosd; Szentgy\u00f6rgyi; Tg.\u2013Mure\u0219 \u2013 Mv.; T\u0151k\u00e9s; Vajda Gy\u00f6rgy: Templom\u00faj\u00edt\u00e1s eml\u00e9kez\u00e9sk\u00e9nt (N\u00fa., 1999. febr. 27.); Vigh.<\/br><\/p>\n","protected":false},"excerpt":{"rendered":"<p>1843., \u2020 Mv., 1910. \u00e1pr. 12.: \u00e9p\u00edt\u0151mester. \u2013 Testv\u00e9rei: S. Polekszina, Ter\u00e9z, Lila, Antal. Val\u00f3sz\u00edn\u0171 feles\u00e9ge Kozma Lila. Fi\u00fak: S. M\u00e1rton gimn\u00e1zista (1885? \u2013 1905. j\u00fan. 25.). \u2013 Nagy Gy\u0151z\u0151 \u00e9p\u00edt\u00e9sz terveinek megval\u00f3s\u00edt\u00f3ja volt. Szecesszi\u00f3s st\u00edlus\u00fa \u00e9p\u00fcleteket alkotott, sz\u00e1zn\u00e1l t\u00f6bb nagy \u00e9p\u00fcletet \u00e9p\u00edtett Mv.-en \u00e9s vid\u00e9ken: Sz\u00e9kelyf\u00f6ldi Iparm\u00fazeum (1890\u201393), a M\u00e9sz\u00e1rosok- \u00e9s a Csizmak\u00e9sz\u00edt\u0151 T\u00e1rsulat [&hellip;]<\/p>\n","protected":false},"featured_media":0,"comment_status":"open","ping_status":"closed","template":"","meta":[],"product_brand":[],"product_cat":[137],"product_tag":[],"class_list":{"0":"post-20711","1":"product","2":"type-product","3":"status-publish","5":"product_cat-maros-megyei-eletrajzi-lexikon","7":"first","8":"instock","9":"shipping-taxable","10":"product-type-simple"},"_links":{"self":[{"href":"https:\/\/uj.adatbank.ro\/lexikon\/wp-json\/wp\/v2\/product\/20711","targetHints":{"allow":["GET"]}}],"collection":[{"href":"https:\/\/uj.adatbank.ro\/lexikon\/wp-json\/wp\/v2\/product"}],"about":[{"href":"https:\/\/uj.adatbank.ro\/lexikon\/wp-json\/wp\/v2\/types\/product"}],"replies":[{"embeddable":true,"href":"https:\/\/uj.adatbank.ro\/lexikon\/wp-json\/wp\/v2\/comments?post=20711"}],"wp:attachment":[{"href":"https:\/\/uj.adatbank.ro\/lexikon\/wp-json\/wp\/v2\/media?parent=20711"}],"wp:term":[{"taxonomy":"product_brand","embeddable":true,"href":"https:\/\/uj.adatbank.ro\/lexikon\/wp-json\/wp\/v2\/product_brand?post=20711"},{"taxonomy":"product_cat","embeddable":true,"href":"https:\/\/uj.adatbank.ro\/lexikon\/wp-json\/wp\/v2\/product_cat?post=20711"},{"taxonomy":"product_tag","embeddable":true,"href":"https:\/\/uj.adatbank.ro\/lexikon\/wp-json\/wp\/v2\/product_tag?post=20711"}],"curies":[{"name":"wp","href":"https:\/\/api.w.org\/{rel}","templated":true}]}}