{"id":2073,"date":"2025-06-28T12:02:58","date_gmt":"2025-06-28T10:02:58","guid":{"rendered":"https:\/\/uj.adatbank.ro\/lexikon\/termek\/balogh-janos-bocsoki\/"},"modified":"2025-06-28T12:02:58","modified_gmt":"2025-06-28T10:02:58","slug":"balogh-janos-bocsoki","status":"publish","type":"product","link":"https:\/\/uj.adatbank.ro\/lexikon\/termek\/balogh-janos-bocsoki\/","title":{"rendered":"BALOGH J\u00e1nos, bocsoki"},"content":{"rendered":"<p>Mez\u0151k\u00f6lp\u00e9ny, ? \u2020 ? : kapit\u00e1ny. \u2013 Fia L\u00e1szl\u00f3. \u2013 Az edel\u00e9nyi csata h\u0151se, k\u00f6lp\u00e9nyi h\u0151s, a bocsoki birtokot kapta meg (1606). A hagyom\u00e1ny szerint Bocsok a Bocskai fejedelem birtoka volt, az erd\u0151t az alj\u00e1n fekv\u0151 M\u00e9nes nev\u0171 kis faluval egy\u00fctt az edel\u00e9nyi csat\u00e1ban (1604. nov. 28) magukat kit\u00fcntetett 11 k\u00f6lp\u00e9nyi h\u0151snek adom\u00e1nyozta, fi\u00far\u00f3l fi\u00fara \u00f6r\u00f6k\u00f6sen, amely a br. Vay-csal\u00e1dra sz\u00e1llott. Marossz\u00e9k f\u0151kap\u00edt\u00e1nya volt Bethlen G\u00e1bor kor\u00e1ban (1613\u2013). <br \/><strong>Irod.:<\/strong> Nagy P\u00e1l: Falu a Korh\u00e1ny alatt (Sz\u00e9kelyf\u00f6ld, 5. sz., 2006.); Orb\u00e1n Bal\u00e1zs; P\u00e1lmay; \u00daIL<\/br><\/p>\n","protected":false},"excerpt":{"rendered":"<p>Mez\u0151k\u00f6lp\u00e9ny, ? \u2020 ? : kapit\u00e1ny. \u2013 Fia L\u00e1szl\u00f3. \u2013 Az edel\u00e9nyi csata h\u0151se, k\u00f6lp\u00e9nyi h\u0151s, a bocsoki birtokot kapta meg (1606). A hagyom\u00e1ny szerint Bocsok a Bocskai fejedelem birtoka volt, az erd\u0151t az alj\u00e1n fekv\u0151 M\u00e9nes nev\u0171 kis faluval egy\u00fctt az edel\u00e9nyi csat\u00e1ban (1604. nov. 28) magukat kit\u00fcntetett 11 k\u00f6lp\u00e9nyi h\u0151snek adom\u00e1nyozta, fi\u00far\u00f3l fi\u00fara [&hellip;]<\/p>\n","protected":false},"featured_media":0,"comment_status":"open","ping_status":"closed","template":"","meta":[],"product_brand":[],"product_cat":[137],"product_tag":[],"class_list":{"0":"post-2073","1":"product","2":"type-product","3":"status-publish","5":"product_cat-maros-megyei-eletrajzi-lexikon","7":"first","8":"instock","9":"shipping-taxable","10":"product-type-simple"},"_links":{"self":[{"href":"https:\/\/uj.adatbank.ro\/lexikon\/wp-json\/wp\/v2\/product\/2073","targetHints":{"allow":["GET"]}}],"collection":[{"href":"https:\/\/uj.adatbank.ro\/lexikon\/wp-json\/wp\/v2\/product"}],"about":[{"href":"https:\/\/uj.adatbank.ro\/lexikon\/wp-json\/wp\/v2\/types\/product"}],"replies":[{"embeddable":true,"href":"https:\/\/uj.adatbank.ro\/lexikon\/wp-json\/wp\/v2\/comments?post=2073"}],"wp:attachment":[{"href":"https:\/\/uj.adatbank.ro\/lexikon\/wp-json\/wp\/v2\/media?parent=2073"}],"wp:term":[{"taxonomy":"product_brand","embeddable":true,"href":"https:\/\/uj.adatbank.ro\/lexikon\/wp-json\/wp\/v2\/product_brand?post=2073"},{"taxonomy":"product_cat","embeddable":true,"href":"https:\/\/uj.adatbank.ro\/lexikon\/wp-json\/wp\/v2\/product_cat?post=2073"},{"taxonomy":"product_tag","embeddable":true,"href":"https:\/\/uj.adatbank.ro\/lexikon\/wp-json\/wp\/v2\/product_tag?post=2073"}],"curies":[{"name":"wp","href":"https:\/\/api.w.org\/{rel}","templated":true}]}}

BALOGH János, bocsoki

<p>Mezőkölpény, ? † ? : kapitány. – Fia László. – Az edelényi csata hőse, kölpényi hős, a bocsoki birtokot kapta meg (1606). A hagyomány szerint Bocsok a Bocskai fejedelem birtoka volt, az erdőt az alján fekvő Ménes nevű kis faluval együtt az edelényi csatában (1604. nov. 28) magukat kitüntetett 11 kölpényi hősnek adományozta, fiúról fiúra örökösen, amely a br. Vay-családra szállott. Marosszék főkapítánya volt Bethlen Gábor korában (1613–). <br /><strong>Irod.:</strong> Nagy Pál: Falu a Korhány alatt (Székelyföld, 5. sz., 2006.); Orbán Balázs; Pálmay; ÚIL</br></p>

<p>Mezőkölpény, ? † ? : kapitány. – Fia László. – Az edelényi csata hőse, kölpényi hős, a bocsoki birtokot kapta meg (1606). A hagyomány szerint Bocsok a Bocskai fejedelem birtoka volt, az erdőt az alján fekvő Ménes nevű kis faluval együtt az edelényi csatában (1604. nov. 28) magukat kitüntetett 11 kölpényi hősnek adományozta, fiúról fiúra [&hellip;]</p>
