{"id":20737,"date":"2025-07-22T18:59:44","date_gmt":"2025-07-22T16:59:44","guid":{"rendered":"https:\/\/uj.adatbank.ro\/lexikon\/termek\/spaniel-zoltan\/"},"modified":"2025-07-22T18:59:44","modified_gmt":"2025-07-22T16:59:44","slug":"spaniel-zoltan","status":"publish","type":"product","link":"https:\/\/uj.adatbank.ro\/lexikon\/termek\/spaniel-zoltan\/","title":{"rendered":"SP\u00c1NIEL Zolt\u00e1n"},"content":{"rendered":"<p>Hajd\u00fan\u00e1n\u00e1s, 1903., \u2020\u00a0Mv., 1978.: orvos. \u2013 Feles\u00e9ge: Sz\u00e1sz Erzs\u00e9bet (1906\u20131979). \u2013 Mv. \u2013 Ref. Koll.-ban \u00e9retts\u00e9gizett. Bp.-en a Kir\u00e1lyi Magyar P\u00e1zm\u00e1ny P\u00e9ter Egyetemen orvosnak tanult (1921\u201326), majd egy \u00e9vet k\u00f3rh\u00e1zi gyakorlaton vett r\u00e9szt az orsz\u00e1g k\u00fcl\u00f6nb\u00f6z\u0151 k\u00f3rh\u00e1zaiban. Doktorr\u00e1 avatt\u00e1k (1928. jan. 13.).A Czak\u00f3 \u2013szanat\u00f3riumban dolgozott. Az MSE tagja (1918\u2013).majd v\u00e1lasztm\u00e1nyi tagja \u00e9s az \u00fasz\u00f3 szakoszt\u00e1ly aleln\u00f6ke. R\u00fadugr\u00e1sban ker\u00fcleti szenior bajnoks\u00e1got (1920), ugyanabban az \u00e9veben ifj\u00fas\u00e1gi tenisz bajnoks\u00e1got nyert (1920). Ia\u0219i-ban honos\u00edtotta diplom\u00e1j\u00e1t. Belgy\u00f3gy\u00e1sz szakorvos a Betegseg\u00e9lyez\u0151n\u00e9l \u00e9s a helyi k\u00f3rh\u00e1zban (1940 ut\u00e1n). \u00dczemorvos a K\u00f6z\u00fczemekn\u00e9l, mag\u00e1nrendel\u0151je is volt. Harcolt az egyes\u00fclet megmarad\u00e1s\u00e1\u00e9rt, f\u0151 feladat\u00e1nak tekintette az ut\u00e1np\u00f3tl\u00e1s nevel\u00e9s\u00e9t. <br \/><strong>Irod.:<\/strong> Csekme; Kiss\u2013P\u00e9terffy\u2013P\u00e9terffy; Pluh\u00e1r.<\/br><\/p>\n","protected":false},"excerpt":{"rendered":"<p>Hajd\u00fan\u00e1n\u00e1s, 1903., \u2020\u00a0Mv., 1978.: orvos. \u2013 Feles\u00e9ge: Sz\u00e1sz Erzs\u00e9bet (1906\u20131979). \u2013 Mv. \u2013 Ref. Koll.-ban \u00e9retts\u00e9gizett. Bp.-en a Kir\u00e1lyi Magyar P\u00e1zm\u00e1ny P\u00e9ter Egyetemen orvosnak tanult (1921\u201326), majd egy \u00e9vet k\u00f3rh\u00e1zi gyakorlaton vett r\u00e9szt az orsz\u00e1g k\u00fcl\u00f6nb\u00f6z\u0151 k\u00f3rh\u00e1zaiban. Doktorr\u00e1 avatt\u00e1k (1928. jan. 13.).A Czak\u00f3 \u2013szanat\u00f3riumban dolgozott. Az MSE tagja (1918\u2013).majd v\u00e1lasztm\u00e1nyi tagja \u00e9s az \u00fasz\u00f3 szakoszt\u00e1ly [&hellip;]<\/p>\n","protected":false},"featured_media":0,"comment_status":"open","ping_status":"closed","template":"","meta":[],"product_brand":[],"product_cat":[137],"product_tag":[],"class_list":{"0":"post-20737","1":"product","2":"type-product","3":"status-publish","5":"product_cat-maros-megyei-eletrajzi-lexikon","7":"first","8":"instock","9":"shipping-taxable","10":"product-type-simple"},"_links":{"self":[{"href":"https:\/\/uj.adatbank.ro\/lexikon\/wp-json\/wp\/v2\/product\/20737","targetHints":{"allow":["GET"]}}],"collection":[{"href":"https:\/\/uj.adatbank.ro\/lexikon\/wp-json\/wp\/v2\/product"}],"about":[{"href":"https:\/\/uj.adatbank.ro\/lexikon\/wp-json\/wp\/v2\/types\/product"}],"replies":[{"embeddable":true,"href":"https:\/\/uj.adatbank.ro\/lexikon\/wp-json\/wp\/v2\/comments?post=20737"}],"wp:attachment":[{"href":"https:\/\/uj.adatbank.ro\/lexikon\/wp-json\/wp\/v2\/media?parent=20737"}],"wp:term":[{"taxonomy":"product_brand","embeddable":true,"href":"https:\/\/uj.adatbank.ro\/lexikon\/wp-json\/wp\/v2\/product_brand?post=20737"},{"taxonomy":"product_cat","embeddable":true,"href":"https:\/\/uj.adatbank.ro\/lexikon\/wp-json\/wp\/v2\/product_cat?post=20737"},{"taxonomy":"product_tag","embeddable":true,"href":"https:\/\/uj.adatbank.ro\/lexikon\/wp-json\/wp\/v2\/product_tag?post=20737"}],"curies":[{"name":"wp","href":"https:\/\/api.w.org\/{rel}","templated":true}]}}