{"id":20740,"date":"2025-07-22T18:59:51","date_gmt":"2025-07-22T16:59:51","guid":{"rendered":"https:\/\/uj.adatbank.ro\/lexikon\/termek\/speck-v-spech-gusztav\/"},"modified":"2025-07-22T18:59:51","modified_gmt":"2025-07-22T16:59:51","slug":"speck-v-spech-gusztav","status":"publish","type":"product","link":"https:\/\/uj.adatbank.ro\/lexikon\/termek\/speck-v-spech-gusztav\/","title":{"rendered":"SPECK v SPECH, Guszt\u00e1v"},"content":{"rendered":"<p>Sz\u00e1szr\u00e9gen, 1892. dec. 16., \u2020?: m\u00e9rn\u00f6k v. tan\u00e1r. \u2013 Apja f\u0151erd\u00e9sz. Iskol\u00e1it Sz\u00e1szr\u00e9genben v\u00e9gezte, majd k\u00fclf\u00f6ld\u00f6n tanult: a Lipcsei Egy. Hittud. \u00e9s B\u00f6lcs. Kar\u00e1n (1911\u2013), a Berlini Egy. Termtud. Kar\u00e1n mat. fiz. (1913\u201314), tanult Kv-on, Szebenben is. Heidelbergi Egy Termtud. Kar matematika (1914\u2013), a Gr\u00e1zi M\u0171egyetem M\u00e9r. Kar (1915\u201316, 1920\u201321). <br \/><strong>Irod.:<\/strong> Szab\u00f3\u2013Simon\u2013Sz\u00f6gi.<\/br><\/p>\n","protected":false},"excerpt":{"rendered":"<p>Sz\u00e1szr\u00e9gen, 1892. dec. 16., \u2020?: m\u00e9rn\u00f6k v. tan\u00e1r. \u2013 Apja f\u0151erd\u00e9sz. Iskol\u00e1it Sz\u00e1szr\u00e9genben v\u00e9gezte, majd k\u00fclf\u00f6ld\u00f6n tanult: a Lipcsei Egy. Hittud. \u00e9s B\u00f6lcs. Kar\u00e1n (1911\u2013), a Berlini Egy. Termtud. Kar\u00e1n mat. fiz. (1913\u201314), tanult Kv-on, Szebenben is. Heidelbergi Egy Termtud. Kar matematika (1914\u2013), a Gr\u00e1zi M\u0171egyetem M\u00e9r. Kar (1915\u201316, 1920\u201321). Irod.: Szab\u00f3\u2013Simon\u2013Sz\u00f6gi.<\/p>\n","protected":false},"featured_media":0,"comment_status":"open","ping_status":"closed","template":"","meta":[],"product_brand":[],"product_cat":[137],"product_tag":[],"class_list":{"0":"post-20740","1":"product","2":"type-product","3":"status-publish","5":"product_cat-maros-megyei-eletrajzi-lexikon","7":"first","8":"instock","9":"shipping-taxable","10":"product-type-simple"},"_links":{"self":[{"href":"https:\/\/uj.adatbank.ro\/lexikon\/wp-json\/wp\/v2\/product\/20740","targetHints":{"allow":["GET"]}}],"collection":[{"href":"https:\/\/uj.adatbank.ro\/lexikon\/wp-json\/wp\/v2\/product"}],"about":[{"href":"https:\/\/uj.adatbank.ro\/lexikon\/wp-json\/wp\/v2\/types\/product"}],"replies":[{"embeddable":true,"href":"https:\/\/uj.adatbank.ro\/lexikon\/wp-json\/wp\/v2\/comments?post=20740"}],"wp:attachment":[{"href":"https:\/\/uj.adatbank.ro\/lexikon\/wp-json\/wp\/v2\/media?parent=20740"}],"wp:term":[{"taxonomy":"product_brand","embeddable":true,"href":"https:\/\/uj.adatbank.ro\/lexikon\/wp-json\/wp\/v2\/product_brand?post=20740"},{"taxonomy":"product_cat","embeddable":true,"href":"https:\/\/uj.adatbank.ro\/lexikon\/wp-json\/wp\/v2\/product_cat?post=20740"},{"taxonomy":"product_tag","embeddable":true,"href":"https:\/\/uj.adatbank.ro\/lexikon\/wp-json\/wp\/v2\/product_tag?post=20740"}],"curies":[{"name":"wp","href":"https:\/\/api.w.org\/{rel}","templated":true}]}}