{"id":20743,"date":"2025-07-22T18:59:59","date_gmt":"2025-07-22T16:59:59","guid":{"rendered":"https:\/\/uj.adatbank.ro\/lexikon\/termek\/spettmann-janos\/"},"modified":"2025-07-22T18:59:59","modified_gmt":"2025-07-22T16:59:59","slug":"spettmann-janos","status":"publish","type":"product","link":"https:\/\/uj.adatbank.ro\/lexikon\/termek\/spettmann-janos\/","title":{"rendered":"SPETTMANN J\u00e1nos"},"content":{"rendered":"<p>? \u2020?: erd\u00e9szeti tisztvisel\u0151 G\u00f6rg\u00e9nyszentimr\u00e9n. <br \/><strong>Irod.:<\/strong> Bed\u0151 Albert: A magyar \u00e1llam erd\u0151s\u00e9geinek gazdas\u00e1gi \u00e9s kereskedelmi le\u00edr\u00e1sa (Bp., 1896).<\/br><\/p>\n","protected":false},"excerpt":{"rendered":"<p>? \u2020?: erd\u00e9szeti tisztvisel\u0151 G\u00f6rg\u00e9nyszentimr\u00e9n. Irod.: Bed\u0151 Albert: A magyar \u00e1llam erd\u0151s\u00e9geinek gazdas\u00e1gi \u00e9s kereskedelmi le\u00edr\u00e1sa (Bp., 1896).<\/p>\n","protected":false},"featured_media":0,"comment_status":"open","ping_status":"closed","template":"","meta":[],"product_brand":[],"product_cat":[137],"product_tag":[],"class_list":{"0":"post-20743","1":"product","2":"type-product","3":"status-publish","5":"product_cat-maros-megyei-eletrajzi-lexikon","7":"first","8":"instock","9":"shipping-taxable","10":"product-type-simple"},"_links":{"self":[{"href":"https:\/\/uj.adatbank.ro\/lexikon\/wp-json\/wp\/v2\/product\/20743","targetHints":{"allow":["GET"]}}],"collection":[{"href":"https:\/\/uj.adatbank.ro\/lexikon\/wp-json\/wp\/v2\/product"}],"about":[{"href":"https:\/\/uj.adatbank.ro\/lexikon\/wp-json\/wp\/v2\/types\/product"}],"replies":[{"embeddable":true,"href":"https:\/\/uj.adatbank.ro\/lexikon\/wp-json\/wp\/v2\/comments?post=20743"}],"wp:attachment":[{"href":"https:\/\/uj.adatbank.ro\/lexikon\/wp-json\/wp\/v2\/media?parent=20743"}],"wp:term":[{"taxonomy":"product_brand","embeddable":true,"href":"https:\/\/uj.adatbank.ro\/lexikon\/wp-json\/wp\/v2\/product_brand?post=20743"},{"taxonomy":"product_cat","embeddable":true,"href":"https:\/\/uj.adatbank.ro\/lexikon\/wp-json\/wp\/v2\/product_cat?post=20743"},{"taxonomy":"product_tag","embeddable":true,"href":"https:\/\/uj.adatbank.ro\/lexikon\/wp-json\/wp\/v2\/product_tag?post=20743"}],"curies":[{"name":"wp","href":"https:\/\/api.w.org\/{rel}","templated":true}]}}