{"id":2077,"date":"2025-06-28T12:03:05","date_gmt":"2025-06-28T10:03:05","guid":{"rendered":"https:\/\/uj.adatbank.ro\/lexikon\/termek\/balogh-jozsef-3\/"},"modified":"2025-06-28T12:03:05","modified_gmt":"2025-06-28T10:03:05","slug":"balogh-jozsef-3","status":"publish","type":"product","link":"https:\/\/uj.adatbank.ro\/lexikon\/termek\/balogh-jozsef-3\/","title":{"rendered":"BALOGH J\u00f3zsef"},"content":{"rendered":"<p>Mv., 1934. j\u00fan. 8. \u2020\u00a0Mv., szobor\u00f6nt\u0151. \u2013 Sz\u00fclei: B. J\u00f3zsef \u00e9s M\u00e1ria. Le\u00e1nyuk Solyom Edit (1967\u2013). \u2013 Az Encsel M\u00f3r Ipari Szakiskol\u00e1ban v\u00e9gzett (1959). Munkahelyei. \u00c9pi\u00edtkez\u00e9si Tr\u00f6szt (1952\u201353), Encsel M\u00f3r iskola k\u00f6zpont (1953\u201354), a Mv.-i ILMC v\u00e1llalatn\u00e1l \u00f6nt\u0151 (1959\u201372), az IPP v\u00e1llalat \u00f6nt\u0151mestere (1972\u201391). Rendszerv\u00e1lt\u00e1s ut\u00e1n a Cubi Metal Kft \u00fcgyvezet\u0151 tulajdonosa (1991\u2013). Bronzszobrokat \u00f6nt\u00f6ttek: Dr. Bern\u00e1dy Gy\u00f6rgy, 240 cm. (Mv., 1994); M\u00e1rton \u00c1ron-mellszobor (Mv., 1995); B\u00e1thory Zsigmond&#8211;mellszobor (Szatm\u00e1r, 1996); Sasbagoly \/ De\u00e1k \u00c1rp\u00e1d alkot\u00e1sa (Nagyv\u00e1rad, 1996); Mikes Kelemen-mellszobor \/ Bocskai Vince alkot\u00e1sa (Z\u00e1gon, 1997); Turulmad\u00e1r \/ Szerv\u00e1tiusz Tibor alkot\u00e1sa (Bp., 1998); Koos K\u00e1roly- mellszobor. (Mv., 1999); Istv\u00e1n Pap \/ Kiss Levente alkot\u00e1sa (Ditr\u00f3 2000); M\u00e1rton \u00c1ron-szobor \/Vetro Andr\u00e1s alkot\u00e1sa (K\u00e9zdiv\u00e1s\u00e1rhely, 2000); Bem J\u00f3zsef&#8211;mellszobor K\u00e9zdiv\u00e1s\u00e1rhely, 2001); Borsos Tam\u00e1s \u2013 mellszobor (Mv., 2001); Pet\u0151fi S\u00e1ndor, Hunyadi L\u00e1szl\u00f3 alkot\u00e1sa, 240 cm. (Mv., 2001); Kossuth Lajos- mellszobor. (K\u00e9zdiv\u00e1s\u00e1rhely, 2002); Krisztus a kereszten, Gyarmathy J\u00e1nos alkot\u00e1sa (Mv., 2002); Pet\u0151fi S\u00e1ndor&#8211;mellszobor. (K\u00e9zdiv\u00e1s\u00e1rhely, 2002); Szent Imre, Simorka S\u00e1ndor alkot\u00e1sa, 240 cm. (H\u00e1rmasfalu, 2007); Kem\u00e9ny J\u00e1nos s\u00edreml\u00e9k (Marosv\u00e9cs, 2007); Arany J\u00e1nos, M\u00e1rton \u00c1ron- mellszobor (B\u00e9cs), Jakab Antal-mellszobra (Szentp\u00e1l, 2008) K\u00e1rolyi G\u00e1sp\u00e1r- mellszobor (Nagyk\u00e1roly, 2008); Fekete J\u00e1nos \/ Petrovits Istv\u00e1n alkot\u00e1sa, 240 cm. (Gelence, 2008); Liszt Ferenc-mellszobra, Miholcsa J\u00f3zsef alkot\u00e1sa (B\u00e9cs, 2009); Turulmad\u00e1r, Barothi \u00c1d\u00e1m alkot\u00e1sa, bronz harangok Erd\u00e9ly magyar lakta ter\u00fcletein, ezek k\u00f6z\u00fcl legkiemelked\u0151bb az 500 kg harang Zilahon. Mikes Kelemen-mellszobor. A legsikeresebb c\u00e9g c\u00edmen kapott oklevelet (2001 \u00e9s 2002), I. hely (2004), II. hely (2005), Buk. 2005, 11. hely. <br \/><strong>Irod.:<\/strong> EMKK2010<\/br><\/p>\n","protected":false},"excerpt":{"rendered":"<p>Mv., 1934. j\u00fan. 8. \u2020\u00a0Mv., szobor\u00f6nt\u0151. \u2013 Sz\u00fclei: B. J\u00f3zsef \u00e9s M\u00e1ria. Le\u00e1nyuk Solyom Edit (1967\u2013). \u2013 Az Encsel M\u00f3r Ipari Szakiskol\u00e1ban v\u00e9gzett (1959). Munkahelyei. \u00c9pi\u00edtkez\u00e9si Tr\u00f6szt (1952\u201353), Encsel M\u00f3r iskola k\u00f6zpont (1953\u201354), a Mv.-i ILMC v\u00e1llalatn\u00e1l \u00f6nt\u0151 (1959\u201372), az IPP v\u00e1llalat \u00f6nt\u0151mestere (1972\u201391). Rendszerv\u00e1lt\u00e1s ut\u00e1n a Cubi Metal Kft \u00fcgyvezet\u0151 tulajdonosa (1991\u2013). Bronzszobrokat \u00f6nt\u00f6ttek: [&hellip;]<\/p>\n","protected":false},"featured_media":0,"comment_status":"open","ping_status":"closed","template":"","meta":[],"product_brand":[],"product_cat":[137],"product_tag":[],"class_list":{"0":"post-2077","1":"product","2":"type-product","3":"status-publish","5":"product_cat-maros-megyei-eletrajzi-lexikon","7":"first","8":"instock","9":"shipping-taxable","10":"product-type-simple"},"_links":{"self":[{"href":"https:\/\/uj.adatbank.ro\/lexikon\/wp-json\/wp\/v2\/product\/2077","targetHints":{"allow":["GET"]}}],"collection":[{"href":"https:\/\/uj.adatbank.ro\/lexikon\/wp-json\/wp\/v2\/product"}],"about":[{"href":"https:\/\/uj.adatbank.ro\/lexikon\/wp-json\/wp\/v2\/types\/product"}],"replies":[{"embeddable":true,"href":"https:\/\/uj.adatbank.ro\/lexikon\/wp-json\/wp\/v2\/comments?post=2077"}],"wp:attachment":[{"href":"https:\/\/uj.adatbank.ro\/lexikon\/wp-json\/wp\/v2\/media?parent=2077"}],"wp:term":[{"taxonomy":"product_brand","embeddable":true,"href":"https:\/\/uj.adatbank.ro\/lexikon\/wp-json\/wp\/v2\/product_brand?post=2077"},{"taxonomy":"product_cat","embeddable":true,"href":"https:\/\/uj.adatbank.ro\/lexikon\/wp-json\/wp\/v2\/product_cat?post=2077"},{"taxonomy":"product_tag","embeddable":true,"href":"https:\/\/uj.adatbank.ro\/lexikon\/wp-json\/wp\/v2\/product_tag?post=2077"}],"curies":[{"name":"wp","href":"https:\/\/api.w.org\/{rel}","templated":true}]}}