{"id":20770,"date":"2025-07-22T19:01:00","date_gmt":"2025-07-22T17:01:00","guid":{"rendered":"https:\/\/uj.adatbank.ro\/lexikon\/termek\/staibl-antal\/"},"modified":"2025-07-22T19:01:00","modified_gmt":"2025-07-22T17:01:00","slug":"staibl-antal","status":"publish","type":"product","link":"https:\/\/uj.adatbank.ro\/lexikon\/termek\/staibl-antal\/","title":{"rendered":"STAIBL Antal"},"content":{"rendered":"<p>? \u2020?: keresked\u0151. \u2013 Feles\u00e9ge: 1. Szemann Ter\u00e9z (1843? \u2013 Mv., 1871. j\u00fal. 5.). Gyerekeik: S. Ferenc., Piroska (1861? \u2013 Mv., 1884. szept. 2.); 2. Ajtai M\u00e1ria (1849? \u2013 Mv., 1888. szept. 8.). Gyerekeik: S. Andor, J\u00falia. \u2013 Megvette a mv.-i f\u0151t\u00e9r 55 sz. alatti egyemeletes h\u00e1zat (1857), amely m\u00e1r a XVIII. sz. v\u00e9g\u00e9n \u00e1llt, emeleti termeiben a Kir. T\u00e1bla irod\u00e1i m\u0171k\u00f6dtek (1827-ig). A f\u00f6ldszintj\u00e9n fest\u00e9k\u00fczletet \u00e9s rakt\u00e1rakat rendezett be, a tet\u0151csatorna magass\u00e1g\u00e1ban k\u00e9k goly\u00f3t t\u00e9tetett c\u00e9gjel\u00fcl. Ut\u00e1na fia Ferenc vezette az \u00fczletet. <br \/><strong>Irod.:<\/strong> Gy\u00e1szjelent\u0151; Kusz\u00e1lik\u2013Zal\u00e1nyi; Sipos; Szentgy\u00f6rgyi.<\/br><\/p>\n","protected":false},"excerpt":{"rendered":"<p>? \u2020?: keresked\u0151. \u2013 Feles\u00e9ge: 1. Szemann Ter\u00e9z (1843? \u2013 Mv., 1871. j\u00fal. 5.). Gyerekeik: S. Ferenc., Piroska (1861? \u2013 Mv., 1884. szept. 2.); 2. Ajtai M\u00e1ria (1849? \u2013 Mv., 1888. szept. 8.). Gyerekeik: S. Andor, J\u00falia. \u2013 Megvette a mv.-i f\u0151t\u00e9r 55 sz. alatti egyemeletes h\u00e1zat (1857), amely m\u00e1r a XVIII. sz. v\u00e9g\u00e9n \u00e1llt, [&hellip;]<\/p>\n","protected":false},"featured_media":0,"comment_status":"open","ping_status":"closed","template":"","meta":[],"product_brand":[],"product_cat":[137],"product_tag":[],"class_list":{"0":"post-20770","1":"product","2":"type-product","3":"status-publish","5":"product_cat-maros-megyei-eletrajzi-lexikon","7":"first","8":"instock","9":"shipping-taxable","10":"product-type-simple"},"_links":{"self":[{"href":"https:\/\/uj.adatbank.ro\/lexikon\/wp-json\/wp\/v2\/product\/20770","targetHints":{"allow":["GET"]}}],"collection":[{"href":"https:\/\/uj.adatbank.ro\/lexikon\/wp-json\/wp\/v2\/product"}],"about":[{"href":"https:\/\/uj.adatbank.ro\/lexikon\/wp-json\/wp\/v2\/types\/product"}],"replies":[{"embeddable":true,"href":"https:\/\/uj.adatbank.ro\/lexikon\/wp-json\/wp\/v2\/comments?post=20770"}],"wp:attachment":[{"href":"https:\/\/uj.adatbank.ro\/lexikon\/wp-json\/wp\/v2\/media?parent=20770"}],"wp:term":[{"taxonomy":"product_brand","embeddable":true,"href":"https:\/\/uj.adatbank.ro\/lexikon\/wp-json\/wp\/v2\/product_brand?post=20770"},{"taxonomy":"product_cat","embeddable":true,"href":"https:\/\/uj.adatbank.ro\/lexikon\/wp-json\/wp\/v2\/product_cat?post=20770"},{"taxonomy":"product_tag","embeddable":true,"href":"https:\/\/uj.adatbank.ro\/lexikon\/wp-json\/wp\/v2\/product_tag?post=20770"}],"curies":[{"name":"wp","href":"https:\/\/api.w.org\/{rel}","templated":true}]}}