{"id":20780,"date":"2025-07-22T19:01:22","date_gmt":"2025-07-22T17:01:22","guid":{"rendered":"https:\/\/uj.adatbank.ro\/lexikon\/termek\/stancaro-francesco\/"},"modified":"2025-07-22T19:01:22","modified_gmt":"2025-07-22T17:01:22","slug":"stancaro-francesco","status":"publish","type":"product","link":"https:\/\/uj.adatbank.ro\/lexikon\/termek\/stancaro-francesco\/","title":{"rendered":"STANCARO, Francesco"},"content":{"rendered":"<p>Mantova, 1501 \u2020? 1574: orvos, reform\u00e1tor. \u2013 Mv.-en a Kendi Antal h\u00e1z\u00e1ban sz\u00e1llt meg a mantovai sz\u00fclet\u00e9s\u0171 Francesco Stancaro szenth\u00e1roms\u00e1gtagad\u00f3 orvos \u00e9s reform\u00e1tor (1555 k\u00f6r\u00fcl). R\u00f6vid ideig itt orvosi gyakorlatot is folytatott. R\u00e9szt vett a V\u00e1rtemplomban tartott hitvit\u00e1n (1558), ahol levelet adott \u00e1t Izabella kir\u00e1lyn\u0151nek k\u00e9rve \u0151t \u00e9s a rendeket, hogy b\u00fcntess\u00e9k meg az igaz tudom\u00e1ny megront\u00f3it mint amilyen D\u00e1vid Ferenc, Heltai G\u00e1sp\u00e1r vagy Mathias Hebler. <br \/><strong>Irod.:<\/strong> Id\u0151t\u00e1r 1.<\/br><\/p>\n","protected":false},"excerpt":{"rendered":"<p>Mantova, 1501 \u2020? 1574: orvos, reform\u00e1tor. \u2013 Mv.-en a Kendi Antal h\u00e1z\u00e1ban sz\u00e1llt meg a mantovai sz\u00fclet\u00e9s\u0171 Francesco Stancaro szenth\u00e1roms\u00e1gtagad\u00f3 orvos \u00e9s reform\u00e1tor (1555 k\u00f6r\u00fcl). R\u00f6vid ideig itt orvosi gyakorlatot is folytatott. R\u00e9szt vett a V\u00e1rtemplomban tartott hitvit\u00e1n (1558), ahol levelet adott \u00e1t Izabella kir\u00e1lyn\u0151nek k\u00e9rve \u0151t \u00e9s a rendeket, hogy b\u00fcntess\u00e9k meg az igaz [&hellip;]<\/p>\n","protected":false},"featured_media":0,"comment_status":"open","ping_status":"closed","template":"","meta":[],"product_brand":[],"product_cat":[137],"product_tag":[],"class_list":{"0":"post-20780","1":"product","2":"type-product","3":"status-publish","5":"product_cat-maros-megyei-eletrajzi-lexikon","7":"first","8":"instock","9":"shipping-taxable","10":"product-type-simple"},"_links":{"self":[{"href":"https:\/\/uj.adatbank.ro\/lexikon\/wp-json\/wp\/v2\/product\/20780","targetHints":{"allow":["GET"]}}],"collection":[{"href":"https:\/\/uj.adatbank.ro\/lexikon\/wp-json\/wp\/v2\/product"}],"about":[{"href":"https:\/\/uj.adatbank.ro\/lexikon\/wp-json\/wp\/v2\/types\/product"}],"replies":[{"embeddable":true,"href":"https:\/\/uj.adatbank.ro\/lexikon\/wp-json\/wp\/v2\/comments?post=20780"}],"wp:attachment":[{"href":"https:\/\/uj.adatbank.ro\/lexikon\/wp-json\/wp\/v2\/media?parent=20780"}],"wp:term":[{"taxonomy":"product_brand","embeddable":true,"href":"https:\/\/uj.adatbank.ro\/lexikon\/wp-json\/wp\/v2\/product_brand?post=20780"},{"taxonomy":"product_cat","embeddable":true,"href":"https:\/\/uj.adatbank.ro\/lexikon\/wp-json\/wp\/v2\/product_cat?post=20780"},{"taxonomy":"product_tag","embeddable":true,"href":"https:\/\/uj.adatbank.ro\/lexikon\/wp-json\/wp\/v2\/product_tag?post=20780"}],"curies":[{"name":"wp","href":"https:\/\/api.w.org\/{rel}","templated":true}]}}