{"id":20790,"date":"2025-07-22T19:01:44","date_gmt":"2025-07-22T17:01:44","guid":{"rendered":"https:\/\/uj.adatbank.ro\/lexikon\/termek\/staudner-matyas-alnevei-vasarhelyi-matyas-csombordi\/"},"modified":"2025-07-22T19:01:44","modified_gmt":"2025-07-22T17:01:44","slug":"staudner-matyas-alnevei-vasarhelyi-matyas-csombordi","status":"publish","type":"product","link":"https:\/\/uj.adatbank.ro\/lexikon\/termek\/staudner-matyas-alnevei-vasarhelyi-matyas-csombordi\/","title":{"rendered":"STAUDNER M\u00e1ty\u00e1s; \u00c1lnevei: V\u00e1s\u00e1rhelyi M\u00e1ty\u00e1s, Csombordi"},"content":{"rendered":"<p>Mv., 1857. m\u00e1rc. 12., \u2020?: ref. lelk\u00e9sz. \u2013 Szolg\u00e1lt Csejden, Sz\u00e9kelyb\u0151ben (1887), \u00e9s Tomp\u00e1r\u00f3l szolg\u00e1lt be Csejdbe (1901\u201302 \u00e9s 1909-ben). \u00cdrt k\u00f6ltem\u00e9nyt a Budapestbe (1876), elbesz\u00e9l\u00e9seket az Eur\u00f3p\u00e1ba (1881. A kapit\u00e1ny \u00far aj\u00e1nlatai, V\u00e1rfoki Kl\u00e1ra, R\u00f3za napl\u00f3j\u00e1b\u00f3l); k\u00f6ltem\u00e9nyeket a Maros-Vid\u00e9kbe (1881\u201385), a K\u00e9pes Csal\u00e1di Lapokba (1882\u201383), a Bolond Ist\u00f3kba (1883), az Orsz\u00e1g-Vil\u00e1gba (1883) \u00e9s az Eml\u00e9kk\u00f6nyvbe (1883). \u2013 <strong>F. m.<\/strong>: K\u00f6ltem\u00e9nyek. (Mv., 1884.). <br \/><strong>Irod.:<\/strong> Csejd \u2013T\u00f3falva; Papp.-Szente; Szinnyei.<\/br><\/p>\n","protected":false},"excerpt":{"rendered":"<p>Mv., 1857. m\u00e1rc. 12., \u2020?: ref. lelk\u00e9sz. \u2013 Szolg\u00e1lt Csejden, Sz\u00e9kelyb\u0151ben (1887), \u00e9s Tomp\u00e1r\u00f3l szolg\u00e1lt be Csejdbe (1901\u201302 \u00e9s 1909-ben). \u00cdrt k\u00f6ltem\u00e9nyt a Budapestbe (1876), elbesz\u00e9l\u00e9seket az Eur\u00f3p\u00e1ba (1881. A kapit\u00e1ny \u00far aj\u00e1nlatai, V\u00e1rfoki Kl\u00e1ra, R\u00f3za napl\u00f3j\u00e1b\u00f3l); k\u00f6ltem\u00e9nyeket a Maros-Vid\u00e9kbe (1881\u201385), a K\u00e9pes Csal\u00e1di Lapokba (1882\u201383), a Bolond Ist\u00f3kba (1883), az Orsz\u00e1g-Vil\u00e1gba (1883) \u00e9s az [&hellip;]<\/p>\n","protected":false},"featured_media":0,"comment_status":"open","ping_status":"closed","template":"","meta":[],"product_brand":[],"product_cat":[137],"product_tag":[],"class_list":{"0":"post-20790","1":"product","2":"type-product","3":"status-publish","5":"product_cat-maros-megyei-eletrajzi-lexikon","7":"first","8":"instock","9":"shipping-taxable","10":"product-type-simple"},"_links":{"self":[{"href":"https:\/\/uj.adatbank.ro\/lexikon\/wp-json\/wp\/v2\/product\/20790","targetHints":{"allow":["GET"]}}],"collection":[{"href":"https:\/\/uj.adatbank.ro\/lexikon\/wp-json\/wp\/v2\/product"}],"about":[{"href":"https:\/\/uj.adatbank.ro\/lexikon\/wp-json\/wp\/v2\/types\/product"}],"replies":[{"embeddable":true,"href":"https:\/\/uj.adatbank.ro\/lexikon\/wp-json\/wp\/v2\/comments?post=20790"}],"wp:attachment":[{"href":"https:\/\/uj.adatbank.ro\/lexikon\/wp-json\/wp\/v2\/media?parent=20790"}],"wp:term":[{"taxonomy":"product_brand","embeddable":true,"href":"https:\/\/uj.adatbank.ro\/lexikon\/wp-json\/wp\/v2\/product_brand?post=20790"},{"taxonomy":"product_cat","embeddable":true,"href":"https:\/\/uj.adatbank.ro\/lexikon\/wp-json\/wp\/v2\/product_cat?post=20790"},{"taxonomy":"product_tag","embeddable":true,"href":"https:\/\/uj.adatbank.ro\/lexikon\/wp-json\/wp\/v2\/product_tag?post=20790"}],"curies":[{"name":"wp","href":"https:\/\/api.w.org\/{rel}","templated":true}]}}