{"id":20799,"date":"2025-07-22T19:02:06","date_gmt":"2025-07-22T17:02:06","guid":{"rendered":"https:\/\/uj.adatbank.ro\/lexikon\/termek\/stefko-janos\/"},"modified":"2025-07-22T19:02:06","modified_gmt":"2025-07-22T17:02:06","slug":"stefko-janos","status":"publish","type":"product","link":"https:\/\/uj.adatbank.ro\/lexikon\/termek\/stefko-janos\/","title":{"rendered":"STEFK\u00d3 J\u00e1nos"},"content":{"rendered":"<p>? \u2020?: h\u00e1ztulajdonos. \u2013 Katzer Jakab h\u00e1z\u00e1t v\u00e1s\u00e1rolta meg Mv.-en (1909). Itt m\u0171k\u00f6dtette s\u00fct\u00f6d\u00e9j\u00e9t \u00e9s lisztkeresked\u00e9s\u00e9t. A h\u00e1z csatorn\u00e1z\u00e1s\u00e1nak kivitelez\u0151i Becsey Antal \u00e9s T\u00f3th Jen\u0151 okleveles g\u00e9p\u00e9szm\u00e9rn\u00f6k\u00f6k (1910). A h\u00e1z Hoch Lajosn\u00e9 tulajdona (1919) <br \/><strong>Irod.:<\/strong><\/br><\/p>\n","protected":false},"excerpt":{"rendered":"<p>? \u2020?: h\u00e1ztulajdonos. \u2013 Katzer Jakab h\u00e1z\u00e1t v\u00e1s\u00e1rolta meg Mv.-en (1909). Itt m\u0171k\u00f6dtette s\u00fct\u00f6d\u00e9j\u00e9t \u00e9s lisztkeresked\u00e9s\u00e9t. A h\u00e1z csatorn\u00e1z\u00e1s\u00e1nak kivitelez\u0151i Becsey Antal \u00e9s T\u00f3th Jen\u0151 okleveles g\u00e9p\u00e9szm\u00e9rn\u00f6k\u00f6k (1910). A h\u00e1z Hoch Lajosn\u00e9 tulajdona (1919) Irod.:<\/p>\n","protected":false},"featured_media":0,"comment_status":"open","ping_status":"closed","template":"","meta":[],"product_brand":[],"product_cat":[137],"product_tag":[],"class_list":{"0":"post-20799","1":"product","2":"type-product","3":"status-publish","5":"product_cat-maros-megyei-eletrajzi-lexikon","7":"first","8":"instock","9":"shipping-taxable","10":"product-type-simple"},"_links":{"self":[{"href":"https:\/\/uj.adatbank.ro\/lexikon\/wp-json\/wp\/v2\/product\/20799","targetHints":{"allow":["GET"]}}],"collection":[{"href":"https:\/\/uj.adatbank.ro\/lexikon\/wp-json\/wp\/v2\/product"}],"about":[{"href":"https:\/\/uj.adatbank.ro\/lexikon\/wp-json\/wp\/v2\/types\/product"}],"replies":[{"embeddable":true,"href":"https:\/\/uj.adatbank.ro\/lexikon\/wp-json\/wp\/v2\/comments?post=20799"}],"wp:attachment":[{"href":"https:\/\/uj.adatbank.ro\/lexikon\/wp-json\/wp\/v2\/media?parent=20799"}],"wp:term":[{"taxonomy":"product_brand","embeddable":true,"href":"https:\/\/uj.adatbank.ro\/lexikon\/wp-json\/wp\/v2\/product_brand?post=20799"},{"taxonomy":"product_cat","embeddable":true,"href":"https:\/\/uj.adatbank.ro\/lexikon\/wp-json\/wp\/v2\/product_cat?post=20799"},{"taxonomy":"product_tag","embeddable":true,"href":"https:\/\/uj.adatbank.ro\/lexikon\/wp-json\/wp\/v2\/product_tag?post=20799"}],"curies":[{"name":"wp","href":"https:\/\/api.w.org\/{rel}","templated":true}]}}