{"id":20807,"date":"2025-07-22T19:02:24","date_gmt":"2025-07-22T17:02:24","guid":{"rendered":"https:\/\/uj.adatbank.ro\/lexikon\/termek\/steinburg-moritz-von\/"},"modified":"2025-07-22T19:02:24","modified_gmt":"2025-07-22T17:02:24","slug":"steinburg-moritz-von","status":"publish","type":"product","link":"https:\/\/uj.adatbank.ro\/lexikon\/termek\/steinburg-moritz-von\/","title":{"rendered":"STEINBURG Moritz von"},"content":{"rendered":"<p>K\u0151halom, 1836, \u2020?: tan\u00e1r. \u2013 Apja ad\u00f3ellen\u0151r. A k\u00f6z\u00e9piskol\u00e1t Brass\u00f3ban v\u00e9gezte, majd a B\u00e9csi Prot. Teol\u00f3giai Int\u00e9zetben tanult (1855\u201356), a J\u00e9nai Egy. Hittudom\u00e1nyi Kar\u00e1n volt hallgat\u00f3 (1856). Hazat\u00e9rve Segesv\u00e1ron a gimn.-ban \u00e9s a re\u00e1liskol\u00e1ban tan\u00edtott (1872\u201377). <br \/><strong>Irod.:<\/strong> Magyar f\u00f6ld, magyar faj (Bp., \u00e9.n.); A magyaro.-i k\u00f6z\u00e9piskol\u00e1kban 1850\u201355 megjelent \u00f6sszes programm\u00e9rtekez\u00e9seknek repert\u00f3riuma (Bp., 1887), Szab\u00f3\u2013Simon\u2013Sz\u00f6gi.<\/br><\/p>\n","protected":false},"excerpt":{"rendered":"<p>K\u0151halom, 1836, \u2020?: tan\u00e1r. \u2013 Apja ad\u00f3ellen\u0151r. A k\u00f6z\u00e9piskol\u00e1t Brass\u00f3ban v\u00e9gezte, majd a B\u00e9csi Prot. Teol\u00f3giai Int\u00e9zetben tanult (1855\u201356), a J\u00e9nai Egy. Hittudom\u00e1nyi Kar\u00e1n volt hallgat\u00f3 (1856). Hazat\u00e9rve Segesv\u00e1ron a gimn.-ban \u00e9s a re\u00e1liskol\u00e1ban tan\u00edtott (1872\u201377). Irod.: Magyar f\u00f6ld, magyar faj (Bp., \u00e9.n.); A magyaro.-i k\u00f6z\u00e9piskol\u00e1kban 1850\u201355 megjelent \u00f6sszes programm\u00e9rtekez\u00e9seknek repert\u00f3riuma (Bp., 1887), Szab\u00f3\u2013Simon\u2013Sz\u00f6gi.<\/p>\n","protected":false},"featured_media":0,"comment_status":"open","ping_status":"closed","template":"","meta":[],"product_brand":[],"product_cat":[137],"product_tag":[],"class_list":{"0":"post-20807","1":"product","2":"type-product","3":"status-publish","5":"product_cat-maros-megyei-eletrajzi-lexikon","7":"first","8":"instock","9":"shipping-taxable","10":"product-type-simple"},"_links":{"self":[{"href":"https:\/\/uj.adatbank.ro\/lexikon\/wp-json\/wp\/v2\/product\/20807","targetHints":{"allow":["GET"]}}],"collection":[{"href":"https:\/\/uj.adatbank.ro\/lexikon\/wp-json\/wp\/v2\/product"}],"about":[{"href":"https:\/\/uj.adatbank.ro\/lexikon\/wp-json\/wp\/v2\/types\/product"}],"replies":[{"embeddable":true,"href":"https:\/\/uj.adatbank.ro\/lexikon\/wp-json\/wp\/v2\/comments?post=20807"}],"wp:attachment":[{"href":"https:\/\/uj.adatbank.ro\/lexikon\/wp-json\/wp\/v2\/media?parent=20807"}],"wp:term":[{"taxonomy":"product_brand","embeddable":true,"href":"https:\/\/uj.adatbank.ro\/lexikon\/wp-json\/wp\/v2\/product_brand?post=20807"},{"taxonomy":"product_cat","embeddable":true,"href":"https:\/\/uj.adatbank.ro\/lexikon\/wp-json\/wp\/v2\/product_cat?post=20807"},{"taxonomy":"product_tag","embeddable":true,"href":"https:\/\/uj.adatbank.ro\/lexikon\/wp-json\/wp\/v2\/product_tag?post=20807"}],"curies":[{"name":"wp","href":"https:\/\/api.w.org\/{rel}","templated":true}]}}