{"id":20815,"date":"2025-07-22T19:02:43","date_gmt":"2025-07-22T17:02:43","guid":{"rendered":"https:\/\/uj.adatbank.ro\/lexikon\/termek\/steinmetz-marer-eva\/"},"modified":"2025-07-22T19:02:43","modified_gmt":"2025-07-22T17:02:43","slug":"steinmetz-marer-eva","status":"publish","type":"product","link":"https:\/\/uj.adatbank.ro\/lexikon\/termek\/steinmetz-marer-eva\/","title":{"rendered":"STEINMETZ M\u00c1RER \u00c9va"},"content":{"rendered":"<p>Arad, 1931., \u2020\u00a0Mv., 1976. szept. 5.: szakorvos. \u2013 M\u00e1rer K\u00e1roly \u00e9s Magda fia. F\u00e9rje: dr. Steinmetz J\u00f3zsef: Fi\u00fak: S. \u00c1d\u00e1m. \u2013 Az egyetemet a MOGYI-n v\u00e9gezte, itt gyakornok (1950\u2013), f\u0151orvos (1959), el\u0151ad\u00f3tan\u00e1r (1963), f\u0151orvos (1959), el\u0151ad\u00f3tan\u00e1r (1963\u2013). A fert\u0151z\u0151 betegs\u00e9gek szakorvosa, a mv.-i Fert\u0151z\u0151 Klinik\u00e1j\u00e1nak f\u0151orvosa. Hivat\u00e1sa \u00e1ldozatak\u00e9nt hunyt el. <br \/><strong>Irod.:<\/strong> Mv.-i zsid\u00f3 temet\u0151 dok.; Gy\u00e1szjelent\u0151; Kiss Cs.M.3.<\/br><\/p>\n","protected":false},"excerpt":{"rendered":"<p>Arad, 1931., \u2020\u00a0Mv., 1976. szept. 5.: szakorvos. \u2013 M\u00e1rer K\u00e1roly \u00e9s Magda fia. F\u00e9rje: dr. Steinmetz J\u00f3zsef: Fi\u00fak: S. \u00c1d\u00e1m. \u2013 Az egyetemet a MOGYI-n v\u00e9gezte, itt gyakornok (1950\u2013), f\u0151orvos (1959), el\u0151ad\u00f3tan\u00e1r (1963), f\u0151orvos (1959), el\u0151ad\u00f3tan\u00e1r (1963\u2013). A fert\u0151z\u0151 betegs\u00e9gek szakorvosa, a mv.-i Fert\u0151z\u0151 Klinik\u00e1j\u00e1nak f\u0151orvosa. Hivat\u00e1sa \u00e1ldozatak\u00e9nt hunyt el. Irod.: Mv.-i zsid\u00f3 temet\u0151 dok.; [&hellip;]<\/p>\n","protected":false},"featured_media":0,"comment_status":"open","ping_status":"closed","template":"","meta":[],"product_brand":[],"product_cat":[137],"product_tag":[],"class_list":{"0":"post-20815","1":"product","2":"type-product","3":"status-publish","5":"product_cat-maros-megyei-eletrajzi-lexikon","7":"first","8":"instock","9":"shipping-taxable","10":"product-type-simple"},"_links":{"self":[{"href":"https:\/\/uj.adatbank.ro\/lexikon\/wp-json\/wp\/v2\/product\/20815","targetHints":{"allow":["GET"]}}],"collection":[{"href":"https:\/\/uj.adatbank.ro\/lexikon\/wp-json\/wp\/v2\/product"}],"about":[{"href":"https:\/\/uj.adatbank.ro\/lexikon\/wp-json\/wp\/v2\/types\/product"}],"replies":[{"embeddable":true,"href":"https:\/\/uj.adatbank.ro\/lexikon\/wp-json\/wp\/v2\/comments?post=20815"}],"wp:attachment":[{"href":"https:\/\/uj.adatbank.ro\/lexikon\/wp-json\/wp\/v2\/media?parent=20815"}],"wp:term":[{"taxonomy":"product_brand","embeddable":true,"href":"https:\/\/uj.adatbank.ro\/lexikon\/wp-json\/wp\/v2\/product_brand?post=20815"},{"taxonomy":"product_cat","embeddable":true,"href":"https:\/\/uj.adatbank.ro\/lexikon\/wp-json\/wp\/v2\/product_cat?post=20815"},{"taxonomy":"product_tag","embeddable":true,"href":"https:\/\/uj.adatbank.ro\/lexikon\/wp-json\/wp\/v2\/product_tag?post=20815"}],"curies":[{"name":"wp","href":"https:\/\/api.w.org\/{rel}","templated":true}]}}