{"id":20821,"date":"2025-07-22T19:02:56","date_gmt":"2025-07-22T17:02:56","guid":{"rendered":"https:\/\/uj.adatbank.ro\/lexikon\/termek\/stephanus-de-vajdaszentivany\/"},"modified":"2025-07-22T19:02:56","modified_gmt":"2025-07-22T17:02:56","slug":"stephanus-de-vajdaszentivany","status":"publish","type":"product","link":"https:\/\/uj.adatbank.ro\/lexikon\/termek\/stephanus-de-vajdaszentivany\/","title":{"rendered":"STEPHANUS de Vajdaszentiv\u00e1ny"},"content":{"rendered":"<p>? \u2020?: a p\u00e1duai egyetemen tanult. <br \/><strong>Irod.:<\/strong> Veress Endre: Matricola et Acta Hungarorum in Universitatibus Italiae Studentinum. 1. k\u00f6t.: A P\u00e1duai egyetem magyarorsz\u00e1gi tanul\u00f3inak anyak\u00f6nyve \u00e9s iratai 1264\u20131864 (Kv., 1915\u201317).<\/br><\/p>\n","protected":false},"excerpt":{"rendered":"<p>? \u2020?: a p\u00e1duai egyetemen tanult. Irod.: Veress Endre: Matricola et Acta Hungarorum in Universitatibus Italiae Studentinum. 1. k\u00f6t.: A P\u00e1duai egyetem magyarorsz\u00e1gi tanul\u00f3inak anyak\u00f6nyve \u00e9s iratai 1264\u20131864 (Kv., 1915\u201317).<\/p>\n","protected":false},"featured_media":0,"comment_status":"open","ping_status":"closed","template":"","meta":[],"product_brand":[],"product_cat":[137],"product_tag":[],"class_list":{"0":"post-20821","1":"product","2":"type-product","3":"status-publish","5":"product_cat-maros-megyei-eletrajzi-lexikon","7":"first","8":"instock","9":"shipping-taxable","10":"product-type-simple"},"_links":{"self":[{"href":"https:\/\/uj.adatbank.ro\/lexikon\/wp-json\/wp\/v2\/product\/20821","targetHints":{"allow":["GET"]}}],"collection":[{"href":"https:\/\/uj.adatbank.ro\/lexikon\/wp-json\/wp\/v2\/product"}],"about":[{"href":"https:\/\/uj.adatbank.ro\/lexikon\/wp-json\/wp\/v2\/types\/product"}],"replies":[{"embeddable":true,"href":"https:\/\/uj.adatbank.ro\/lexikon\/wp-json\/wp\/v2\/comments?post=20821"}],"wp:attachment":[{"href":"https:\/\/uj.adatbank.ro\/lexikon\/wp-json\/wp\/v2\/media?parent=20821"}],"wp:term":[{"taxonomy":"product_brand","embeddable":true,"href":"https:\/\/uj.adatbank.ro\/lexikon\/wp-json\/wp\/v2\/product_brand?post=20821"},{"taxonomy":"product_cat","embeddable":true,"href":"https:\/\/uj.adatbank.ro\/lexikon\/wp-json\/wp\/v2\/product_cat?post=20821"},{"taxonomy":"product_tag","embeddable":true,"href":"https:\/\/uj.adatbank.ro\/lexikon\/wp-json\/wp\/v2\/product_tag?post=20821"}],"curies":[{"name":"wp","href":"https:\/\/api.w.org\/{rel}","templated":true}]}}