{"id":20840,"date":"2025-07-22T19:03:39","date_gmt":"2025-07-22T17:03:39","guid":{"rendered":"https:\/\/uj.adatbank.ro\/lexikon\/termek\/stift-carol-stieft-karol-stiff\/"},"modified":"2025-07-22T19:03:39","modified_gmt":"2025-07-22T17:03:39","slug":"stift-carol-stieft-karol-stiff","status":"publish","type":"product","link":"https:\/\/uj.adatbank.ro\/lexikon\/termek\/stift-carol-stieft-karol-stiff\/","title":{"rendered":"STIFT Carol, Stieft Karol, Stiff"},"content":{"rendered":"<p>? \u2020?: igazgat\u00f3. \u2013 A mv.-i Robot ill. a Minszi Lajos \u00fczem igazgat\u00f3ja (1951\u2013), a MAT Vad\u00e1sz T\u00e1rsas\u00e1g mv.-i fi\u00f3kj\u00e1nak vezet\u0151s\u00e9gi tagja, amelynek eln\u00f6ke F\u00fcl\u00f6p Iosif \/ J\u00f3zsef, a mv.-i N\u00e9ptan\u00e1cs k\u00e1der oszt.-nak f\u0151n\u00f6ke \u00e9s szak titk\u00e1ra Jenei Eugen \/Jen\u0151. A mv.-i El\u0151re lap leleplez\u0151 cikket k\u00f6z\u00f6lt (1952. j\u00fal. 4.), az \u00fczembe bef\u00e9rk\u0151z\u00f6tt ellens\u00e9ges, burzsuj elemek l\u00e9t\u00e9r\u0151l, akiket megt\u0171rt, mint igazgat\u00f3, de a k\u00e1deres Bamb\u00f3 Grigore \u00e9s a p\u00e1rttitk\u00e1r Kov\u00e1cs Arcadiu is. <br \/><strong>Irod.:<\/strong> Bartos 2012.<\/br><\/p>\n","protected":false},"excerpt":{"rendered":"<p>? \u2020?: igazgat\u00f3. \u2013 A mv.-i Robot ill. a Minszi Lajos \u00fczem igazgat\u00f3ja (1951\u2013), a MAT Vad\u00e1sz T\u00e1rsas\u00e1g mv.-i fi\u00f3kj\u00e1nak vezet\u0151s\u00e9gi tagja, amelynek eln\u00f6ke F\u00fcl\u00f6p Iosif \/ J\u00f3zsef, a mv.-i N\u00e9ptan\u00e1cs k\u00e1der oszt.-nak f\u0151n\u00f6ke \u00e9s szak titk\u00e1ra Jenei Eugen \/Jen\u0151. A mv.-i El\u0151re lap leleplez\u0151 cikket k\u00f6z\u00f6lt (1952. j\u00fal. 4.), az \u00fczembe bef\u00e9rk\u0151z\u00f6tt ellens\u00e9ges, burzsuj [&hellip;]<\/p>\n","protected":false},"featured_media":0,"comment_status":"open","ping_status":"closed","template":"","meta":[],"product_brand":[],"product_cat":[137],"product_tag":[],"class_list":{"0":"post-20840","1":"product","2":"type-product","3":"status-publish","5":"product_cat-maros-megyei-eletrajzi-lexikon","7":"first","8":"instock","9":"shipping-taxable","10":"product-type-simple"},"_links":{"self":[{"href":"https:\/\/uj.adatbank.ro\/lexikon\/wp-json\/wp\/v2\/product\/20840","targetHints":{"allow":["GET"]}}],"collection":[{"href":"https:\/\/uj.adatbank.ro\/lexikon\/wp-json\/wp\/v2\/product"}],"about":[{"href":"https:\/\/uj.adatbank.ro\/lexikon\/wp-json\/wp\/v2\/types\/product"}],"replies":[{"embeddable":true,"href":"https:\/\/uj.adatbank.ro\/lexikon\/wp-json\/wp\/v2\/comments?post=20840"}],"wp:attachment":[{"href":"https:\/\/uj.adatbank.ro\/lexikon\/wp-json\/wp\/v2\/media?parent=20840"}],"wp:term":[{"taxonomy":"product_brand","embeddable":true,"href":"https:\/\/uj.adatbank.ro\/lexikon\/wp-json\/wp\/v2\/product_brand?post=20840"},{"taxonomy":"product_cat","embeddable":true,"href":"https:\/\/uj.adatbank.ro\/lexikon\/wp-json\/wp\/v2\/product_cat?post=20840"},{"taxonomy":"product_tag","embeddable":true,"href":"https:\/\/uj.adatbank.ro\/lexikon\/wp-json\/wp\/v2\/product_tag?post=20840"}],"curies":[{"name":"wp","href":"https:\/\/api.w.org\/{rel}","templated":true}]}}