{"id":20853,"date":"2025-07-22T19:04:09","date_gmt":"2025-07-22T17:04:09","guid":{"rendered":"https:\/\/uj.adatbank.ro\/lexikon\/termek\/stoica-gheorghe-%c2%a7-alnevei-george-freamat-horia-almasu-george-alecu\/"},"modified":"2025-07-22T19:04:09","modified_gmt":"2025-07-22T17:04:09","slug":"stoica-gheorghe-%c2%a7-alnevei-george-freamat-horia-almasu-george-alecu","status":"publish","type":"product","link":"https:\/\/uj.adatbank.ro\/lexikon\/termek\/stoica-gheorghe-%c2%a7-alnevei-george-freamat-horia-almasu-george-alecu\/","title":{"rendered":"STOICA, Gheorghe, \u00a7 \u00e1lnevei: George Fream\u0103t, Horia Alma\u015fu, George Alecu"},"content":{"rendered":"<p>Petele, 1912. j\u00fan. 21., \u2020 1987. febr. 22.: \u00fajs\u00e1g\u00edr\u00f3, egyetemi tan\u00e1r. \u2013 Sz\u00fcl\u0151faluj\u00e1ban kezdte az iskolai tanulm\u00e1nyait, majd Mv.-en, Nagyv\u00e1radon tanult, Kv.-on v\u00e9gezte a kereskedelmi akad. (1937). Kezdetben kv.-i k\u00f6z\u00e9piskol\u00e1kban tan\u00edtott, majd tan\u00e1rseg\u00e9d a Kereskedelmi Akad. (1940\u2013).A II. vh. idej\u00e9n riporter volt az erd\u00e9lyi fronton, az 1944\u201345-\u00f6s harci \u00e9lm\u00e9nyeir\u0151l \u00edrt a Carnet de front c. k\u00f6tet\u00e9ben. Megv\u00e9dte doktori t\u00e9zis\u00e9t: Actualitatea \u015fi perspectivele sistemului capitalist (1948). Egyetemi el\u0151ad\u00f3tan\u00e1r a Brass\u00f3ban (1948\u201350), majd itt tan\u00edtott k\u00f6z\u00e9piskol\u00e1kban (1950\u201365). Ia\u015fi-i Al. I. Cuza egyetemen m\u0171k\u00f6d\u00f6tt tan\u00e1rseg\u00e9d (1965\u201369) \u00e9s el\u0151ad\u00f3tan\u00e1r (1962\u201372), egyetemi karrierj\u00e9t a szebeni egyetem K\u00f6zgazdas\u00e1gi Kar\u00e1n folytatta nyugd\u00edjaz\u00e1s\u00e1ig (1972\u201377). Felel\u0151s szerkeszt\u0151je a kv.-i Tribuna c. foly\u00f3iratnak (1938\u201340), amit Brass\u00f3ba k\u00f6lt\u00f6ztettek (1940\u2013), sz\u00e1mtalan cikket, tanulm\u00e1nyt k\u00f6z\u00f6lt az erd\u00e9lyi rom\u00e1n lapokban gyakran George Fream\u0103t n\u00e9ven. Szebenben a Transilvania foly\u00f3irat munkat\u00e1rsa (1972\u2013). A k\u00e9t vh. k\u00f6z\u00f6tti \u00fajs\u00e1g\u00edr\u00e1s t\u00f6rt\u00e9net\u00e9t tanulm\u00e1nyozta a szebeni ASTRA k\u00f6nyvt\u00e1rban \u00e9s befejezte f\u0151 m\u0171v\u00e9t az Ag\u00e2rbiceanu la \u201eTribuna\u201d \u2013 Cluj, 1938\u20131940 c. k\u00f6tet\u00e9t (1985), de akkor nem adt\u00e1k ki. \u2013 <strong>F. m.<\/strong>: Actualitatea \u015fi perspectivele sistemului capitalist (Sighi\u015foara, 1948); Carnet de front (Cluj, 1974); Ag\u00e2rbiceanu la \u201eTribuna\u201d \u2013 Cluj, 1938\u20131940 (2003). <br \/><strong>Irod.:<\/strong> Predescu; Stoica, George R\u0103zvan: Ag\u00e2rbiceanu la \u201eTribuna\u201d \u2013 Cluj, 1938\u20131940 (Tribuna documenta, nr. 1., 2004).<\/br><\/p>\n","protected":false},"excerpt":{"rendered":"<p>Petele, 1912. j\u00fan. 21., \u2020 1987. febr. 22.: \u00fajs\u00e1g\u00edr\u00f3, egyetemi tan\u00e1r. \u2013 Sz\u00fcl\u0151faluj\u00e1ban kezdte az iskolai tanulm\u00e1nyait, majd Mv.-en, Nagyv\u00e1radon tanult, Kv.-on v\u00e9gezte a kereskedelmi akad. (1937). Kezdetben kv.-i k\u00f6z\u00e9piskol\u00e1kban tan\u00edtott, majd tan\u00e1rseg\u00e9d a Kereskedelmi Akad. (1940\u2013).A II. vh. idej\u00e9n riporter volt az erd\u00e9lyi fronton, az 1944\u201345-\u00f6s harci \u00e9lm\u00e9nyeir\u0151l \u00edrt a Carnet de front c. [&hellip;]<\/p>\n","protected":false},"featured_media":0,"comment_status":"open","ping_status":"closed","template":"","meta":[],"product_brand":[],"product_cat":[137],"product_tag":[],"class_list":{"0":"post-20853","1":"product","2":"type-product","3":"status-publish","5":"product_cat-maros-megyei-eletrajzi-lexikon","7":"first","8":"instock","9":"shipping-taxable","10":"product-type-simple"},"_links":{"self":[{"href":"https:\/\/uj.adatbank.ro\/lexikon\/wp-json\/wp\/v2\/product\/20853","targetHints":{"allow":["GET"]}}],"collection":[{"href":"https:\/\/uj.adatbank.ro\/lexikon\/wp-json\/wp\/v2\/product"}],"about":[{"href":"https:\/\/uj.adatbank.ro\/lexikon\/wp-json\/wp\/v2\/types\/product"}],"replies":[{"embeddable":true,"href":"https:\/\/uj.adatbank.ro\/lexikon\/wp-json\/wp\/v2\/comments?post=20853"}],"wp:attachment":[{"href":"https:\/\/uj.adatbank.ro\/lexikon\/wp-json\/wp\/v2\/media?parent=20853"}],"wp:term":[{"taxonomy":"product_brand","embeddable":true,"href":"https:\/\/uj.adatbank.ro\/lexikon\/wp-json\/wp\/v2\/product_brand?post=20853"},{"taxonomy":"product_cat","embeddable":true,"href":"https:\/\/uj.adatbank.ro\/lexikon\/wp-json\/wp\/v2\/product_cat?post=20853"},{"taxonomy":"product_tag","embeddable":true,"href":"https:\/\/uj.adatbank.ro\/lexikon\/wp-json\/wp\/v2\/product_tag?post=20853"}],"curies":[{"name":"wp","href":"https:\/\/api.w.org\/{rel}","templated":true}]}}